{"id":631238,"date":"2025-04-14T17:33:11","date_gmt":"2025-04-14T17:33:11","guid":{"rendered":"https:\/\/aukinkochile.com\/web\/producto\/mosaico-mandala-20-pz\/"},"modified":"2025-04-14T17:36:32","modified_gmt":"2025-04-14T17:36:32","slug":"mosaico-mandala-20-pz","status":"publish","type":"product","link":"https:\/\/aukinkochile.com\/web\/producto\/mosaico-mandala-20-pz\/","title":{"rendered":"Mosaico M\u00e1ndala 20 pz"},"content":{"rendered":"<p>Un gran tablero en forma de flor con agujeros y bandejas para mantener las clavijas; con estas puedes crear m\u00e1ndalas multicolores ilimitados.\u00a0El contenedor tiene una parte central donde se pueden poner las clavijas mezcladas, y bandejas laterales para cada uno de los seis colores.\u00a0De esa forma siempre podr\u00e1s tenerlos a mano mientras haces tu m\u00e1ndala.\u00a0Cualquiera puede hacer grandes m\u00e1ndalas con las seis tarjetas de patrones incluidas, lo que garantiza horas de diversi\u00f3n.\u00a0No solo eso, sino que esta actividad puede relajar la mente, mejorar la concentraci\u00f3n y estimular la percepci\u00f3n del color en los ni\u00f1os. Incluye: 6 tarjetas de patr\u00f3n, 1 contenedor de clavijas, 1 tablero de clavijas en forma de margarita, 200 clavijas violetas 5 mm de di\u00e1metro, 300 clavijas violetas 5 mm de di\u00e1metro, 200 clavijas rojas 5 mm de di\u00e1metro, 150 clavijas naranjas 5 mm de di\u00e1metro, 200 clavijas amarillas 5 mm de di\u00e1metro, 150 clavijas blancas 5 mm de di\u00e1metro.<\/p>\n<p><p><strong>Material : <\/strong> Pl\u00e1stico<\/p>\n<p><strong>C\u00f3digo Aukinko : <\/strong> 07-52101<\/p>\n<p><strong>C\u00f3digo Convenio Marco : <\/strong> <\/p>\n","protected":false},"excerpt":{"rendered":"<p>Un gran tablero en forma de flor con agujeros y bandejas para mantener las clavijas; con estas puedes crear m\u00e1ndalas multicolores ilimitados.\u00a0El contenedor tiene una parte central donde se pueden poner las clavijas mezcladas, y bandejas laterales para cada uno de los seis colores.\u00a0De esa forma siempre podr\u00e1s tenerlos a mano mientras haces tu m\u00e1ndala.\u00a0Cualquiera [&hellip;]<\/p>\n","protected":false},"featured_media":626399,"comment_status":"open","ping_status":"closed","template":"","meta":{"_et_pb_use_builder":"","_et_pb_old_content":"","_et_gb_content_width":""},"product_brand":[],"product_cat":[21,19,20],"product_tag":[],"class_list":{"0":"post-631238","1":"product","2":"type-product","3":"status-publish","4":"has-post-thumbnail","6":"product_cat-arte-y-manipulacion","7":"product_cat-construccion","8":"product_cat-motricidad-fina","9":"pa_edad-10-anos","10":"pa_edad-5-a-6-anos","11":"pa_edad-6-a-8-anos","12":"pa_edad-8-a-10-anos","13":"pa_marca-quercetti","14":"pa_medidas-28-x-7-x-28-cm","16":"first","17":"instock","18":"shipping-taxable","19":"purchasable","20":"product-type-simple"},"aioseo_notices":[],"_links":{"self":[{"href":"https:\/\/aukinkochile.com\/web\/wp-json\/wp\/v2\/product\/631238","targetHints":{"allow":["GET"]}}],"collection":[{"href":"https:\/\/aukinkochile.com\/web\/wp-json\/wp\/v2\/product"}],"about":[{"href":"https:\/\/aukinkochile.com\/web\/wp-json\/wp\/v2\/types\/product"}],"replies":[{"embeddable":true,"href":"https:\/\/aukinkochile.com\/web\/wp-json\/wp\/v2\/comments?post=631238"}],"wp:featuredmedia":[{"embeddable":true,"href":"https:\/\/aukinkochile.com\/web\/wp-json\/wp\/v2\/media\/626399"}],"wp:attachment":[{"href":"https:\/\/aukinkochile.com\/web\/wp-json\/wp\/v2\/media?parent=631238"}],"wp:term":[{"taxonomy":"product_brand","embeddable":true,"href":"https:\/\/aukinkochile.com\/web\/wp-json\/wp\/v2\/product_brand?post=631238"},{"taxonomy":"product_cat","embeddable":true,"href":"https:\/\/aukinkochile.com\/web\/wp-json\/wp\/v2\/product_cat?post=631238"},{"taxonomy":"product_tag","embeddable":true,"href":"https:\/\/aukinkochile.com\/web\/wp-json\/wp\/v2\/product_tag?post=631238"}],"curies":[{"name":"wp","href":"https:\/\/api.w.org\/{rel}","templated":true}]}}