{"id":631228,"date":"2025-04-14T17:32:52","date_gmt":"2025-04-14T17:32:52","guid":{"rendered":"https:\/\/aukinkochile.com\/web\/producto\/juego-caras-animales-puzle\/"},"modified":"2025-04-14T17:35:47","modified_gmt":"2025-04-14T17:35:47","slug":"juego-caras-animales-puzle","status":"publish","type":"product","link":"https:\/\/aukinkochile.com\/web\/producto\/juego-caras-animales-puzle\/","title":{"rendered":"Juego Caras Animales Puzle"},"content":{"rendered":"<p>Un juego completamente nuevo para desarrollar la percepci\u00f3n visual de los m\u00e1s peque\u00f1os. El juego incluye muchas caras de animales para reconocer y luego mezclar en infinitas variaciones para una diversi\u00f3n sin fin. Los animales completos ayudar\u00e1n a ni\u00f1os y ni\u00f1as con el aprendizaje, y las caras de animales mixtas desarrollar\u00e1n la imaginaci\u00f3n del ni\u00f1o. Incluye 1 tarjeta b\u00e1sica ilustrada de cart\u00f3n de doble cara, 6 rompecabezas perforados e ilustrados de doble cara, 1 base de pl\u00e1stico, 4 pines para fijar la tarjeta base. Fabricado en material suave y resistente.<\/p>\n<p><p><strong>Material : <\/strong> Pl\u00e1stico y Cart\u00f3n<\/p>\n<p><strong>C\u00f3digo Aukinko : <\/strong> 07-50322<\/p>\n<p><strong>C\u00f3digo Convenio Marco : <\/strong> <\/p>\n","protected":false},"excerpt":{"rendered":"<p>Un juego completamente nuevo para desarrollar la percepci\u00f3n visual de los m\u00e1s peque\u00f1os. El juego incluye muchas caras de animales para reconocer y luego mezclar en infinitas variaciones para una diversi\u00f3n sin fin. Los animales completos ayudar\u00e1n a ni\u00f1os y ni\u00f1as con el aprendizaje, y las caras de animales mixtas desarrollar\u00e1n la imaginaci\u00f3n del ni\u00f1o. [&hellip;]<\/p>\n","protected":false},"featured_media":631227,"comment_status":"open","ping_status":"closed","template":"","meta":{"_et_pb_use_builder":"","_et_pb_old_content":"","_et_gb_content_width":""},"product_brand":[],"product_cat":[91,22],"product_tag":[],"class_list":{"0":"post-631228","1":"product","2":"type-product","3":"status-publish","4":"has-post-thumbnail","6":"product_cat-accesorios-sala","7":"product_cat-puzzles","8":"pa_edad-3-a-4-anos","9":"pa_edad-4-a-5-anos","10":"pa_edad-5-a-6-anos","11":"pa_edad-6-a-8-anos","12":"pa_edad-8-a-10-anos","13":"pa_marca-quercetti","14":"pa_medidas-30-x-30-x-7-cm","16":"first","17":"instock","18":"shipping-taxable","19":"purchasable","20":"product-type-simple"},"aioseo_notices":[],"_links":{"self":[{"href":"https:\/\/aukinkochile.com\/web\/wp-json\/wp\/v2\/product\/631228","targetHints":{"allow":["GET"]}}],"collection":[{"href":"https:\/\/aukinkochile.com\/web\/wp-json\/wp\/v2\/product"}],"about":[{"href":"https:\/\/aukinkochile.com\/web\/wp-json\/wp\/v2\/types\/product"}],"replies":[{"embeddable":true,"href":"https:\/\/aukinkochile.com\/web\/wp-json\/wp\/v2\/comments?post=631228"}],"wp:featuredmedia":[{"embeddable":true,"href":"https:\/\/aukinkochile.com\/web\/wp-json\/wp\/v2\/media\/631227"}],"wp:attachment":[{"href":"https:\/\/aukinkochile.com\/web\/wp-json\/wp\/v2\/media?parent=631228"}],"wp:term":[{"taxonomy":"product_brand","embeddable":true,"href":"https:\/\/aukinkochile.com\/web\/wp-json\/wp\/v2\/product_brand?post=631228"},{"taxonomy":"product_cat","embeddable":true,"href":"https:\/\/aukinkochile.com\/web\/wp-json\/wp\/v2\/product_cat?post=631228"},{"taxonomy":"product_tag","embeddable":true,"href":"https:\/\/aukinkochile.com\/web\/wp-json\/wp\/v2\/product_tag?post=631228"}],"curies":[{"name":"wp","href":"https:\/\/api.w.org\/{rel}","templated":true}]}}