{"id":631176,"date":"2025-03-31T17:54:02","date_gmt":"2025-03-31T17:54:02","guid":{"rendered":"https:\/\/aukinkochile.com\/web\/producto\/juego-ranas-saltarinas-con-mat\/"},"modified":"2025-03-31T17:54:04","modified_gmt":"2025-03-31T17:54:04","slug":"juego-ranas-saltarinas-con-mat","status":"publish","type":"product","link":"https:\/\/aukinkochile.com\/web\/producto\/juego-ranas-saltarinas-con-mat\/","title":{"rendered":"Juego Ranas Saltarinas con Mat"},"content":{"rendered":"<p>Juego de ranas. Balde con 16 ranitas saltarinas mas un mat de juego de 1 mt x 1 mt. De material pl\u00e1stico, irrompible, seguros y de colores fuertes y brillantes.<\/p>\n<p><p><strong>Material : <\/strong> Pl\u00e1stico Resistente<\/p>\n<p><strong>C\u00f3digo Aukinko : <\/strong> 06-181104<\/p>\n<p><strong>C\u00f3digo Convenio Marco : <\/strong> x<\/p>\n","protected":false},"excerpt":{"rendered":"<p>Juego de ranas. Balde con 16 ranitas saltarinas mas un mat de juego de 1 mt x 1 mt. De material pl\u00e1stico, irrompible, seguros y de colores fuertes y brillantes. Material : Pl\u00e1stico Resistente C\u00f3digo Aukinko : 06-181104 C\u00f3digo Convenio Marco : x<\/p>\n","protected":false},"featured_media":631078,"comment_status":"open","ping_status":"closed","template":"","meta":{"_et_pb_use_builder":"","_et_pb_old_content":"","_et_gb_content_width":""},"product_brand":[],"product_cat":[149,20],"product_tag":[],"class_list":{"0":"post-631176","1":"product","2":"type-product","3":"status-publish","4":"has-post-thumbnail","6":"product_cat-juegos-de-mesa","7":"product_cat-motricidad-fina","8":"pa_edad-10-anos","9":"pa_edad-3-a-4-anos","10":"pa_edad-4-a-5-anos","11":"pa_edad-5-a-6-anos","12":"pa_edad-6-a-8-anos","13":"pa_edad-8-a-10-anos","14":"pa_marca-viking","15":"pa_medidas-10-x-14-cm-diametro-tonel","17":"first","18":"instock","19":"shipping-taxable","20":"purchasable","21":"product-type-simple"},"aioseo_notices":[],"_links":{"self":[{"href":"https:\/\/aukinkochile.com\/web\/wp-json\/wp\/v2\/product\/631176","targetHints":{"allow":["GET"]}}],"collection":[{"href":"https:\/\/aukinkochile.com\/web\/wp-json\/wp\/v2\/product"}],"about":[{"href":"https:\/\/aukinkochile.com\/web\/wp-json\/wp\/v2\/types\/product"}],"replies":[{"embeddable":true,"href":"https:\/\/aukinkochile.com\/web\/wp-json\/wp\/v2\/comments?post=631176"}],"wp:featuredmedia":[{"embeddable":true,"href":"https:\/\/aukinkochile.com\/web\/wp-json\/wp\/v2\/media\/631078"}],"wp:attachment":[{"href":"https:\/\/aukinkochile.com\/web\/wp-json\/wp\/v2\/media?parent=631176"}],"wp:term":[{"taxonomy":"product_brand","embeddable":true,"href":"https:\/\/aukinkochile.com\/web\/wp-json\/wp\/v2\/product_brand?post=631176"},{"taxonomy":"product_cat","embeddable":true,"href":"https:\/\/aukinkochile.com\/web\/wp-json\/wp\/v2\/product_cat?post=631176"},{"taxonomy":"product_tag","embeddable":true,"href":"https:\/\/aukinkochile.com\/web\/wp-json\/wp\/v2\/product_tag?post=631176"}],"curies":[{"name":"wp","href":"https:\/\/api.w.org\/{rel}","templated":true}]}}