{"id":630811,"date":"2025-01-28T14:33:20","date_gmt":"2025-01-28T14:33:20","guid":{"rendered":"https:\/\/aukinkochile.com\/web\/producto\/juego-de-mesa-memory-1-tablero-12-modelos\/"},"modified":"2025-01-28T14:33:22","modified_gmt":"2025-01-28T14:33:22","slug":"juego-de-mesa-memory-1-tablero-12-modelos","status":"publish","type":"product","link":"https:\/\/aukinkochile.com\/web\/producto\/juego-de-mesa-memory-1-tablero-12-modelos\/","title":{"rendered":"Juego de Mesa Memory 1 Tablero 12 Modelos"},"content":{"rendered":"<p>Juego de emparejar que ayuda a ejercitar la memoria favoreciendo la adquisici\u00f3n de vocabulario y conocimientos de una manera divertida. Incluye 1 tableros mas 12 actividades. 33 x 33,5 cm tablero.<\/p>\n<p><p><strong>Material : <\/strong> Pl\u00e1stico<\/p>\n<p><strong>C\u00f3digo Aukinko : <\/strong> 12-231920<\/p>\n<p><strong>C\u00f3digo Convenio Marco : <\/strong> X<\/p>\n","protected":false},"excerpt":{"rendered":"<p>Juego de emparejar que ayuda a ejercitar la memoria favoreciendo la adquisici\u00f3n de vocabulario y conocimientos de una manera divertida. Incluye 1 tableros mas 12 actividades. 33 x 33,5 cm tablero. Material : Pl\u00e1stico C\u00f3digo Aukinko : 12-231920 C\u00f3digo Convenio Marco : X<\/p>\n","protected":false},"featured_media":623213,"comment_status":"open","ping_status":"closed","template":"","meta":{"_et_pb_use_builder":"","_et_pb_old_content":"","_et_gb_content_width":""},"product_brand":[],"product_cat":[150,149],"product_tag":[],"class_list":{"0":"post-630811","1":"product","2":"type-product","3":"status-publish","4":"has-post-thumbnail","6":"product_cat-asociacion-y-logica","7":"product_cat-juegos-de-mesa","8":"pa_edad-3-a-4-anos","9":"pa_edad-4-a-5-anos","10":"pa_edad-5-a-6-anos","11":"pa_marca-miniland","12":"pa_medidas-33-x-33","13":"pa_medidas-5-cm-tablero","15":"first","16":"instock","17":"sale","18":"shipping-taxable","19":"purchasable","20":"product-type-simple"},"aioseo_notices":[],"_links":{"self":[{"href":"https:\/\/aukinkochile.com\/web\/wp-json\/wp\/v2\/product\/630811","targetHints":{"allow":["GET"]}}],"collection":[{"href":"https:\/\/aukinkochile.com\/web\/wp-json\/wp\/v2\/product"}],"about":[{"href":"https:\/\/aukinkochile.com\/web\/wp-json\/wp\/v2\/types\/product"}],"replies":[{"embeddable":true,"href":"https:\/\/aukinkochile.com\/web\/wp-json\/wp\/v2\/comments?post=630811"}],"wp:featuredmedia":[{"embeddable":true,"href":"https:\/\/aukinkochile.com\/web\/wp-json\/wp\/v2\/media\/623213"}],"wp:attachment":[{"href":"https:\/\/aukinkochile.com\/web\/wp-json\/wp\/v2\/media?parent=630811"}],"wp:term":[{"taxonomy":"product_brand","embeddable":true,"href":"https:\/\/aukinkochile.com\/web\/wp-json\/wp\/v2\/product_brand?post=630811"},{"taxonomy":"product_cat","embeddable":true,"href":"https:\/\/aukinkochile.com\/web\/wp-json\/wp\/v2\/product_cat?post=630811"},{"taxonomy":"product_tag","embeddable":true,"href":"https:\/\/aukinkochile.com\/web\/wp-json\/wp\/v2\/product_tag?post=630811"}],"curies":[{"name":"wp","href":"https:\/\/api.w.org\/{rel}","templated":true}]}}