{"id":630729,"date":"2024-12-26T14:55:42","date_gmt":"2024-12-26T14:55:42","guid":{"rendered":"https:\/\/aukinkochile.com\/web\/producto\/encaje-hilos-flexibles-colores\/"},"modified":"2024-12-26T14:57:34","modified_gmt":"2024-12-26T14:57:34","slug":"encaje-hilos-flexibles-colores","status":"publish","type":"product","link":"https:\/\/aukinkochile.com\/web\/producto\/encaje-hilos-flexibles-colores\/","title":{"rendered":"Encaje Hilos Flexibles Colores"},"content":{"rendered":"<p>Estos hermosos hilos flexibles que se retuercen y giran seg\u00fan los deseos de los ni\u00f1os y ni\u00f1as son ideales para el desarrollo de la motricidad fina de los m\u00e1s peque\u00f1os. Se unen entre s\u00ed y se pueden tejer para formar estructuras complejas. Ideales para la motricidad fina y la destreza, el reconocimiento de colores y el desarrollo cognitivo. \u00a1Un juguete ideal para el desarrollo infantil! Fabricado en material suave y resistente.<\/p>\n<p><p><strong>Material : <\/strong> Goma<\/p>\n<p><strong>C\u00f3digo Aukinko : <\/strong> 18-5929010<\/p>\n<p><strong>C\u00f3digo Convenio Marco : <\/strong> x<\/p>\n","protected":false},"excerpt":{"rendered":"<p>Estos hermosos hilos flexibles que se retuercen y giran seg\u00fan los deseos de los ni\u00f1os y ni\u00f1as son ideales para el desarrollo de la motricidad fina de los m\u00e1s peque\u00f1os. Se unen entre s\u00ed y se pueden tejer para formar estructuras complejas. Ideales para la motricidad fina y la destreza, el reconocimiento de colores y [&hellip;]<\/p>\n","protected":false},"featured_media":630728,"comment_status":"open","ping_status":"closed","template":"","meta":{"_et_pb_use_builder":"","_et_pb_old_content":"","_et_gb_content_width":""},"product_brand":[],"product_cat":[20],"product_tag":[],"class_list":{"0":"post-630729","1":"product","2":"type-product","3":"status-publish","4":"has-post-thumbnail","6":"product_cat-motricidad-fina","7":"pa_edad-1-a-2-anos","8":"pa_edad-2-a-3-anos","9":"pa_edad-3-a-4-anos","10":"pa_marca-edushape","11":"pa_medidas-10-cm","13":"first","14":"instock","15":"shipping-taxable","16":"purchasable","17":"product-type-simple"},"aioseo_notices":[],"_links":{"self":[{"href":"https:\/\/aukinkochile.com\/web\/wp-json\/wp\/v2\/product\/630729","targetHints":{"allow":["GET"]}}],"collection":[{"href":"https:\/\/aukinkochile.com\/web\/wp-json\/wp\/v2\/product"}],"about":[{"href":"https:\/\/aukinkochile.com\/web\/wp-json\/wp\/v2\/types\/product"}],"replies":[{"embeddable":true,"href":"https:\/\/aukinkochile.com\/web\/wp-json\/wp\/v2\/comments?post=630729"}],"wp:featuredmedia":[{"embeddable":true,"href":"https:\/\/aukinkochile.com\/web\/wp-json\/wp\/v2\/media\/630728"}],"wp:attachment":[{"href":"https:\/\/aukinkochile.com\/web\/wp-json\/wp\/v2\/media?parent=630729"}],"wp:term":[{"taxonomy":"product_brand","embeddable":true,"href":"https:\/\/aukinkochile.com\/web\/wp-json\/wp\/v2\/product_brand?post=630729"},{"taxonomy":"product_cat","embeddable":true,"href":"https:\/\/aukinkochile.com\/web\/wp-json\/wp\/v2\/product_cat?post=630729"},{"taxonomy":"product_tag","embeddable":true,"href":"https:\/\/aukinkochile.com\/web\/wp-json\/wp\/v2\/product_tag?post=630729"}],"curies":[{"name":"wp","href":"https:\/\/api.w.org\/{rel}","templated":true}]}}