{"id":630727,"date":"2024-12-26T14:55:40","date_gmt":"2024-12-26T14:55:40","guid":{"rendered":"https:\/\/aukinkochile.com\/web\/producto\/peluche-emociones-faciales\/"},"modified":"2025-06-26T16:15:49","modified_gmt":"2025-06-26T16:15:49","slug":"peluche-emociones-faciales","status":"publish","type":"product","link":"https:\/\/aukinkochile.com\/web\/producto\/peluche-emociones-faciales\/","title":{"rendered":"Peluche Emociones Faciales"},"content":{"rendered":"<p>Divertido juego para trabajar sobre las emociones de una forma muy entretenida desarrollando as\u00ed las habilidades sociales de los m\u00e1s peque\u00f1os. Con este peluche los ni\u00f1os y ni\u00f1as pueden compartir sus sentimientos y emociones, desarrollando el lenguaje y la comunicaci\u00f3n. Una actividad dise\u00f1ada para promover la inteligencia emocional ense\u00f1ando las expresiones faciales y la conciencia de las situaciones a trav\u00e9s del juego.<\/p>\n<p><p><strong>Material : <\/strong> Plush<\/p>\n<p><strong>C\u00f3digo Aukinko : <\/strong> 18-5925120<\/p>\n<p><strong>C\u00f3digo Convenio Marco : <\/strong> x<\/p>\n","protected":false},"excerpt":{"rendered":"<p>Divertido juego para trabajar sobre las emociones de una forma muy entretenida desarrollando as\u00ed las habilidades sociales de los m\u00e1s peque\u00f1os. Con este peluche los ni\u00f1os y ni\u00f1as pueden compartir sus sentimientos y emociones, desarrollando el lenguaje y la comunicaci\u00f3n. Una actividad dise\u00f1ada para promover la inteligencia emocional ense\u00f1ando las expresiones faciales y la conciencia [&hellip;]<\/p>\n","protected":false},"featured_media":628226,"comment_status":"open","ping_status":"closed","template":"","meta":{"_et_pb_use_builder":"","_et_pb_old_content":"","_et_gb_content_width":""},"product_brand":[],"product_cat":[91,150,7385,212],"product_tag":[],"class_list":{"0":"post-630727","1":"product","2":"type-product","3":"status-publish","4":"has-post-thumbnail","6":"product_cat-accesorios-sala","7":"product_cat-asociacion-y-logica","8":"product_cat-estimulacion-cognitiva-y-motora-para-adultos-mayores","9":"product_cat-munecos-y-figuras","10":"pa_edad-3-a-4-anos","11":"pa_edad-4-a-5-anos","12":"pa_edad-5-a-6-anos","13":"pa_edad-6-a-8-anos","14":"pa_marca-edushape","15":"pa_medidas-30-x-12-x-35-cm","17":"first","18":"instock","19":"shipping-taxable","20":"purchasable","21":"product-type-simple"},"aioseo_notices":[],"_links":{"self":[{"href":"https:\/\/aukinkochile.com\/web\/wp-json\/wp\/v2\/product\/630727","targetHints":{"allow":["GET"]}}],"collection":[{"href":"https:\/\/aukinkochile.com\/web\/wp-json\/wp\/v2\/product"}],"about":[{"href":"https:\/\/aukinkochile.com\/web\/wp-json\/wp\/v2\/types\/product"}],"replies":[{"embeddable":true,"href":"https:\/\/aukinkochile.com\/web\/wp-json\/wp\/v2\/comments?post=630727"}],"wp:featuredmedia":[{"embeddable":true,"href":"https:\/\/aukinkochile.com\/web\/wp-json\/wp\/v2\/media\/628226"}],"wp:attachment":[{"href":"https:\/\/aukinkochile.com\/web\/wp-json\/wp\/v2\/media?parent=630727"}],"wp:term":[{"taxonomy":"product_brand","embeddable":true,"href":"https:\/\/aukinkochile.com\/web\/wp-json\/wp\/v2\/product_brand?post=630727"},{"taxonomy":"product_cat","embeddable":true,"href":"https:\/\/aukinkochile.com\/web\/wp-json\/wp\/v2\/product_cat?post=630727"},{"taxonomy":"product_tag","embeddable":true,"href":"https:\/\/aukinkochile.com\/web\/wp-json\/wp\/v2\/product_tag?post=630727"}],"curies":[{"name":"wp","href":"https:\/\/api.w.org\/{rel}","templated":true}]}}