{"id":630688,"date":"2024-12-23T00:16:37","date_gmt":"2024-12-23T00:16:37","guid":{"rendered":"https:\/\/aukinkochile.com\/web\/producto\/tubo-sonido-twirly-whirly\/"},"modified":"2026-01-23T21:04:26","modified_gmt":"2026-01-23T21:04:26","slug":"tubo-sonido-twirly-whirly","status":"publish","type":"product","link":"https:\/\/aukinkochile.com\/web\/producto\/tubo-sonido-twirly-whirly\/","title":{"rendered":"Tubo Sonido Twirly Whirly"},"content":{"rendered":"<p>Este tubo de sonido es un encantador instrumento musical real que crea una cautivadora combinaci\u00f3n de sonido y color. Al girarlo el beb\u00e9 podr\u00e1 observar c\u00f3mo las cuentas de colores caen en cascada a trav\u00e9s del tubo, creando sonidos fascinantes y efectos visuales que deleitar\u00e1n a los ni\u00f1os peque\u00f1os. El Twirly Whirly Rainbomaker mide 30 cm de largo, es resistente, duradero y c\u00f3modo de sostener para las manos peque\u00f1as. Fabricado en material suave y resistente.<\/p>\n<p><strong>Material : <\/strong> Pl\u00e1stico<\/p>\n<p><strong>C\u00f3digo Aukinko : <\/strong> 12-630000<\/p>\n<p><strong>C\u00f3digo Convenio Marco : <\/strong> x<\/p>\n","protected":false},"excerpt":{"rendered":"<p>Este tubo de sonido es un encantador instrumento musical real que crea una cautivadora combinaci\u00f3n de sonido y color. Al girarlo el beb\u00e9 podr\u00e1 observar c\u00f3mo las cuentas de colores caen en cascada a trav\u00e9s del tubo, creando sonidos fascinantes y efectos visuales que deleitar\u00e1n a los ni\u00f1os peque\u00f1os. El Twirly Whirly Rainbomaker mide 30 [&hellip;]<\/p>\n","protected":false},"featured_media":630687,"comment_status":"open","ping_status":"closed","template":"","meta":{"_et_pb_use_builder":"","_et_pb_old_content":"","_et_gb_content_width":""},"product_brand":[],"product_cat":[91,392],"product_tag":[],"class_list":{"0":"post-630688","1":"product","2":"type-product","3":"status-publish","4":"has-post-thumbnail","6":"product_cat-accesorios-sala","7":"product_cat-musica","8":"pa_edad-10-anos","9":"pa_edad-2-a-3-anos","10":"pa_edad-3-a-4-anos","11":"pa_edad-4-a-5-anos","12":"pa_edad-5-a-6-anos","13":"pa_edad-6-a-8-anos","14":"pa_edad-8-a-10-anos","15":"pa_marca-halilit","16":"pa_medidas-30-x-10-x-10-cm","18":"first","19":"instock","20":"shipping-taxable","21":"purchasable","22":"product-type-simple"},"aioseo_notices":[],"_links":{"self":[{"href":"https:\/\/aukinkochile.com\/web\/wp-json\/wp\/v2\/product\/630688","targetHints":{"allow":["GET"]}}],"collection":[{"href":"https:\/\/aukinkochile.com\/web\/wp-json\/wp\/v2\/product"}],"about":[{"href":"https:\/\/aukinkochile.com\/web\/wp-json\/wp\/v2\/types\/product"}],"replies":[{"embeddable":true,"href":"https:\/\/aukinkochile.com\/web\/wp-json\/wp\/v2\/comments?post=630688"}],"wp:featuredmedia":[{"embeddable":true,"href":"https:\/\/aukinkochile.com\/web\/wp-json\/wp\/v2\/media\/630687"}],"wp:attachment":[{"href":"https:\/\/aukinkochile.com\/web\/wp-json\/wp\/v2\/media?parent=630688"}],"wp:term":[{"taxonomy":"product_brand","embeddable":true,"href":"https:\/\/aukinkochile.com\/web\/wp-json\/wp\/v2\/product_brand?post=630688"},{"taxonomy":"product_cat","embeddable":true,"href":"https:\/\/aukinkochile.com\/web\/wp-json\/wp\/v2\/product_cat?post=630688"},{"taxonomy":"product_tag","embeddable":true,"href":"https:\/\/aukinkochile.com\/web\/wp-json\/wp\/v2\/product_tag?post=630688"}],"curies":[{"name":"wp","href":"https:\/\/api.w.org\/{rel}","templated":true}]}}