{"id":630626,"date":"2024-12-16T16:33:46","date_gmt":"2024-12-16T16:33:46","guid":{"rendered":"https:\/\/aukinkochile.com\/web\/producto\/juego-logica-madera-colores\/"},"modified":"2024-12-16T16:34:35","modified_gmt":"2024-12-16T16:34:35","slug":"juego-logica-madera-colores","status":"publish","type":"product","link":"https:\/\/aukinkochile.com\/web\/producto\/juego-logica-madera-colores\/","title":{"rendered":"Juego L\u00f3gica Madera Colores"},"content":{"rendered":"<p>Divertido juego de l\u00f3gica e ingenio que incentiva la resoluci\u00f3n de conflicto a trav\u00e9s de los desafiantes patrones que tendr\u00e1s que completar seg\u00fan el orden de las fichas de colores que indica cada tarjeta. Dise\u00f1ado para el desarrollo de la observaci\u00f3n, el pensamiento l\u00f3gico, el reconocimiento de colores y mucho m\u00e1s. Incluye 30 tarjetas con diferentes patrones. Fabricado en material suave y resistente y colores vivos.<\/p>\n<p><p><strong>Material : <\/strong> Madera<\/p>\n<p><strong>C\u00f3digo Aukinko : <\/strong> 17-90597<\/p>\n<p><strong>C\u00f3digo Convenio Marco : <\/strong> x<\/p>\n","protected":false},"excerpt":{"rendered":"<p>Divertido juego de l\u00f3gica e ingenio que incentiva la resoluci\u00f3n de conflicto a trav\u00e9s de los desafiantes patrones que tendr\u00e1s que completar seg\u00fan el orden de las fichas de colores que indica cada tarjeta. Dise\u00f1ado para el desarrollo de la observaci\u00f3n, el pensamiento l\u00f3gico, el reconocimiento de colores y mucho m\u00e1s. Incluye 30 tarjetas con [&hellip;]<\/p>\n","protected":false},"featured_media":630625,"comment_status":"open","ping_status":"closed","template":"","meta":{"_et_pb_use_builder":"","_et_pb_old_content":"","_et_gb_content_width":""},"product_brand":[],"product_cat":[91,150],"product_tag":[],"class_list":{"0":"post-630626","1":"product","2":"type-product","3":"status-publish","4":"has-post-thumbnail","6":"product_cat-accesorios-sala","7":"product_cat-asociacion-y-logica","8":"pa_edad-3-a-4-anos","9":"pa_edad-4-a-5-anos","10":"pa_edad-5-a-6-anos","11":"pa_edad-6-a-8-anos","12":"pa_marca-tooky-toys","13":"pa_medidas-22-x-17-x-5-cm","15":"first","16":"instock","17":"shipping-taxable","18":"purchasable","19":"product-type-simple"},"aioseo_notices":[],"_links":{"self":[{"href":"https:\/\/aukinkochile.com\/web\/wp-json\/wp\/v2\/product\/630626","targetHints":{"allow":["GET"]}}],"collection":[{"href":"https:\/\/aukinkochile.com\/web\/wp-json\/wp\/v2\/product"}],"about":[{"href":"https:\/\/aukinkochile.com\/web\/wp-json\/wp\/v2\/types\/product"}],"replies":[{"embeddable":true,"href":"https:\/\/aukinkochile.com\/web\/wp-json\/wp\/v2\/comments?post=630626"}],"wp:featuredmedia":[{"embeddable":true,"href":"https:\/\/aukinkochile.com\/web\/wp-json\/wp\/v2\/media\/630625"}],"wp:attachment":[{"href":"https:\/\/aukinkochile.com\/web\/wp-json\/wp\/v2\/media?parent=630626"}],"wp:term":[{"taxonomy":"product_brand","embeddable":true,"href":"https:\/\/aukinkochile.com\/web\/wp-json\/wp\/v2\/product_brand?post=630626"},{"taxonomy":"product_cat","embeddable":true,"href":"https:\/\/aukinkochile.com\/web\/wp-json\/wp\/v2\/product_cat?post=630626"},{"taxonomy":"product_tag","embeddable":true,"href":"https:\/\/aukinkochile.com\/web\/wp-json\/wp\/v2\/product_tag?post=630626"}],"curies":[{"name":"wp","href":"https:\/\/api.w.org\/{rel}","templated":true}]}}