{"id":630503,"date":"2024-12-05T16:13:43","date_gmt":"2024-12-05T16:13:43","guid":{"rendered":"https:\/\/aukinkochile.com\/web\/producto\/cuerpos-geometricos-plegables-12-pz\/"},"modified":"2024-12-05T16:16:05","modified_gmt":"2024-12-05T16:16:05","slug":"cuerpos-geometricos-plegables-12-pz","status":"publish","type":"product","link":"https:\/\/aukinkochile.com\/web\/producto\/cuerpos-geometricos-plegables-12-pz\/","title":{"rendered":"Cuerpos Geom\u00e9tricos Plegables 12 pz"},"content":{"rendered":"<p>Avanzado set de cuerpos geom\u00e9tricos para el aprendizaje de las matem\u00e1ticas de una forma muy entretenida. Cada cuerpo geom\u00e9trico se puede desplegar permitiendo as\u00ed trabajar con los cuerpos en 3 y 2 dimensiones. Incluye cubo, cono, prisma de base triangular, prisma de base cuadrada, pir\u00e1mide de base triangular, pir\u00e1mide de base rectangular, pir\u00e1mide de base pentagonal, pir\u00e1mide de base hexagonal, prisma rectangular, prisma pentagonal y prisma hexagonal. Ideal para la exploraci\u00f3n de las propiedades de los cuerpos de 3 dimensiones, las relaciones entre los cuerpos y su despliegue en 2 dimensiones. Dise\u00f1ado para trabajar las nociones de volumen, capacidad, \u00e1rea y m\u00e1s. Fabricados en pl\u00e1stico resistente transparente con su correspondiente pliego de 5 colores en pl\u00e1stico suave. Incluye una gu\u00eda de actividades para profesores. Tama\u00f1o de base 8 cm.<\/p>\n<p><p><strong>Material : <\/strong> Pl\u00e1stico<\/p>\n<p><strong>C\u00f3digo Aukinko : <\/strong> 14-921347<\/p>\n<p><strong>C\u00f3digo Convenio Marco : <\/strong> x<\/p>\n","protected":false},"excerpt":{"rendered":"<p>Avanzado set de cuerpos geom\u00e9tricos para el aprendizaje de las matem\u00e1ticas de una forma muy entretenida. Cada cuerpo geom\u00e9trico se puede desplegar permitiendo as\u00ed trabajar con los cuerpos en 3 y 2 dimensiones. Incluye cubo, cono, prisma de base triangular, prisma de base cuadrada, pir\u00e1mide de base triangular, pir\u00e1mide de base rectangular, pir\u00e1mide de base [&hellip;]<\/p>\n","protected":false},"featured_media":630502,"comment_status":"open","ping_status":"closed","template":"","meta":{"_et_pb_use_builder":"","_et_pb_old_content":"","_et_gb_content_width":""},"product_brand":[],"product_cat":[91,90],"product_tag":[],"class_list":{"0":"post-630503","1":"product","2":"type-product","3":"status-publish","4":"has-post-thumbnail","6":"product_cat-accesorios-sala","7":"product_cat-matematicas","8":"pa_edad-5-a-6-anos","9":"pa_edad-6-a-8-anos","10":"pa_edad-8-a-10-anos","11":"pa_marca-edx","12":"pa_medidas-base-8-cm","14":"first","15":"instock","16":"shipping-taxable","17":"purchasable","18":"product-type-simple"},"aioseo_notices":[],"_links":{"self":[{"href":"https:\/\/aukinkochile.com\/web\/wp-json\/wp\/v2\/product\/630503","targetHints":{"allow":["GET"]}}],"collection":[{"href":"https:\/\/aukinkochile.com\/web\/wp-json\/wp\/v2\/product"}],"about":[{"href":"https:\/\/aukinkochile.com\/web\/wp-json\/wp\/v2\/types\/product"}],"replies":[{"embeddable":true,"href":"https:\/\/aukinkochile.com\/web\/wp-json\/wp\/v2\/comments?post=630503"}],"wp:featuredmedia":[{"embeddable":true,"href":"https:\/\/aukinkochile.com\/web\/wp-json\/wp\/v2\/media\/630502"}],"wp:attachment":[{"href":"https:\/\/aukinkochile.com\/web\/wp-json\/wp\/v2\/media?parent=630503"}],"wp:term":[{"taxonomy":"product_brand","embeddable":true,"href":"https:\/\/aukinkochile.com\/web\/wp-json\/wp\/v2\/product_brand?post=630503"},{"taxonomy":"product_cat","embeddable":true,"href":"https:\/\/aukinkochile.com\/web\/wp-json\/wp\/v2\/product_cat?post=630503"},{"taxonomy":"product_tag","embeddable":true,"href":"https:\/\/aukinkochile.com\/web\/wp-json\/wp\/v2\/product_tag?post=630503"}],"curies":[{"name":"wp","href":"https:\/\/api.w.org\/{rel}","templated":true}]}}