{"id":630500,"date":"2024-12-05T16:13:39","date_gmt":"2024-12-05T16:13:39","guid":{"rendered":"https:\/\/aukinkochile.com\/web\/producto\/tonel-monstruos-36-pz\/"},"modified":"2024-12-05T16:15:51","modified_gmt":"2024-12-05T16:15:51","slug":"tonel-monstruos-36-pz","status":"publish","type":"product","link":"https:\/\/aukinkochile.com\/web\/producto\/tonel-monstruos-36-pz\/","title":{"rendered":"Tonel Monstruos 36 pz"},"content":{"rendered":"<p>Divertido set de monstruos para clasificar y dejar volar la imaginaci\u00f3n. Este tonel contiene 36 monstruos en 6 modelos diferentes y 6 colores: anaranjado, verde, azul, morado, amarillo y rojo. Fabricados en material suave y resistente con colores vivos. Incluye pinza y una gu\u00eda de actividades. Un juego ideal para actividades de clasificaci\u00f3n, matem\u00e1ticas y mucho m\u00e1s. Tama\u00f1o aproximado 2,5 a 3,5 cm.<\/p>\n<p><p><strong>Material : <\/strong> Pl\u00e1stico<\/p>\n<p><strong>C\u00f3digo Aukinko : <\/strong> 14-913834<\/p>\n<p><strong>C\u00f3digo Convenio Marco : <\/strong> x<\/p>\n","protected":false},"excerpt":{"rendered":"<p>Divertido set de monstruos para clasificar y dejar volar la imaginaci\u00f3n. Este tonel contiene 36 monstruos en 6 modelos diferentes y 6 colores: anaranjado, verde, azul, morado, amarillo y rojo. Fabricados en material suave y resistente con colores vivos. Incluye pinza y una gu\u00eda de actividades. Un juego ideal para actividades de clasificaci\u00f3n, matem\u00e1ticas y [&hellip;]<\/p>\n","protected":false},"featured_media":630499,"comment_status":"open","ping_status":"closed","template":"","meta":{"_et_pb_use_builder":"","_et_pb_old_content":"","_et_gb_content_width":""},"product_brand":[],"product_cat":[91,150,90],"product_tag":[],"class_list":{"0":"post-630500","1":"product","2":"type-product","3":"status-publish","4":"has-post-thumbnail","6":"product_cat-accesorios-sala","7":"product_cat-asociacion-y-logica","8":"product_cat-matematicas","9":"pa_edad-3-a-4-anos","10":"pa_edad-4-a-5-anos","11":"pa_edad-5-a-6-anos","12":"pa_edad-6-a-8-anos","13":"pa_edad-8-a-10-anos","14":"pa_marca-edx","15":"pa_medidas-15-x-10-x-10-cm","17":"first","18":"instock","19":"shipping-taxable","20":"purchasable","21":"product-type-simple"},"aioseo_notices":[],"_links":{"self":[{"href":"https:\/\/aukinkochile.com\/web\/wp-json\/wp\/v2\/product\/630500","targetHints":{"allow":["GET"]}}],"collection":[{"href":"https:\/\/aukinkochile.com\/web\/wp-json\/wp\/v2\/product"}],"about":[{"href":"https:\/\/aukinkochile.com\/web\/wp-json\/wp\/v2\/types\/product"}],"replies":[{"embeddable":true,"href":"https:\/\/aukinkochile.com\/web\/wp-json\/wp\/v2\/comments?post=630500"}],"wp:featuredmedia":[{"embeddable":true,"href":"https:\/\/aukinkochile.com\/web\/wp-json\/wp\/v2\/media\/630499"}],"wp:attachment":[{"href":"https:\/\/aukinkochile.com\/web\/wp-json\/wp\/v2\/media?parent=630500"}],"wp:term":[{"taxonomy":"product_brand","embeddable":true,"href":"https:\/\/aukinkochile.com\/web\/wp-json\/wp\/v2\/product_brand?post=630500"},{"taxonomy":"product_cat","embeddable":true,"href":"https:\/\/aukinkochile.com\/web\/wp-json\/wp\/v2\/product_cat?post=630500"},{"taxonomy":"product_tag","embeddable":true,"href":"https:\/\/aukinkochile.com\/web\/wp-json\/wp\/v2\/product_tag?post=630500"}],"curies":[{"name":"wp","href":"https:\/\/api.w.org\/{rel}","templated":true}]}}