{"id":630327,"date":"2024-11-19T20:14:06","date_gmt":"2024-11-19T20:14:06","guid":{"rendered":"https:\/\/aukinkochile.com\/web\/producto\/comida-taco-madera-set-27-pz\/"},"modified":"2025-04-22T14:25:11","modified_gmt":"2025-04-22T14:25:11","slug":"comida-taco-madera-set-27-pz","status":"publish","type":"product","link":"https:\/\/aukinkochile.com\/web\/producto\/comida-taco-madera-set-27-pz\/","title":{"rendered":"Comida Taco Madera set 27 pz"},"content":{"rendered":"<p>Divertido set de tacos para pasar horas de diversi\u00f3n. Incluye 27 piezas muy variadas de g\u00e9nero y madera, los tacos de g\u00e9nero tienen velcro para que los ni\u00f1os y ni\u00f1as puedan cerrar f\u00e1cilmente. Incluye un men\u00fa para jugar con los sabores m\u00e1s ricos del restaurante. Este juego estimula la percepci\u00f3n sensorial gracias a su variedad de materiales. Un divertido accesorio para juegos de rol en los cuales los ni\u00f1os y ni\u00f1as desarrollan habilidades sociales, ponen en juego su creatividad e imaginaci\u00f3n, estimulando a su vez el uso del lenguaje. De material suave, resistente y colores vivos.<\/p>\n<p><p><strong>Material : <\/strong> Madera<\/p>\n<p><strong>C\u00f3digo Aukinko : <\/strong> 18-244677<\/p>\n<p><strong>C\u00f3digo Convenio Marco : <\/strong> x<\/p>\n","protected":false},"excerpt":{"rendered":"<p>Divertido set de tacos para pasar horas de diversi\u00f3n. Incluye 27 piezas muy variadas de g\u00e9nero y madera, los tacos de g\u00e9nero tienen velcro para que los ni\u00f1os y ni\u00f1as puedan cerrar f\u00e1cilmente. Incluye un men\u00fa para jugar con los sabores m\u00e1s ricos del restaurante. Este juego estimula la percepci\u00f3n sensorial gracias a su variedad [&hellip;]<\/p>\n","protected":false},"featured_media":622638,"comment_status":"open","ping_status":"closed","template":"","meta":{"_et_pb_use_builder":"","_et_pb_old_content":"","_et_gb_content_width":""},"product_brand":[],"product_cat":[17],"product_tag":[],"class_list":{"0":"post-630327","1":"product","2":"type-product","3":"status-publish","4":"has-post-thumbnail","6":"product_cat-juegos-de-rol","7":"pa_edad-2-a-3-anos","8":"pa_edad-3-a-4-anos","9":"pa_edad-4-a-5-anos","10":"pa_marca-viga","11":"pa_medidas-2-x-24","12":"pa_medidas-2-x-6","13":"pa_medidas-4678","14":"pa_medidas-5-cm","16":"first","17":"instock","18":"shipping-taxable","19":"purchasable","20":"product-type-simple"},"aioseo_notices":[],"_links":{"self":[{"href":"https:\/\/aukinkochile.com\/web\/wp-json\/wp\/v2\/product\/630327","targetHints":{"allow":["GET"]}}],"collection":[{"href":"https:\/\/aukinkochile.com\/web\/wp-json\/wp\/v2\/product"}],"about":[{"href":"https:\/\/aukinkochile.com\/web\/wp-json\/wp\/v2\/types\/product"}],"replies":[{"embeddable":true,"href":"https:\/\/aukinkochile.com\/web\/wp-json\/wp\/v2\/comments?post=630327"}],"wp:featuredmedia":[{"embeddable":true,"href":"https:\/\/aukinkochile.com\/web\/wp-json\/wp\/v2\/media\/622638"}],"wp:attachment":[{"href":"https:\/\/aukinkochile.com\/web\/wp-json\/wp\/v2\/media?parent=630327"}],"wp:term":[{"taxonomy":"product_brand","embeddable":true,"href":"https:\/\/aukinkochile.com\/web\/wp-json\/wp\/v2\/product_brand?post=630327"},{"taxonomy":"product_cat","embeddable":true,"href":"https:\/\/aukinkochile.com\/web\/wp-json\/wp\/v2\/product_cat?post=630327"},{"taxonomy":"product_tag","embeddable":true,"href":"https:\/\/aukinkochile.com\/web\/wp-json\/wp\/v2\/product_tag?post=630327"}],"curies":[{"name":"wp","href":"https:\/\/api.w.org\/{rel}","templated":true}]}}