{"id":630281,"date":"2024-11-15T20:50:27","date_gmt":"2024-11-15T20:50:27","guid":{"rendered":"https:\/\/aukinkochile.com\/web\/producto\/ollas-set-bio-7-pz\/"},"modified":"2025-07-28T16:49:17","modified_gmt":"2025-07-28T16:49:17","slug":"ollas-set-bio-7-pz","status":"publish","type":"product","link":"https:\/\/aukinkochile.com\/web\/producto\/ollas-set-bio-7-pz\/","title":{"rendered":"Ollas set Bio 7 pz"},"content":{"rendered":"<p>Este hermoso set de accesorios de cocina incluye 7 piezas: 1 olla, 1 tapa, 2 pailas, 1 colador, 2 utensilios. Los colores son \u00fanicos ya que est\u00e1 fabricado a partir de desechos pl\u00e1sticos y el proceso de reciclaje genera maravillosos matices de color y combinaciones de colores aleatorias, lo que significa que no hay dos juegos iguales. El set cuenta con la etiqueta ecol\u00f3gica Nordic Swan. Este juego de cocina invita al juego y al aprendizaje y es perfecto tanto para uso en interiores como en exteriores. Los juegos de imitaci\u00f3n son ideales para estimular la imaginaci\u00f3n, desarrollar habilidades sociales, para el desarrollo de habilidades f\u00edsicas y mucho m\u00e1s. Recomendado a partir de los 2 a\u00f1os. Apto para lavavajillas. Presentado en red pl\u00e1stica.<\/p>\n<p><p><strong>Material : <\/strong> Eco Pl\u00e1stico<\/p>\n<p><strong>C\u00f3digo Aukinko : <\/strong> 09-52606<\/p>\n<p><strong>C\u00f3digo Convenio Marco : <\/strong> x<\/p>\n","protected":false},"excerpt":{"rendered":"<p>Este hermoso set de accesorios de cocina incluye 7 piezas: 1 olla, 1 tapa, 2 pailas, 1 colador, 2 utensilios. Los colores son \u00fanicos ya que est\u00e1 fabricado a partir de desechos pl\u00e1sticos y el proceso de reciclaje genera maravillosos matices de color y combinaciones de colores aleatorias, lo que significa que no hay dos [&hellip;]<\/p>\n","protected":false},"featured_media":630280,"comment_status":"open","ping_status":"closed","template":"","meta":{"_et_pb_use_builder":"","_et_pb_old_content":"","_et_gb_content_width":""},"product_brand":[],"product_cat":[91,17],"product_tag":[],"class_list":{"0":"post-630281","1":"product","2":"type-product","3":"status-publish","4":"has-post-thumbnail","6":"product_cat-accesorios-sala","7":"product_cat-juegos-de-rol","8":"pa_edad-2-a-3-anos","9":"pa_edad-3-a-4-anos","10":"pa_edad-4-a-5-anos","11":"pa_edad-5-a-6-anos","12":"pa_edad-6-a-8-anos","13":"pa_marca-dantoy","14":"pa_medidas-29-x-10-x-17-cm","16":"first","17":"instock","18":"shipping-taxable","19":"purchasable","20":"product-type-simple"},"aioseo_notices":[],"_links":{"self":[{"href":"https:\/\/aukinkochile.com\/web\/wp-json\/wp\/v2\/product\/630281","targetHints":{"allow":["GET"]}}],"collection":[{"href":"https:\/\/aukinkochile.com\/web\/wp-json\/wp\/v2\/product"}],"about":[{"href":"https:\/\/aukinkochile.com\/web\/wp-json\/wp\/v2\/types\/product"}],"replies":[{"embeddable":true,"href":"https:\/\/aukinkochile.com\/web\/wp-json\/wp\/v2\/comments?post=630281"}],"wp:featuredmedia":[{"embeddable":true,"href":"https:\/\/aukinkochile.com\/web\/wp-json\/wp\/v2\/media\/630280"}],"wp:attachment":[{"href":"https:\/\/aukinkochile.com\/web\/wp-json\/wp\/v2\/media?parent=630281"}],"wp:term":[{"taxonomy":"product_brand","embeddable":true,"href":"https:\/\/aukinkochile.com\/web\/wp-json\/wp\/v2\/product_brand?post=630281"},{"taxonomy":"product_cat","embeddable":true,"href":"https:\/\/aukinkochile.com\/web\/wp-json\/wp\/v2\/product_cat?post=630281"},{"taxonomy":"product_tag","embeddable":true,"href":"https:\/\/aukinkochile.com\/web\/wp-json\/wp\/v2\/product_tag?post=630281"}],"curies":[{"name":"wp","href":"https:\/\/api.w.org\/{rel}","templated":true}]}}