{"id":630233,"date":"2024-11-11T21:19:33","date_gmt":"2024-11-11T21:19:33","guid":{"rendered":"https:\/\/aukinkochile.com\/web\/producto\/cocina-set-te-18-pz\/"},"modified":"2024-11-11T21:20:31","modified_gmt":"2024-11-11T21:20:31","slug":"cocina-set-te-18-pz","status":"publish","type":"product","link":"https:\/\/aukinkochile.com\/web\/producto\/cocina-set-te-18-pz\/","title":{"rendered":"Cocina set Te 18 pz"},"content":{"rendered":"<p>Set de t\u00e9 para 4 ideal para compartir y jugar. Contiene 4 tazas, 4 platos, 4 cucharas, una tetera con tapa, 1 azucarero con tapa, 1 lecherito y una bandeja. De material resistente y durable.<\/p>\n<p><p><strong>Material : <\/strong> Pl\u00e1stico<\/p>\n<p><strong>C\u00f3digo Aukinko : <\/strong> 05-545412<\/p>\n<p><strong>C\u00f3digo Convenio Marco : <\/strong> x<\/p>\n","protected":false},"excerpt":{"rendered":"<p>Set de t\u00e9 para 4 ideal para compartir y jugar. Contiene 4 tazas, 4 platos, 4 cucharas, una tetera con tapa, 1 azucarero con tapa, 1 lecherito y una bandeja. De material resistente y durable. Material : Pl\u00e1stico C\u00f3digo Aukinko : 05-545412 C\u00f3digo Convenio Marco : x<\/p>\n","protected":false},"featured_media":623352,"comment_status":"open","ping_status":"closed","template":"","meta":{"_et_pb_use_builder":"","_et_pb_old_content":"","_et_gb_content_width":""},"product_brand":[],"product_cat":[17],"product_tag":[],"class_list":{"0":"post-630233","1":"product","2":"type-product","3":"status-publish","4":"has-post-thumbnail","6":"product_cat-juegos-de-rol","7":"pa_edad-1-a-2-anos","8":"pa_edad-2-a-3-anos","9":"pa_edad-3-a-4-anos","10":"pa_edad-4-a-5-anos","11":"pa_edad-5-a-6-anos","12":"pa_edad-6-a-8-anos","13":"pa_marca-gowi","14":"pa_medidas-26-cm-diametro-bandeja","16":"first","17":"instock","18":"shipping-taxable","19":"purchasable","20":"product-type-simple"},"aioseo_notices":[],"_links":{"self":[{"href":"https:\/\/aukinkochile.com\/web\/wp-json\/wp\/v2\/product\/630233","targetHints":{"allow":["GET"]}}],"collection":[{"href":"https:\/\/aukinkochile.com\/web\/wp-json\/wp\/v2\/product"}],"about":[{"href":"https:\/\/aukinkochile.com\/web\/wp-json\/wp\/v2\/types\/product"}],"replies":[{"embeddable":true,"href":"https:\/\/aukinkochile.com\/web\/wp-json\/wp\/v2\/comments?post=630233"}],"wp:featuredmedia":[{"embeddable":true,"href":"https:\/\/aukinkochile.com\/web\/wp-json\/wp\/v2\/media\/623352"}],"wp:attachment":[{"href":"https:\/\/aukinkochile.com\/web\/wp-json\/wp\/v2\/media?parent=630233"}],"wp:term":[{"taxonomy":"product_brand","embeddable":true,"href":"https:\/\/aukinkochile.com\/web\/wp-json\/wp\/v2\/product_brand?post=630233"},{"taxonomy":"product_cat","embeddable":true,"href":"https:\/\/aukinkochile.com\/web\/wp-json\/wp\/v2\/product_cat?post=630233"},{"taxonomy":"product_tag","embeddable":true,"href":"https:\/\/aukinkochile.com\/web\/wp-json\/wp\/v2\/product_tag?post=630233"}],"curies":[{"name":"wp","href":"https:\/\/api.w.org\/{rel}","templated":true}]}}