{"id":629904,"date":"2024-10-28T15:13:45","date_gmt":"2024-10-28T15:13:45","guid":{"rendered":"https:\/\/aukinkochile.com\/web\/producto\/circuito-madera-zig-go-43-pz\/"},"modified":"2025-08-05T22:13:00","modified_gmt":"2025-08-05T22:13:00","slug":"circuito-madera-zig-go-43-pz","status":"publish","type":"product","link":"https:\/\/aukinkochile.com\/web\/producto\/circuito-madera-zig-go-43-pz\/","title":{"rendered":"Circuito Madera Zig &#038; Go 43 pz"},"content":{"rendered":"<p>Divertido juego de madera de reacci\u00f3n en cadena, Puzle y construcci\u00f3n ideal para ni\u00f1os y ni\u00f1as a partir de 5 a\u00f1os. Las instrucciones incluyen 3 dise\u00f1os que los ni\u00f1os y ni\u00f1as pueden construir as\u00ed como tambi\u00e9n pueden crear sus propios circuitos. Contiene un t\u00fanel para crear mayor sorpresa, un auto loco y piezas de domino animadas con divertidos personajes. Este juego es compatible con todos los dem\u00e1s de la colecci\u00f3n zig &#038; go de Djeco. Contiene: 43 piezas de construcci\u00f3n de madera y 3 bolas de madera. De material suave y resistente.<\/p>\n<p><p><strong>Material : <\/strong> Madera<\/p>\n<p><strong>C\u00f3digo Aukinko : <\/strong> 14-55649<\/p>\n<p><strong>C\u00f3digo Convenio Marco : <\/strong> x<\/p>\n","protected":false},"excerpt":{"rendered":"<p>Divertido juego de madera de reacci\u00f3n en cadena, Puzle y construcci\u00f3n ideal para ni\u00f1os y ni\u00f1as a partir de 5 a\u00f1os. Las instrucciones incluyen 3 dise\u00f1os que los ni\u00f1os y ni\u00f1as pueden construir as\u00ed como tambi\u00e9n pueden crear sus propios circuitos. Contiene un t\u00fanel para crear mayor sorpresa, un auto loco y piezas de domino [&hellip;]<\/p>\n","protected":false},"featured_media":623851,"comment_status":"open","ping_status":"closed","template":"","meta":{"_et_pb_use_builder":"","_et_pb_old_content":"","_et_gb_content_width":""},"product_brand":[],"product_cat":[21,19,20],"product_tag":[],"class_list":{"0":"post-629904","1":"product","2":"type-product","3":"status-publish","4":"has-post-thumbnail","6":"product_cat-arte-y-manipulacion","7":"product_cat-construccion","8":"product_cat-motricidad-fina","9":"pa_edad-10-anos","10":"pa_edad-5-a-6-anos","11":"pa_edad-6-a-8-anos","12":"pa_edad-8-a-10-anos","13":"pa_marca-djeco","14":"pa_medidas-25-x-30-x-6-cm","16":"first","17":"instock","18":"shipping-taxable","19":"purchasable","20":"product-type-simple"},"aioseo_notices":[],"_links":{"self":[{"href":"https:\/\/aukinkochile.com\/web\/wp-json\/wp\/v2\/product\/629904","targetHints":{"allow":["GET"]}}],"collection":[{"href":"https:\/\/aukinkochile.com\/web\/wp-json\/wp\/v2\/product"}],"about":[{"href":"https:\/\/aukinkochile.com\/web\/wp-json\/wp\/v2\/types\/product"}],"replies":[{"embeddable":true,"href":"https:\/\/aukinkochile.com\/web\/wp-json\/wp\/v2\/comments?post=629904"}],"wp:featuredmedia":[{"embeddable":true,"href":"https:\/\/aukinkochile.com\/web\/wp-json\/wp\/v2\/media\/623851"}],"wp:attachment":[{"href":"https:\/\/aukinkochile.com\/web\/wp-json\/wp\/v2\/media?parent=629904"}],"wp:term":[{"taxonomy":"product_brand","embeddable":true,"href":"https:\/\/aukinkochile.com\/web\/wp-json\/wp\/v2\/product_brand?post=629904"},{"taxonomy":"product_cat","embeddable":true,"href":"https:\/\/aukinkochile.com\/web\/wp-json\/wp\/v2\/product_cat?post=629904"},{"taxonomy":"product_tag","embeddable":true,"href":"https:\/\/aukinkochile.com\/web\/wp-json\/wp\/v2\/product_tag?post=629904"}],"curies":[{"name":"wp","href":"https:\/\/api.w.org\/{rel}","templated":true}]}}