{"id":629631,"date":"2024-10-18T15:03:02","date_gmt":"2024-10-18T15:03:02","guid":{"rendered":"https:\/\/aukinkochile.com\/web\/producto\/puzle-duo-dinosaurios\/"},"modified":"2025-11-06T18:42:40","modified_gmt":"2025-11-06T18:42:40","slug":"puzle-duo-dinosaurios","status":"publish","type":"product","link":"https:\/\/aukinkochile.com\/web\/producto\/puzle-duo-dinosaurios\/","title":{"rendered":"Puzle D\u00fao Dinosaurios"},"content":{"rendered":"<p>Divertido set de 12 Puzles de dos piezas de dinosaurios. Incluye 12 coloridos Puzles tem\u00e1ticos con ilustraciones muy atractivas para los m\u00e1s peque\u00f1os y las m\u00e1s peque\u00f1as, al tener solo dos piezas es ideal para los m\u00e1s chicos de la casa. Los Puzles estimulan el desarrollo del pensamiento l\u00f3gico, la coordinaci\u00f3n mano-ojo, la observaci\u00f3n y la concentraci\u00f3n entre otras habilidades cognitivas. De material suave y resistente y colores vivos.<\/p>\n<p><p><strong>Material : <\/strong> Cart\u00f3n Duro<\/p>\n<p><strong>C\u00f3digo Aukinko : <\/strong> 08-21005455<\/p>\n<p><strong>C\u00f3digo Convenio Marco : <\/strong> x<\/p>\n","protected":false},"excerpt":{"rendered":"<p>Divertido set de 12 Puzles de dos piezas de dinosaurios. Incluye 12 coloridos Puzles tem\u00e1ticos con ilustraciones muy atractivas para los m\u00e1s peque\u00f1os y las m\u00e1s peque\u00f1as, al tener solo dos piezas es ideal para los m\u00e1s chicos de la casa. Los Puzles estimulan el desarrollo del pensamiento l\u00f3gico, la coordinaci\u00f3n mano-ojo, la observaci\u00f3n y [&hellip;]<\/p>\n","protected":false},"featured_media":622484,"comment_status":"open","ping_status":"closed","template":"","meta":{"_et_pb_use_builder":"","_et_pb_old_content":"","_et_gb_content_width":""},"product_brand":[],"product_cat":[91,20,22],"product_tag":[],"class_list":{"0":"post-629631","1":"product","2":"type-product","3":"status-publish","4":"has-post-thumbnail","6":"product_cat-accesorios-sala","7":"product_cat-motricidad-fina","8":"product_cat-puzzles","9":"pa_edad-1-a-2-anos","10":"pa_edad-2-a-3-anos","11":"pa_edad-3-a-4-anos","12":"pa_marca-galt","13":"pa_medidas-23-x-5-x-17-cm","15":"first","16":"instock","17":"shipping-taxable","18":"purchasable","19":"product-type-simple"},"aioseo_notices":[],"_links":{"self":[{"href":"https:\/\/aukinkochile.com\/web\/wp-json\/wp\/v2\/product\/629631","targetHints":{"allow":["GET"]}}],"collection":[{"href":"https:\/\/aukinkochile.com\/web\/wp-json\/wp\/v2\/product"}],"about":[{"href":"https:\/\/aukinkochile.com\/web\/wp-json\/wp\/v2\/types\/product"}],"replies":[{"embeddable":true,"href":"https:\/\/aukinkochile.com\/web\/wp-json\/wp\/v2\/comments?post=629631"}],"wp:featuredmedia":[{"embeddable":true,"href":"https:\/\/aukinkochile.com\/web\/wp-json\/wp\/v2\/media\/622484"}],"wp:attachment":[{"href":"https:\/\/aukinkochile.com\/web\/wp-json\/wp\/v2\/media?parent=629631"}],"wp:term":[{"taxonomy":"product_brand","embeddable":true,"href":"https:\/\/aukinkochile.com\/web\/wp-json\/wp\/v2\/product_brand?post=629631"},{"taxonomy":"product_cat","embeddable":true,"href":"https:\/\/aukinkochile.com\/web\/wp-json\/wp\/v2\/product_cat?post=629631"},{"taxonomy":"product_tag","embeddable":true,"href":"https:\/\/aukinkochile.com\/web\/wp-json\/wp\/v2\/product_tag?post=629631"}],"curies":[{"name":"wp","href":"https:\/\/api.w.org\/{rel}","templated":true}]}}