{"id":629615,"date":"2024-10-18T15:00:24","date_gmt":"2024-10-18T15:00:24","guid":{"rendered":"https:\/\/aukinkochile.com\/web\/producto\/juego-loto-find-it\/"},"modified":"2025-11-06T18:42:19","modified_gmt":"2025-11-06T18:42:19","slug":"juego-loto-find-it","status":"publish","type":"product","link":"https:\/\/aukinkochile.com\/web\/producto\/juego-loto-find-it\/","title":{"rendered":"Juego Loto Find It"},"content":{"rendered":"<p>Un divertido juego de loter\u00eda avanzado. Los jugadores deben recoger las tarjetas y describir el objeto que ven. Luego, todos deben buscar el elemento correspondiente en su tablero de juego. El primer jugador que recoja todas las cartas que coincidan con su tablero gana. Contenido: 4 tableros de juego y 40 tarjetas con im\u00e1genes. Un juego dise\u00f1ado para estimular la memoria, la observaci\u00f3n y la paciencia.<\/p>\n<p><p><strong>Material : <\/strong> Cart\u00f3n Grueso<\/p>\n<p><strong>C\u00f3digo Aukinko : <\/strong> 08-21005395<\/p>\n<p><strong>C\u00f3digo Convenio Marco : <\/strong> x<\/p>\n","protected":false},"excerpt":{"rendered":"<p>Un divertido juego de loter\u00eda avanzado. Los jugadores deben recoger las tarjetas y describir el objeto que ven. Luego, todos deben buscar el elemento correspondiente en su tablero de juego. El primer jugador que recoja todas las cartas que coincidan con su tablero gana. Contenido: 4 tableros de juego y 40 tarjetas con im\u00e1genes. Un [&hellip;]<\/p>\n","protected":false},"featured_media":629614,"comment_status":"open","ping_status":"closed","template":"","meta":{"_et_pb_use_builder":"","_et_pb_old_content":"","_et_gb_content_width":""},"product_brand":[],"product_cat":[7385,149],"product_tag":[],"class_list":{"0":"post-629615","1":"product","2":"type-product","3":"status-publish","4":"has-post-thumbnail","6":"product_cat-estimulacion-cognitiva-y-motora-para-adultos-mayores","7":"product_cat-juegos-de-mesa","8":"pa_edad-10-anos","9":"pa_edad-4-a-5-anos","10":"pa_edad-5-a-6-anos","11":"pa_edad-6-a-8-anos","12":"pa_edad-8-a-10-anos","13":"pa_marca-galt","14":"pa_medidas-23-x-25-x-5-cm","16":"first","17":"instock","18":"shipping-taxable","19":"purchasable","20":"product-type-simple"},"aioseo_notices":[],"_links":{"self":[{"href":"https:\/\/aukinkochile.com\/web\/wp-json\/wp\/v2\/product\/629615","targetHints":{"allow":["GET"]}}],"collection":[{"href":"https:\/\/aukinkochile.com\/web\/wp-json\/wp\/v2\/product"}],"about":[{"href":"https:\/\/aukinkochile.com\/web\/wp-json\/wp\/v2\/types\/product"}],"replies":[{"embeddable":true,"href":"https:\/\/aukinkochile.com\/web\/wp-json\/wp\/v2\/comments?post=629615"}],"wp:featuredmedia":[{"embeddable":true,"href":"https:\/\/aukinkochile.com\/web\/wp-json\/wp\/v2\/media\/629614"}],"wp:attachment":[{"href":"https:\/\/aukinkochile.com\/web\/wp-json\/wp\/v2\/media?parent=629615"}],"wp:term":[{"taxonomy":"product_brand","embeddable":true,"href":"https:\/\/aukinkochile.com\/web\/wp-json\/wp\/v2\/product_brand?post=629615"},{"taxonomy":"product_cat","embeddable":true,"href":"https:\/\/aukinkochile.com\/web\/wp-json\/wp\/v2\/product_cat?post=629615"},{"taxonomy":"product_tag","embeddable":true,"href":"https:\/\/aukinkochile.com\/web\/wp-json\/wp\/v2\/product_tag?post=629615"}],"curies":[{"name":"wp","href":"https:\/\/api.w.org\/{rel}","templated":true}]}}