{"id":629425,"date":"2024-10-02T15:14:11","date_gmt":"2024-10-02T15:14:11","guid":{"rendered":"https:\/\/aukinkochile.com\/web\/producto\/encaje-madera-formas-12-pz\/"},"modified":"2025-11-06T20:08:40","modified_gmt":"2025-11-06T20:08:40","slug":"encaje-madera-formas-12-pz","status":"publish","type":"product","link":"https:\/\/aukinkochile.com\/web\/producto\/encaje-madera-formas-12-pz\/","title":{"rendered":"Encaje Madera Formas 12 pz"},"content":{"rendered":"<p>Divertido juego de encaje para pasar horas de diversi\u00f3n. Esta caja cubo de 14,5 x 14,5 cm est\u00e1 fabricada en madera natural, tiene una tapa y mango para llevar a todas partes. Los ni\u00f1os y ni\u00f1as pueden encajar y clasificar 12 formas multicolores con volumen. Contiene 4 tri\u00e1ngulos (4,5 cm), 1 circulo, 1 ovalo, 1 cuadrado, 1 pent\u00e1gono, 1 estrella, 1 trapecio y 1 semi circulo y 1 losango. Un juego ideal para estimular el desarrollo de las habilidades motrices finas, la coordinaci\u00f3n mano-ojo, el reconocimiento de formas y colores y mucho m\u00e1s. Fabricado en material suave y resistente.<\/p>\n<p><p><strong>Material : <\/strong> Madera<\/p>\n<p><strong>C\u00f3digo Aukinko : <\/strong> 18-253659<\/p>\n<p><strong>C\u00f3digo Convenio Marco : <\/strong> x<\/p>\n","protected":false},"excerpt":{"rendered":"<p>Divertido juego de encaje para pasar horas de diversi\u00f3n. Esta caja cubo de 14,5 x 14,5 cm est\u00e1 fabricada en madera natural, tiene una tapa y mango para llevar a todas partes. Los ni\u00f1os y ni\u00f1as pueden encajar y clasificar 12 formas multicolores con volumen. Contiene 4 tri\u00e1ngulos (4,5 cm), 1 circulo, 1 ovalo, 1 [&hellip;]<\/p>\n","protected":false},"featured_media":625089,"comment_status":"open","ping_status":"closed","template":"","meta":{"_et_pb_use_builder":"","_et_pb_old_content":"","_et_gb_content_width":""},"product_brand":[],"product_cat":[91,19,20],"product_tag":[],"class_list":{"0":"post-629425","1":"product","2":"type-product","3":"status-publish","4":"has-post-thumbnail","6":"product_cat-accesorios-sala","7":"product_cat-construccion","8":"product_cat-motricidad-fina","9":"pa_edad-2-a-3-anos","10":"pa_edad-3-a-4-anos","11":"pa_marca-viga","12":"pa_medidas-4430","13":"pa_medidas-5-cm-caja","14":"pa_medidas-5-x-19","16":"first","17":"instock","18":"shipping-taxable","19":"purchasable","20":"product-type-simple"},"aioseo_notices":[],"_links":{"self":[{"href":"https:\/\/aukinkochile.com\/web\/wp-json\/wp\/v2\/product\/629425","targetHints":{"allow":["GET"]}}],"collection":[{"href":"https:\/\/aukinkochile.com\/web\/wp-json\/wp\/v2\/product"}],"about":[{"href":"https:\/\/aukinkochile.com\/web\/wp-json\/wp\/v2\/types\/product"}],"replies":[{"embeddable":true,"href":"https:\/\/aukinkochile.com\/web\/wp-json\/wp\/v2\/comments?post=629425"}],"wp:featuredmedia":[{"embeddable":true,"href":"https:\/\/aukinkochile.com\/web\/wp-json\/wp\/v2\/media\/625089"}],"wp:attachment":[{"href":"https:\/\/aukinkochile.com\/web\/wp-json\/wp\/v2\/media?parent=629425"}],"wp:term":[{"taxonomy":"product_brand","embeddable":true,"href":"https:\/\/aukinkochile.com\/web\/wp-json\/wp\/v2\/product_brand?post=629425"},{"taxonomy":"product_cat","embeddable":true,"href":"https:\/\/aukinkochile.com\/web\/wp-json\/wp\/v2\/product_cat?post=629425"},{"taxonomy":"product_tag","embeddable":true,"href":"https:\/\/aukinkochile.com\/web\/wp-json\/wp\/v2\/product_tag?post=629425"}],"curies":[{"name":"wp","href":"https:\/\/api.w.org\/{rel}","templated":true}]}}