{"id":629311,"date":"2024-10-02T15:07:47","date_gmt":"2024-10-02T15:07:47","guid":{"rendered":"https:\/\/aukinkochile.com\/web\/producto\/puzle-tarugo-comidas-4-pz\/"},"modified":"2025-11-06T19:01:04","modified_gmt":"2025-11-06T19:01:04","slug":"puzle-tarugo-comidas-4-pz","status":"publish","type":"product","link":"https:\/\/aukinkochile.com\/web\/producto\/puzle-tarugo-comidas-4-pz\/","title":{"rendered":"Puzle Tarugo Comidas 4 pz"},"content":{"rendered":"<p>Hermoso puzle de tarugos de 4 piezas con diferentes carnes. Las piezas tienen el tama\u00f1o ideal para manos peque\u00f1as. Ideal para estimular el desarrollo de la observaci\u00f3n y el pensamiento l\u00f3gico. Puzle educativo que desarrolla la coordinaci\u00f3n mano-ojo, el lenguaje y la motricidad fina de una forma muy entretenida. Fabricado en material suave y resistente y colores vivos.<\/p>\n<p><p><strong>Material : <\/strong> Madera<\/p>\n<p><strong>C\u00f3digo Aukinko : <\/strong> 18-244533<\/p>\n<p><strong>C\u00f3digo Convenio Marco : <\/strong> x<\/p>\n","protected":false},"excerpt":{"rendered":"<p>Hermoso puzle de tarugos de 4 piezas con diferentes carnes. Las piezas tienen el tama\u00f1o ideal para manos peque\u00f1as. Ideal para estimular el desarrollo de la observaci\u00f3n y el pensamiento l\u00f3gico. Puzle educativo que desarrolla la coordinaci\u00f3n mano-ojo, el lenguaje y la motricidad fina de una forma muy entretenida. Fabricado en material suave y resistente [&hellip;]<\/p>\n","protected":false},"featured_media":629310,"comment_status":"open","ping_status":"closed","template":"","meta":{"_et_pb_use_builder":"","_et_pb_old_content":"","_et_gb_content_width":""},"product_brand":[],"product_cat":[91,20,22],"product_tag":[],"class_list":{"0":"post-629311","1":"product","2":"type-product","3":"status-publish","4":"has-post-thumbnail","6":"product_cat-accesorios-sala","7":"product_cat-motricidad-fina","8":"product_cat-puzzles","9":"pa_edad-2-a-3-anos","10":"pa_edad-3-a-4-anos","11":"pa_edad-4-a-5-anos","12":"pa_marca-viga","13":"pa_medidas-3-cm","14":"pa_medidas-30-x-7","15":"pa_medidas-5-x-3","17":"first","18":"instock","19":"shipping-taxable","20":"purchasable","21":"product-type-simple"},"aioseo_notices":[],"_links":{"self":[{"href":"https:\/\/aukinkochile.com\/web\/wp-json\/wp\/v2\/product\/629311","targetHints":{"allow":["GET"]}}],"collection":[{"href":"https:\/\/aukinkochile.com\/web\/wp-json\/wp\/v2\/product"}],"about":[{"href":"https:\/\/aukinkochile.com\/web\/wp-json\/wp\/v2\/types\/product"}],"replies":[{"embeddable":true,"href":"https:\/\/aukinkochile.com\/web\/wp-json\/wp\/v2\/comments?post=629311"}],"wp:featuredmedia":[{"embeddable":true,"href":"https:\/\/aukinkochile.com\/web\/wp-json\/wp\/v2\/media\/629310"}],"wp:attachment":[{"href":"https:\/\/aukinkochile.com\/web\/wp-json\/wp\/v2\/media?parent=629311"}],"wp:term":[{"taxonomy":"product_brand","embeddable":true,"href":"https:\/\/aukinkochile.com\/web\/wp-json\/wp\/v2\/product_brand?post=629311"},{"taxonomy":"product_cat","embeddable":true,"href":"https:\/\/aukinkochile.com\/web\/wp-json\/wp\/v2\/product_cat?post=629311"},{"taxonomy":"product_tag","embeddable":true,"href":"https:\/\/aukinkochile.com\/web\/wp-json\/wp\/v2\/product_tag?post=629311"}],"curies":[{"name":"wp","href":"https:\/\/api.w.org\/{rel}","templated":true}]}}