{"id":629297,"date":"2024-10-02T15:07:40","date_gmt":"2024-10-02T15:07:40","guid":{"rendered":"https:\/\/aukinkochile.com\/web\/producto\/golpear-y-saltar-insectos\/"},"modified":"2025-11-06T18:59:45","modified_gmt":"2025-11-06T18:59:45","slug":"golpear-y-saltar-insectos","status":"publish","type":"product","link":"https:\/\/aukinkochile.com\/web\/producto\/golpear-y-saltar-insectos\/","title":{"rendered":"Golpear y Saltar Insectos"},"content":{"rendered":"<p>Divertido juguete educativo fabricado en madera dise\u00f1ado en colores suaves. Los ni\u00f1os y ni\u00f1as deben presionar a los personajes con su mano para ver c\u00f3mo saltan por el aire. Un hermoso juego de acci\u00f3n y reacci\u00f3n. Un juego dise\u00f1ado para el desarrollo de la fuerza, coordinaci\u00f3n ojo-mano, reconocimiento de colores, la motricidad fina y la flexibilidad de las manos de una forma muy entretenida.<\/p>\n<p><p><strong>Material : <\/strong> Madera<\/p>\n<p><strong>C\u00f3digo Aukinko : <\/strong> 18-244232<\/p>\n<p><strong>C\u00f3digo Convenio Marco : <\/strong> x<\/p>\n","protected":false},"excerpt":{"rendered":"<p>Divertido juguete educativo fabricado en madera dise\u00f1ado en colores suaves. Los ni\u00f1os y ni\u00f1as deben presionar a los personajes con su mano para ver c\u00f3mo saltan por el aire. Un hermoso juego de acci\u00f3n y reacci\u00f3n. Un juego dise\u00f1ado para el desarrollo de la fuerza, coordinaci\u00f3n ojo-mano, reconocimiento de colores, la motricidad fina y la [&hellip;]<\/p>\n","protected":false},"featured_media":629296,"comment_status":"open","ping_status":"closed","template":"","meta":{"_et_pb_use_builder":"","_et_pb_old_content":"","_et_gb_content_width":""},"product_brand":[],"product_cat":[91,18],"product_tag":[],"class_list":{"0":"post-629297","1":"product","2":"type-product","3":"status-publish","4":"has-post-thumbnail","6":"product_cat-accesorios-sala","7":"product_cat-motricidad-gruesa","8":"pa_edad-1-a-2-anos","9":"pa_edad-2-a-3-anos","10":"pa_marca-polar","11":"pa_medidas-12-x-4-x-12-cm","13":"first","14":"instock","15":"shipping-taxable","16":"purchasable","17":"product-type-simple"},"aioseo_notices":[],"_links":{"self":[{"href":"https:\/\/aukinkochile.com\/web\/wp-json\/wp\/v2\/product\/629297","targetHints":{"allow":["GET"]}}],"collection":[{"href":"https:\/\/aukinkochile.com\/web\/wp-json\/wp\/v2\/product"}],"about":[{"href":"https:\/\/aukinkochile.com\/web\/wp-json\/wp\/v2\/types\/product"}],"replies":[{"embeddable":true,"href":"https:\/\/aukinkochile.com\/web\/wp-json\/wp\/v2\/comments?post=629297"}],"wp:featuredmedia":[{"embeddable":true,"href":"https:\/\/aukinkochile.com\/web\/wp-json\/wp\/v2\/media\/629296"}],"wp:attachment":[{"href":"https:\/\/aukinkochile.com\/web\/wp-json\/wp\/v2\/media?parent=629297"}],"wp:term":[{"taxonomy":"product_brand","embeddable":true,"href":"https:\/\/aukinkochile.com\/web\/wp-json\/wp\/v2\/product_brand?post=629297"},{"taxonomy":"product_cat","embeddable":true,"href":"https:\/\/aukinkochile.com\/web\/wp-json\/wp\/v2\/product_cat?post=629297"},{"taxonomy":"product_tag","embeddable":true,"href":"https:\/\/aukinkochile.com\/web\/wp-json\/wp\/v2\/product_tag?post=629297"}],"curies":[{"name":"wp","href":"https:\/\/api.w.org\/{rel}","templated":true}]}}