{"id":629277,"date":"2024-10-02T15:07:30","date_gmt":"2024-10-02T15:07:30","guid":{"rendered":"https:\/\/aukinkochile.com\/web\/producto\/casa-munecas-cocina-y-comedor\/"},"modified":"2025-11-06T18:59:15","modified_gmt":"2025-11-06T18:59:15","slug":"casa-munecas-cocina-y-comedor","status":"publish","type":"product","link":"https:\/\/aukinkochile.com\/web\/producto\/casa-munecas-cocina-y-comedor\/","title":{"rendered":"Casa Mu\u00f1ecas, Cocina y Comedor"},"content":{"rendered":"<p>Hermoso set de accesorios para casas de mu\u00f1ecas fabricado en madera, de material suave y resistente y colores suaves. Un accesorio ideal para estimular el juego de rol con el cual los ni\u00f1os y ni\u00f1as desarrollan sus habilidades sociales y comunican sus emociones de una forma espont\u00e1nea y muy entretenida.<\/p>\n<p><p><strong>Material : <\/strong> Madera<\/p>\n<p><strong>C\u00f3digo Aukinko : <\/strong> 18-244038<\/p>\n<p><strong>C\u00f3digo Convenio Marco : <\/strong> x<\/p>\n","protected":false},"excerpt":{"rendered":"<p>Hermoso set de accesorios para casas de mu\u00f1ecas fabricado en madera, de material suave y resistente y colores suaves. Un accesorio ideal para estimular el juego de rol con el cual los ni\u00f1os y ni\u00f1as desarrollan sus habilidades sociales y comunican sus emociones de una forma espont\u00e1nea y muy entretenida. Material : Madera C\u00f3digo Aukinko [&hellip;]<\/p>\n","protected":false},"featured_media":629276,"comment_status":"open","ping_status":"closed","template":"","meta":{"_et_pb_use_builder":"","_et_pb_old_content":"","_et_gb_content_width":""},"product_brand":[],"product_cat":[91,17],"product_tag":[],"class_list":{"0":"post-629277","1":"product","2":"type-product","3":"status-publish","4":"has-post-thumbnail","6":"product_cat-accesorios-sala","7":"product_cat-juegos-de-rol","8":"pa_edad-3-a-4-anos","9":"pa_edad-4-a-5-anos","10":"pa_edad-5-a-6-anos","11":"pa_edad-6-a-8-anos","12":"pa_edad-8-a-10-anos","13":"pa_marca-polar","14":"pa_medidas-17-x-12-x-4","15":"pa_medidas-6-cm","17":"first","18":"instock","19":"shipping-taxable","20":"purchasable","21":"product-type-simple"},"aioseo_notices":[],"_links":{"self":[{"href":"https:\/\/aukinkochile.com\/web\/wp-json\/wp\/v2\/product\/629277","targetHints":{"allow":["GET"]}}],"collection":[{"href":"https:\/\/aukinkochile.com\/web\/wp-json\/wp\/v2\/product"}],"about":[{"href":"https:\/\/aukinkochile.com\/web\/wp-json\/wp\/v2\/types\/product"}],"replies":[{"embeddable":true,"href":"https:\/\/aukinkochile.com\/web\/wp-json\/wp\/v2\/comments?post=629277"}],"wp:featuredmedia":[{"embeddable":true,"href":"https:\/\/aukinkochile.com\/web\/wp-json\/wp\/v2\/media\/629276"}],"wp:attachment":[{"href":"https:\/\/aukinkochile.com\/web\/wp-json\/wp\/v2\/media?parent=629277"}],"wp:term":[{"taxonomy":"product_brand","embeddable":true,"href":"https:\/\/aukinkochile.com\/web\/wp-json\/wp\/v2\/product_brand?post=629277"},{"taxonomy":"product_cat","embeddable":true,"href":"https:\/\/aukinkochile.com\/web\/wp-json\/wp\/v2\/product_cat?post=629277"},{"taxonomy":"product_tag","embeddable":true,"href":"https:\/\/aukinkochile.com\/web\/wp-json\/wp\/v2\/product_tag?post=629277"}],"curies":[{"name":"wp","href":"https:\/\/api.w.org\/{rel}","templated":true}]}}