{"id":629129,"date":"2024-08-09T21:21:29","date_gmt":"2024-08-09T21:21:29","guid":{"rendered":"https:\/\/aukinkochile.com\/web\/producto\/juego-de-mesa-hive\/"},"modified":"2024-08-09T21:21:30","modified_gmt":"2024-08-09T21:21:30","slug":"juego-de-mesa-hive","status":"publish","type":"product","link":"https:\/\/aukinkochile.com\/web\/producto\/juego-de-mesa-hive\/","title":{"rendered":"Juego de Mesa Hive"},"content":{"rendered":"<p>\u00a1F\u00e1cil de aprender, f\u00e1cil de jugar, pero con una gran profundidad de juego y un alto potencial de adicci\u00f3n!\u00a0Cada juego es diferente, porque las piezas del juego de alta calidad no requieren un tablero de juego y todos los insectos tienen diferentes reglas de movimiento.\u00a0El objetivo es simple: la abeja reina opuesta debe estar rodeada de fichas.\u00a0\u00a1Pero tu propia reina no deber\u00eda estar en peligro! Divertido juego de estrategia para jugar de 2 jugadores. Recomendado a partir de 9 a\u00f1os. Duraci\u00f3n aproximada 20 minutos.<\/p>\n<p><p><strong>Material : <\/strong> Cart\u00f3n Grueso<\/p>\n<p><strong>C\u00f3digo Aukinko : <\/strong> 18-1875150<\/p>\n<p><strong>C\u00f3digo Convenio Marco : <\/strong> x<\/p>\n","protected":false},"excerpt":{"rendered":"<p>\u00a1F\u00e1cil de aprender, f\u00e1cil de jugar, pero con una gran profundidad de juego y un alto potencial de adicci\u00f3n!\u00a0Cada juego es diferente, porque las piezas del juego de alta calidad no requieren un tablero de juego y todos los insectos tienen diferentes reglas de movimiento.\u00a0El objetivo es simple: la abeja reina opuesta debe estar rodeada [&hellip;]<\/p>\n","protected":false},"featured_media":624675,"comment_status":"open","ping_status":"closed","template":"","meta":{"_et_pb_use_builder":"","_et_pb_old_content":"","_et_gb_content_width":""},"product_brand":[],"product_cat":[149],"product_tag":[],"class_list":{"0":"post-629129","1":"product","2":"type-product","3":"status-publish","4":"has-post-thumbnail","6":"product_cat-juegos-de-mesa","7":"pa_edad-10-anos","8":"pa_edad-8-a-10-anos","9":"pa_marca-huch","10":"pa_medidas-4469","11":"pa_medidas-5-x-24-x-24-cm","13":"first","14":"instock","15":"shipping-taxable","16":"purchasable","17":"product-type-simple"},"aioseo_notices":[],"_links":{"self":[{"href":"https:\/\/aukinkochile.com\/web\/wp-json\/wp\/v2\/product\/629129","targetHints":{"allow":["GET"]}}],"collection":[{"href":"https:\/\/aukinkochile.com\/web\/wp-json\/wp\/v2\/product"}],"about":[{"href":"https:\/\/aukinkochile.com\/web\/wp-json\/wp\/v2\/types\/product"}],"replies":[{"embeddable":true,"href":"https:\/\/aukinkochile.com\/web\/wp-json\/wp\/v2\/comments?post=629129"}],"wp:featuredmedia":[{"embeddable":true,"href":"https:\/\/aukinkochile.com\/web\/wp-json\/wp\/v2\/media\/624675"}],"wp:attachment":[{"href":"https:\/\/aukinkochile.com\/web\/wp-json\/wp\/v2\/media?parent=629129"}],"wp:term":[{"taxonomy":"product_brand","embeddable":true,"href":"https:\/\/aukinkochile.com\/web\/wp-json\/wp\/v2\/product_brand?post=629129"},{"taxonomy":"product_cat","embeddable":true,"href":"https:\/\/aukinkochile.com\/web\/wp-json\/wp\/v2\/product_cat?post=629129"},{"taxonomy":"product_tag","embeddable":true,"href":"https:\/\/aukinkochile.com\/web\/wp-json\/wp\/v2\/product_tag?post=629129"}],"curies":[{"name":"wp","href":"https:\/\/api.w.org\/{rel}","templated":true}]}}