{"id":629126,"date":"2024-08-09T21:21:26","date_gmt":"2024-08-09T21:21:26","guid":{"rendered":"https:\/\/aukinkochile.com\/web\/producto\/juego-madera-4-en-fila\/"},"modified":"2025-06-26T16:15:34","modified_gmt":"2025-06-26T16:15:34","slug":"juego-madera-4-en-fila","status":"publish","type":"product","link":"https:\/\/aukinkochile.com\/web\/producto\/juego-madera-4-en-fila\/","title":{"rendered":"Juego Madera 4 en Fila"},"content":{"rendered":"<p>Un cl\u00e1sico juego que aporta diversi\u00f3n y estrategia interminables a las noches familiares. Este juego interactivo es f\u00e1cil de aprender y ofrece capas de profundidad y emoci\u00f3n a medida que los jugadores idean estrategias para vencer a sus oponentes. El 4 en l\u00ednea de madera es un juego que te mantiene alerta, requiriendo tanto habilidad como estrategia. Es una batalla de ingenio y t\u00e1ctica mientras intentas mantenerte un paso adelante. Fabricado con madera de alta calidad, este juego est\u00e1 dise\u00f1ado para perdurar y brindar innumerables horas de entretenimiento para jugadores de todas las edades.<\/p>\n<p><p><strong>Material : <\/strong> Madera<\/p>\n<p><strong>C\u00f3digo Aukinko : <\/strong> 17-90959 <\/p>\n<p><strong>C\u00f3digo Convenio Marco : <\/strong> x<\/p>\n","protected":false},"excerpt":{"rendered":"<p>Un cl\u00e1sico juego que aporta diversi\u00f3n y estrategia interminables a las noches familiares. Este juego interactivo es f\u00e1cil de aprender y ofrece capas de profundidad y emoci\u00f3n a medida que los jugadores idean estrategias para vencer a sus oponentes. El 4 en l\u00ednea de madera es un juego que te mantiene alerta, requiriendo tanto habilidad [&hellip;]<\/p>\n","protected":false},"featured_media":625567,"comment_status":"open","ping_status":"closed","template":"","meta":{"_et_pb_use_builder":"","_et_pb_old_content":"","_et_gb_content_width":""},"product_brand":[],"product_cat":[7385,149],"product_tag":[],"class_list":{"0":"post-629126","1":"product","2":"type-product","3":"status-publish","4":"has-post-thumbnail","6":"product_cat-estimulacion-cognitiva-y-motora-para-adultos-mayores","7":"product_cat-juegos-de-mesa","8":"pa_edad-10-anos","9":"pa_edad-3-a-4-anos","10":"pa_edad-4-a-5-anos","11":"pa_edad-5-a-6-anos","12":"pa_edad-6-a-8-anos","13":"pa_edad-8-a-10-anos","14":"pa_marca-tooky-toy","15":"pa_medidas-28-x-12-x-22-cm","17":"first","18":"instock","19":"shipping-taxable","20":"purchasable","21":"product-type-simple"},"aioseo_notices":[],"_links":{"self":[{"href":"https:\/\/aukinkochile.com\/web\/wp-json\/wp\/v2\/product\/629126","targetHints":{"allow":["GET"]}}],"collection":[{"href":"https:\/\/aukinkochile.com\/web\/wp-json\/wp\/v2\/product"}],"about":[{"href":"https:\/\/aukinkochile.com\/web\/wp-json\/wp\/v2\/types\/product"}],"replies":[{"embeddable":true,"href":"https:\/\/aukinkochile.com\/web\/wp-json\/wp\/v2\/comments?post=629126"}],"wp:featuredmedia":[{"embeddable":true,"href":"https:\/\/aukinkochile.com\/web\/wp-json\/wp\/v2\/media\/625567"}],"wp:attachment":[{"href":"https:\/\/aukinkochile.com\/web\/wp-json\/wp\/v2\/media?parent=629126"}],"wp:term":[{"taxonomy":"product_brand","embeddable":true,"href":"https:\/\/aukinkochile.com\/web\/wp-json\/wp\/v2\/product_brand?post=629126"},{"taxonomy":"product_cat","embeddable":true,"href":"https:\/\/aukinkochile.com\/web\/wp-json\/wp\/v2\/product_cat?post=629126"},{"taxonomy":"product_tag","embeddable":true,"href":"https:\/\/aukinkochile.com\/web\/wp-json\/wp\/v2\/product_tag?post=629126"}],"curies":[{"name":"wp","href":"https:\/\/api.w.org\/{rel}","templated":true}]}}