{"id":629120,"date":"2024-08-09T21:07:26","date_gmt":"2024-08-09T21:07:26","guid":{"rendered":"https:\/\/aukinkochile.com\/web\/producto\/cumpleanos-sorpresas-superheroes\/"},"modified":"2024-08-09T21:07:26","modified_gmt":"2024-08-09T21:07:26","slug":"cumpleanos-sorpresas-superheroes","status":"publish","type":"product","link":"https:\/\/aukinkochile.com\/web\/producto\/cumpleanos-sorpresas-superheroes\/","title":{"rendered":"Cumplea\u00f1os Sorpresas Superh\u00e9roes"},"content":{"rendered":"<p>8 cucuruchos de papel decorado para armar, ideal para guardar las sorpresas de los cumplea\u00f1os. <\/p>\n<p><p><strong>Material : <\/strong> Cart\u00f3n<\/p>\n<p><strong>C\u00f3digo Aukinko : <\/strong> 14-54761<\/p>\n<p><strong>C\u00f3digo Convenio Marco : <\/strong> x<\/p>\n","protected":false},"excerpt":{"rendered":"<p>8 cucuruchos de papel decorado para armar, ideal para guardar las sorpresas de los cumplea\u00f1os. Material : Cart\u00f3n C\u00f3digo Aukinko : 14-54761 C\u00f3digo Convenio Marco : x<\/p>\n","protected":false},"featured_media":0,"comment_status":"open","ping_status":"closed","template":"","meta":{"_et_pb_use_builder":"","_et_pb_old_content":"","_et_gb_content_width":""},"product_brand":[],"product_cat":[],"product_tag":[],"class_list":{"0":"post-629120","1":"product","2":"type-product","3":"status-publish","6":"first","7":"instock","8":"shipping-taxable","9":"product-type-simple"},"aioseo_notices":[],"_links":{"self":[{"href":"https:\/\/aukinkochile.com\/web\/wp-json\/wp\/v2\/product\/629120","targetHints":{"allow":["GET"]}}],"collection":[{"href":"https:\/\/aukinkochile.com\/web\/wp-json\/wp\/v2\/product"}],"about":[{"href":"https:\/\/aukinkochile.com\/web\/wp-json\/wp\/v2\/types\/product"}],"replies":[{"embeddable":true,"href":"https:\/\/aukinkochile.com\/web\/wp-json\/wp\/v2\/comments?post=629120"}],"wp:attachment":[{"href":"https:\/\/aukinkochile.com\/web\/wp-json\/wp\/v2\/media?parent=629120"}],"wp:term":[{"taxonomy":"product_brand","embeddable":true,"href":"https:\/\/aukinkochile.com\/web\/wp-json\/wp\/v2\/product_brand?post=629120"},{"taxonomy":"product_cat","embeddable":true,"href":"https:\/\/aukinkochile.com\/web\/wp-json\/wp\/v2\/product_cat?post=629120"},{"taxonomy":"product_tag","embeddable":true,"href":"https:\/\/aukinkochile.com\/web\/wp-json\/wp\/v2\/product_tag?post=629120"}],"curies":[{"name":"wp","href":"https:\/\/api.w.org\/{rel}","templated":true}]}}