{"id":628192,"date":"2024-05-13T17:59:06","date_gmt":"2024-05-13T17:59:06","guid":{"rendered":"https:\/\/aukinkochile.com\/web\/producto\/pelota-para-enlazar\/"},"modified":"2024-12-26T14:57:09","modified_gmt":"2024-12-26T14:57:09","slug":"pelota-para-enlazar","status":"publish","type":"product","link":"https:\/\/aukinkochile.com\/web\/producto\/pelota-para-enlazar\/","title":{"rendered":"Pelota para Enlazar"},"content":{"rendered":"<p>Es una pelota y es un telar. Esta pelota atrapa la atenci\u00f3n de los ni\u00f1os peque\u00f1os. Simplemente el ni\u00f1o debe pasar las cuerdas pl\u00e1sticas flexibles por los orificios del mismo color. Las cuerdas se pueden conectar para hacerse mas largas. De gran calidad. Pelota de 12 cm aprox.<\/p>\n<p><p><strong>Material : <\/strong> Pl\u00e1stico y Goma<\/p>\n<p><strong>C\u00f3digo Aukinko : <\/strong> 18-5525021<\/p>\n<p><strong>C\u00f3digo Convenio Marco : <\/strong> x<\/p>\n","protected":false},"excerpt":{"rendered":"<p>Es una pelota y es un telar. Esta pelota atrapa la atenci\u00f3n de los ni\u00f1os peque\u00f1os. Simplemente el ni\u00f1o debe pasar las cuerdas pl\u00e1sticas flexibles por los orificios del mismo color. Las cuerdas se pueden conectar para hacerse mas largas. De gran calidad. Pelota de 12 cm aprox. Material : Pl\u00e1stico y Goma C\u00f3digo Aukinko [&hellip;]<\/p>\n","protected":false},"featured_media":628191,"comment_status":"open","ping_status":"closed","template":"","meta":{"_et_pb_use_builder":"","_et_pb_old_content":"","_et_gb_content_width":""},"product_brand":[],"product_cat":[91,18,23],"product_tag":[],"class_list":{"0":"post-628192","1":"product","2":"type-product","3":"status-publish","4":"has-post-thumbnail","6":"product_cat-accesorios-sala","7":"product_cat-motricidad-gruesa","8":"product_cat-primeros-anos","9":"pa_edad-1-a-2-anos","10":"pa_edad-2-a-3-anos","11":"pa_marca-edushape","12":"pa_medidas-12-x-12-x-18-cm-caja","14":"first","15":"instock","16":"shipping-taxable","17":"purchasable","18":"product-type-simple"},"aioseo_notices":[],"_links":{"self":[{"href":"https:\/\/aukinkochile.com\/web\/wp-json\/wp\/v2\/product\/628192","targetHints":{"allow":["GET"]}}],"collection":[{"href":"https:\/\/aukinkochile.com\/web\/wp-json\/wp\/v2\/product"}],"about":[{"href":"https:\/\/aukinkochile.com\/web\/wp-json\/wp\/v2\/types\/product"}],"replies":[{"embeddable":true,"href":"https:\/\/aukinkochile.com\/web\/wp-json\/wp\/v2\/comments?post=628192"}],"wp:featuredmedia":[{"embeddable":true,"href":"https:\/\/aukinkochile.com\/web\/wp-json\/wp\/v2\/media\/628191"}],"wp:attachment":[{"href":"https:\/\/aukinkochile.com\/web\/wp-json\/wp\/v2\/media?parent=628192"}],"wp:term":[{"taxonomy":"product_brand","embeddable":true,"href":"https:\/\/aukinkochile.com\/web\/wp-json\/wp\/v2\/product_brand?post=628192"},{"taxonomy":"product_cat","embeddable":true,"href":"https:\/\/aukinkochile.com\/web\/wp-json\/wp\/v2\/product_cat?post=628192"},{"taxonomy":"product_tag","embeddable":true,"href":"https:\/\/aukinkochile.com\/web\/wp-json\/wp\/v2\/product_tag?post=628192"}],"curies":[{"name":"wp","href":"https:\/\/api.w.org\/{rel}","templated":true}]}}