{"id":628156,"date":"2024-05-02T18:24:52","date_gmt":"2024-05-02T18:24:52","guid":{"rendered":"https:\/\/aukinkochile.com\/web\/producto\/pelota-futbol-chica-c-u\/"},"modified":"2024-05-02T20:33:41","modified_gmt":"2024-05-02T20:33:41","slug":"pelota-futbol-chica-c-u","status":"publish","type":"product","link":"https:\/\/aukinkochile.com\/web\/producto\/pelota-futbol-chica-c-u\/","title":{"rendered":"Pelota Futbol Chica 15 cm c\/u"},"content":{"rendered":"<p>Pelota de futbol chica muy resistente. De gran calidad y dise\u00f1o. Especialmente dise\u00f1ada para los programas de gimnasia de los mas peque\u00f1os. Colores surtidos brillantes. Precio por unidad.<\/p>\n<p><strong>Material : <\/strong> Goma<\/p>\n<p><strong>C\u00f3digo Aukinko : <\/strong> 08-852127<\/p>\n<p><strong>C\u00f3digo Convenio Marco : <\/strong> x<\/p>\n","protected":false},"excerpt":{"rendered":"<p>Pelota de futbol chica muy resistente. De gran calidad y dise\u00f1o. Especialmente dise\u00f1ada para los programas de gimnasia de los mas peque\u00f1os. Colores surtidos brillantes. Precio por unidad. Material : Goma C\u00f3digo Aukinko : 08-852127 C\u00f3digo Convenio Marco : x<\/p>\n","protected":false},"featured_media":628174,"comment_status":"open","ping_status":"closed","template":"","meta":{"_et_pb_use_builder":"","_et_pb_old_content":"","_et_gb_content_width":""},"product_brand":[],"product_cat":[148,18],"product_tag":[],"class_list":{"0":"post-628156","1":"product","2":"type-product","3":"status-publish","4":"has-post-thumbnail","6":"product_cat-deportes","7":"product_cat-motricidad-gruesa","8":"pa_edad-2-a-3-anos","9":"pa_edad-3-a-4-anos","10":"pa_edad-4-a-5-anos","11":"pa_edad-5-a-6-anos","12":"pa_edad-6-a-8-anos","13":"pa_marca-john","14":"pa_medidas-4314","15":"pa_medidas-5-cm-diametro","17":"first","18":"instock","19":"shipping-taxable","20":"purchasable","21":"product-type-simple"},"aioseo_notices":[],"_links":{"self":[{"href":"https:\/\/aukinkochile.com\/web\/wp-json\/wp\/v2\/product\/628156","targetHints":{"allow":["GET"]}}],"collection":[{"href":"https:\/\/aukinkochile.com\/web\/wp-json\/wp\/v2\/product"}],"about":[{"href":"https:\/\/aukinkochile.com\/web\/wp-json\/wp\/v2\/types\/product"}],"replies":[{"embeddable":true,"href":"https:\/\/aukinkochile.com\/web\/wp-json\/wp\/v2\/comments?post=628156"}],"wp:featuredmedia":[{"embeddable":true,"href":"https:\/\/aukinkochile.com\/web\/wp-json\/wp\/v2\/media\/628174"}],"wp:attachment":[{"href":"https:\/\/aukinkochile.com\/web\/wp-json\/wp\/v2\/media?parent=628156"}],"wp:term":[{"taxonomy":"product_brand","embeddable":true,"href":"https:\/\/aukinkochile.com\/web\/wp-json\/wp\/v2\/product_brand?post=628156"},{"taxonomy":"product_cat","embeddable":true,"href":"https:\/\/aukinkochile.com\/web\/wp-json\/wp\/v2\/product_cat?post=628156"},{"taxonomy":"product_tag","embeddable":true,"href":"https:\/\/aukinkochile.com\/web\/wp-json\/wp\/v2\/product_tag?post=628156"}],"curies":[{"name":"wp","href":"https:\/\/api.w.org\/{rel}","templated":true}]}}