{"id":628078,"date":"2024-04-26T17:53:57","date_gmt":"2024-04-26T17:53:57","guid":{"rendered":"https:\/\/aukinkochile.com\/web\/producto\/rastrillo-metalico-15-cm\/"},"modified":"2024-04-26T17:54:44","modified_gmt":"2024-04-26T17:54:44","slug":"rastrillo-metalico-15-cm","status":"publish","type":"product","link":"https:\/\/aukinkochile.com\/web\/producto\/rastrillo-metalico-15-cm\/","title":{"rendered":"Rastrillo Met\u00e1lico 15 cm"},"content":{"rendered":"<p>Este rastrillo met\u00e1lico es una herramienta de jard\u00edn con mango de madera muy c\u00f3modo para la mano de un ni\u00f1o. De excelente calidad y perfecto dise\u00f1o. Material durable e inoxidable.<\/p>\n<p><p><strong>Material : <\/strong> Madera y Metal<\/p>\n<p><strong>C\u00f3digo Aukinko : <\/strong> 06-7761<\/p>\n<p><strong>C\u00f3digo Convenio Marco : <\/strong> x<\/p>\n","protected":false},"excerpt":{"rendered":"<p>Este rastrillo met\u00e1lico es una herramienta de jard\u00edn con mango de madera muy c\u00f3modo para la mano de un ni\u00f1o. De excelente calidad y perfecto dise\u00f1o. Material durable e inoxidable. Material : Madera y Metal C\u00f3digo Aukinko : 06-7761 C\u00f3digo Convenio Marco : x<\/p>\n","protected":false},"featured_media":623190,"comment_status":"open","ping_status":"closed","template":"","meta":{"_et_pb_use_builder":"","_et_pb_old_content":"","_et_gb_content_width":""},"product_brand":[],"product_cat":[1005,17],"product_tag":[],"class_list":{"0":"post-628078","1":"product","2":"type-product","3":"status-publish","4":"has-post-thumbnail","6":"product_cat-accesorios-patio","7":"product_cat-juegos-de-rol","8":"pa_edad-10-anos","9":"pa_edad-4-a-5-anos","10":"pa_edad-5-a-6-anos","11":"pa_edad-6-a-8-anos","12":"pa_edad-8-a-10-anos","13":"pa_marca-nyby","14":"pa_medidas-15-cm","16":"first","17":"instock","18":"shipping-taxable","19":"purchasable","20":"product-type-simple"},"aioseo_notices":[],"_links":{"self":[{"href":"https:\/\/aukinkochile.com\/web\/wp-json\/wp\/v2\/product\/628078","targetHints":{"allow":["GET"]}}],"collection":[{"href":"https:\/\/aukinkochile.com\/web\/wp-json\/wp\/v2\/product"}],"about":[{"href":"https:\/\/aukinkochile.com\/web\/wp-json\/wp\/v2\/types\/product"}],"replies":[{"embeddable":true,"href":"https:\/\/aukinkochile.com\/web\/wp-json\/wp\/v2\/comments?post=628078"}],"wp:featuredmedia":[{"embeddable":true,"href":"https:\/\/aukinkochile.com\/web\/wp-json\/wp\/v2\/media\/623190"}],"wp:attachment":[{"href":"https:\/\/aukinkochile.com\/web\/wp-json\/wp\/v2\/media?parent=628078"}],"wp:term":[{"taxonomy":"product_brand","embeddable":true,"href":"https:\/\/aukinkochile.com\/web\/wp-json\/wp\/v2\/product_brand?post=628078"},{"taxonomy":"product_cat","embeddable":true,"href":"https:\/\/aukinkochile.com\/web\/wp-json\/wp\/v2\/product_cat?post=628078"},{"taxonomy":"product_tag","embeddable":true,"href":"https:\/\/aukinkochile.com\/web\/wp-json\/wp\/v2\/product_tag?post=628078"}],"curies":[{"name":"wp","href":"https:\/\/api.w.org\/{rel}","templated":true}]}}