{"id":627987,"date":"2024-04-09T21:31:48","date_gmt":"2024-04-09T21:31:48","guid":{"rendered":"https:\/\/aukinkochile.com\/web\/producto\/arrastre-circuito-y-engranaje-madera\/"},"modified":"2025-04-22T14:25:12","modified_gmt":"2025-04-22T14:25:12","slug":"arrastre-circuito-y-engranaje-madera","status":"publish","type":"product","link":"https:\/\/aukinkochile.com\/web\/producto\/arrastre-circuito-y-engranaje-madera\/","title":{"rendered":"Arrastre Circuito y Engranaje Madera"},"content":{"rendered":"<p>Este divertido juego de arrastre es adem\u00e1s un juego de encaje y circuito que lo hace a\u00fan m\u00e1s entretenido para la primera infancia. Los personajes son removibles, los ni\u00f1os y ni\u00f1as pueden sacarlos y jugar con ellos. Un cl\u00e1sico juego de madera que estimula las habilidades motoras de los m\u00e1s peque\u00f1os y los acompa\u00f1a en su desarrollo. De material suave y resistente y colores vivos.<\/p>\n<p><p><strong>Material : <\/strong> Madera<\/p>\n<p><strong>C\u00f3digo Aukinko : <\/strong> 18-244682<\/p>\n<p><strong>C\u00f3digo Convenio Marco : <\/strong> x<\/p>\n","protected":false},"excerpt":{"rendered":"<p>Este divertido juego de arrastre es adem\u00e1s un juego de encaje y circuito que lo hace a\u00fan m\u00e1s entretenido para la primera infancia. Los personajes son removibles, los ni\u00f1os y ni\u00f1as pueden sacarlos y jugar con ellos. Un cl\u00e1sico juego de madera que estimula las habilidades motoras de los m\u00e1s peque\u00f1os y los acompa\u00f1a en [&hellip;]<\/p>\n","protected":false},"featured_media":622644,"comment_status":"open","ping_status":"closed","template":"","meta":{"_et_pb_use_builder":"","_et_pb_old_content":"","_et_gb_content_width":""},"product_brand":[],"product_cat":[19],"product_tag":[],"class_list":{"0":"post-627987","1":"product","2":"type-product","3":"status-publish","4":"has-post-thumbnail","6":"product_cat-construccion","7":"pa_edad-1-a-2-anos","8":"pa_edad-2-a-3-anos","9":"pa_edad-3-a-4-anos","10":"pa_marca-viga","11":"pa_medidas-4400","12":"pa_medidas-7-x-20","13":"pa_medidas-7-x-7-cm","15":"first","16":"instock","17":"shipping-taxable","18":"purchasable","19":"product-type-simple"},"aioseo_notices":[],"_links":{"self":[{"href":"https:\/\/aukinkochile.com\/web\/wp-json\/wp\/v2\/product\/627987","targetHints":{"allow":["GET"]}}],"collection":[{"href":"https:\/\/aukinkochile.com\/web\/wp-json\/wp\/v2\/product"}],"about":[{"href":"https:\/\/aukinkochile.com\/web\/wp-json\/wp\/v2\/types\/product"}],"replies":[{"embeddable":true,"href":"https:\/\/aukinkochile.com\/web\/wp-json\/wp\/v2\/comments?post=627987"}],"wp:featuredmedia":[{"embeddable":true,"href":"https:\/\/aukinkochile.com\/web\/wp-json\/wp\/v2\/media\/622644"}],"wp:attachment":[{"href":"https:\/\/aukinkochile.com\/web\/wp-json\/wp\/v2\/media?parent=627987"}],"wp:term":[{"taxonomy":"product_brand","embeddable":true,"href":"https:\/\/aukinkochile.com\/web\/wp-json\/wp\/v2\/product_brand?post=627987"},{"taxonomy":"product_cat","embeddable":true,"href":"https:\/\/aukinkochile.com\/web\/wp-json\/wp\/v2\/product_cat?post=627987"},{"taxonomy":"product_tag","embeddable":true,"href":"https:\/\/aukinkochile.com\/web\/wp-json\/wp\/v2\/product_tag?post=627987"}],"curies":[{"name":"wp","href":"https:\/\/api.w.org\/{rel}","templated":true}]}}