{"id":627971,"date":"2024-04-09T21:30:03","date_gmt":"2024-04-09T21:30:03","guid":{"rendered":"https:\/\/aukinkochile.com\/web\/producto\/cocina-madera-2\/"},"modified":"2025-11-06T18:59:24","modified_gmt":"2025-11-06T18:59:24","slug":"cocina-madera-2","status":"publish","type":"product","link":"https:\/\/aukinkochile.com\/web\/producto\/cocina-madera-2\/","title":{"rendered":"Cocina Madera"},"content":{"rendered":"<p>Esta hermosa cocina moderna incluye refrigerador, calentadores, gabinete, fregadero y horno. Tiene luz y sonido interactivo para hacerla a\u00fan m\u00e1s entretenida. Los juegos de rol tienen gran importancia en el desarrollo de habilidades sociales y la estimulaci\u00f3n del lenguaje en edades tempranas. De material suave y resistente.<\/p>\n<p><p><strong>Material : <\/strong> Madera<\/p>\n<p><strong>C\u00f3digo Aukinko : <\/strong> 18-244072<\/p>\n<p><strong>C\u00f3digo Convenio Marco : <\/strong> x<\/p>\n","protected":false},"excerpt":{"rendered":"<p>Esta hermosa cocina moderna incluye refrigerador, calentadores, gabinete, fregadero y horno. Tiene luz y sonido interactivo para hacerla a\u00fan m\u00e1s entretenida. Los juegos de rol tienen gran importancia en el desarrollo de habilidades sociales y la estimulaci\u00f3n del lenguaje en edades tempranas. De material suave y resistente. Material : Madera C\u00f3digo Aukinko : 18-244072 C\u00f3digo [&hellip;]<\/p>\n","protected":false},"featured_media":627970,"comment_status":"open","ping_status":"closed","template":"","meta":{"_et_pb_use_builder":"","_et_pb_old_content":"","_et_gb_content_width":""},"product_brand":[],"product_cat":[91,17],"product_tag":[],"class_list":{"0":"post-627971","1":"product","2":"type-product","3":"status-publish","4":"has-post-thumbnail","6":"product_cat-accesorios-sala","7":"product_cat-juegos-de-rol","8":"pa_edad-3-a-4-anos","9":"pa_edad-4-a-5-anos","10":"pa_edad-5-a-6-anos","11":"pa_marca-polar","12":"pa_medidas-5-cm","13":"pa_medidas-6-x-6-x-7","15":"first","16":"instock","17":"shipping-taxable","18":"purchasable","19":"product-type-simple"},"aioseo_notices":[],"_links":{"self":[{"href":"https:\/\/aukinkochile.com\/web\/wp-json\/wp\/v2\/product\/627971","targetHints":{"allow":["GET"]}}],"collection":[{"href":"https:\/\/aukinkochile.com\/web\/wp-json\/wp\/v2\/product"}],"about":[{"href":"https:\/\/aukinkochile.com\/web\/wp-json\/wp\/v2\/types\/product"}],"replies":[{"embeddable":true,"href":"https:\/\/aukinkochile.com\/web\/wp-json\/wp\/v2\/comments?post=627971"}],"wp:featuredmedia":[{"embeddable":true,"href":"https:\/\/aukinkochile.com\/web\/wp-json\/wp\/v2\/media\/627970"}],"wp:attachment":[{"href":"https:\/\/aukinkochile.com\/web\/wp-json\/wp\/v2\/media?parent=627971"}],"wp:term":[{"taxonomy":"product_brand","embeddable":true,"href":"https:\/\/aukinkochile.com\/web\/wp-json\/wp\/v2\/product_brand?post=627971"},{"taxonomy":"product_cat","embeddable":true,"href":"https:\/\/aukinkochile.com\/web\/wp-json\/wp\/v2\/product_cat?post=627971"},{"taxonomy":"product_tag","embeddable":true,"href":"https:\/\/aukinkochile.com\/web\/wp-json\/wp\/v2\/product_tag?post=627971"}],"curies":[{"name":"wp","href":"https:\/\/api.w.org\/{rel}","templated":true}]}}