{"id":627688,"date":"2024-02-06T18:46:25","date_gmt":"2024-02-06T18:46:25","guid":{"rendered":"https:\/\/aukinkochile.com\/web\/producto\/mascara-mono\/"},"modified":"2024-02-06T18:46:25","modified_gmt":"2024-02-06T18:46:25","slug":"mascara-mono","status":"publish","type":"product","link":"https:\/\/aukinkochile.com\/web\/producto\/mascara-mono\/","title":{"rendered":"Mascara Mono"},"content":{"rendered":"<p>Mascara de mono de raso con finas terminaciones y detalles, es el accesorio perfecto para cualquier ni\u00f1o que adora disfrazarse. <\/p>\n<p><p><strong>Material : <\/strong> GENERO<\/p>\n<p><strong>C\u00f3digo Aukinko : <\/strong> 14-22603<\/p>\n<p><strong>C\u00f3digo Convenio Marco : <\/strong> x<\/p>\n","protected":false},"excerpt":{"rendered":"<p>Mascara de mono de raso con finas terminaciones y detalles, es el accesorio perfecto para cualquier ni\u00f1o que adora disfrazarse. Material : GENERO C\u00f3digo Aukinko : 14-22603 C\u00f3digo Convenio Marco : x<\/p>\n","protected":false},"featured_media":627687,"comment_status":"open","ping_status":"closed","template":"","meta":{"_et_pb_use_builder":"","_et_pb_old_content":"","_et_gb_content_width":""},"product_brand":[],"product_cat":[17],"product_tag":[],"class_list":{"0":"post-627688","1":"product","2":"type-product","3":"status-publish","4":"has-post-thumbnail","6":"product_cat-juegos-de-rol","7":"pa_edad-3-a-4-anos","8":"pa_edad-4-a-5-anos","9":"pa_edad-5-a-6-anos","10":"pa_edad-6-a-8-anos","11":"pa_marca-lucy-locket","12":"pa_medidas-talla-unica","14":"first","15":"instock","16":"shipping-taxable","17":"purchasable","18":"product-type-simple"},"aioseo_notices":[],"_links":{"self":[{"href":"https:\/\/aukinkochile.com\/web\/wp-json\/wp\/v2\/product\/627688","targetHints":{"allow":["GET"]}}],"collection":[{"href":"https:\/\/aukinkochile.com\/web\/wp-json\/wp\/v2\/product"}],"about":[{"href":"https:\/\/aukinkochile.com\/web\/wp-json\/wp\/v2\/types\/product"}],"replies":[{"embeddable":true,"href":"https:\/\/aukinkochile.com\/web\/wp-json\/wp\/v2\/comments?post=627688"}],"wp:featuredmedia":[{"embeddable":true,"href":"https:\/\/aukinkochile.com\/web\/wp-json\/wp\/v2\/media\/627687"}],"wp:attachment":[{"href":"https:\/\/aukinkochile.com\/web\/wp-json\/wp\/v2\/media?parent=627688"}],"wp:term":[{"taxonomy":"product_brand","embeddable":true,"href":"https:\/\/aukinkochile.com\/web\/wp-json\/wp\/v2\/product_brand?post=627688"},{"taxonomy":"product_cat","embeddable":true,"href":"https:\/\/aukinkochile.com\/web\/wp-json\/wp\/v2\/product_cat?post=627688"},{"taxonomy":"product_tag","embeddable":true,"href":"https:\/\/aukinkochile.com\/web\/wp-json\/wp\/v2\/product_tag?post=627688"}],"curies":[{"name":"wp","href":"https:\/\/api.w.org\/{rel}","templated":true}]}}