{"id":627651,"date":"2024-02-06T18:46:13","date_gmt":"2024-02-06T18:46:13","guid":{"rendered":"https:\/\/aukinkochile.com\/web\/producto\/ciencia-acc-jeringa-10-ml-set-10\/"},"modified":"2024-02-06T18:46:13","modified_gmt":"2024-02-06T18:46:13","slug":"ciencia-acc-jeringa-10-ml-set-10","status":"publish","type":"product","link":"https:\/\/aukinkochile.com\/web\/producto\/ciencia-acc-jeringa-10-ml-set-10\/","title":{"rendered":"Ciencia Acc. Jeringa 10 ml set 10"},"content":{"rendered":"<p>Set de 10 jeringas pl\u00e1sticas de 10 ml con sello de goma para dar una acci\u00f3n de empujar-tir\u00f3n eficaz. (tama\u00f1o marcado con verde en foto)<\/p>\n<p><p><strong>Material : <\/strong> PLASTICO<\/p>\n<p><strong>C\u00f3digo Aukinko : <\/strong> 10-364399<\/p>\n<p><strong>C\u00f3digo Convenio Marco : <\/strong> x<\/p>\n","protected":false},"excerpt":{"rendered":"<p>Set de 10 jeringas pl\u00e1sticas de 10 ml con sello de goma para dar una acci\u00f3n de empujar-tir\u00f3n eficaz. (tama\u00f1o marcado con verde en foto) Material : PLASTICO C\u00f3digo Aukinko : 10-364399 C\u00f3digo Convenio Marco : x<\/p>\n","protected":false},"featured_media":627650,"comment_status":"open","ping_status":"closed","template":"","meta":{"_et_pb_use_builder":"","_et_pb_old_content":"","_et_gb_content_width":""},"product_brand":[],"product_cat":[92],"product_tag":[],"class_list":{"0":"post-627651","1":"product","2":"type-product","3":"status-publish","4":"has-post-thumbnail","6":"product_cat-ciencias","7":"pa_edad-10-anos","8":"pa_edad-5-a-6-anos","9":"pa_edad-6-a-8-anos","10":"pa_edad-8-a-10-anos","11":"pa_marca-commotion","13":"first","14":"instock","15":"shipping-taxable","16":"purchasable","17":"product-type-simple"},"aioseo_notices":[],"_links":{"self":[{"href":"https:\/\/aukinkochile.com\/web\/wp-json\/wp\/v2\/product\/627651","targetHints":{"allow":["GET"]}}],"collection":[{"href":"https:\/\/aukinkochile.com\/web\/wp-json\/wp\/v2\/product"}],"about":[{"href":"https:\/\/aukinkochile.com\/web\/wp-json\/wp\/v2\/types\/product"}],"replies":[{"embeddable":true,"href":"https:\/\/aukinkochile.com\/web\/wp-json\/wp\/v2\/comments?post=627651"}],"wp:featuredmedia":[{"embeddable":true,"href":"https:\/\/aukinkochile.com\/web\/wp-json\/wp\/v2\/media\/627650"}],"wp:attachment":[{"href":"https:\/\/aukinkochile.com\/web\/wp-json\/wp\/v2\/media?parent=627651"}],"wp:term":[{"taxonomy":"product_brand","embeddable":true,"href":"https:\/\/aukinkochile.com\/web\/wp-json\/wp\/v2\/product_brand?post=627651"},{"taxonomy":"product_cat","embeddable":true,"href":"https:\/\/aukinkochile.com\/web\/wp-json\/wp\/v2\/product_cat?post=627651"},{"taxonomy":"product_tag","embeddable":true,"href":"https:\/\/aukinkochile.com\/web\/wp-json\/wp\/v2\/product_tag?post=627651"}],"curies":[{"name":"wp","href":"https:\/\/api.w.org\/{rel}","templated":true}]}}