{"id":627579,"date":"2024-02-06T18:43:29","date_gmt":"2024-02-06T18:43:29","guid":{"rendered":"https:\/\/aukinkochile.com\/web\/producto\/colchoneta-200-x-100-cm\/"},"modified":"2025-06-26T16:13:17","modified_gmt":"2025-06-26T16:13:17","slug":"colchoneta-200-x-100-cm","status":"publish","type":"product","link":"https:\/\/aukinkochile.com\/web\/producto\/colchoneta-200-x-100-cm\/","title":{"rendered":"Colchoneta 200 X 100 cm"},"content":{"rendered":"<p>Colchoneta para programas de gimnasia, cubierta de vinil, esponja alta densidad, f\u00e1cil de limpiar, base antideslizante. Excelente calidad y durabilidad. Color azul. (Stock limitado, preguntar por si necesita m\u00e1s de una unidad)<\/p>\n<p><p><strong>Material : <\/strong> Espuma alta densidad cubierta Vinyl<\/p>\n<p><strong>C\u00f3digo Aukinko : <\/strong> 08-7120201<\/p>\n<p><strong>C\u00f3digo Convenio Marco : <\/strong> x<\/p>\n","protected":false},"excerpt":{"rendered":"<p>Colchoneta para programas de gimnasia, cubierta de vinil, esponja alta densidad, f\u00e1cil de limpiar, base antideslizante. Excelente calidad y durabilidad. Color azul. (Stock limitado, preguntar por si necesita m\u00e1s de una unidad) Material : Espuma alta densidad cubierta Vinyl C\u00f3digo Aukinko : 08-7120201 C\u00f3digo Convenio Marco : x<\/p>\n","protected":false},"featured_media":625784,"comment_status":"open","ping_status":"closed","template":"","meta":{"_et_pb_use_builder":"","_et_pb_old_content":"","_et_gb_content_width":""},"product_brand":[],"product_cat":[148,7385,18],"product_tag":[],"class_list":{"0":"post-627579","1":"product","2":"type-product","3":"status-publish","4":"has-post-thumbnail","6":"product_cat-deportes","7":"product_cat-estimulacion-cognitiva-y-motora-para-adultos-mayores","8":"product_cat-motricidad-gruesa","9":"pa_edad-1-a-2-anos","10":"pa_edad-10-anos","11":"pa_edad-2-a-3-anos","12":"pa_edad-3-a-4-anos","13":"pa_edad-4-a-5-anos","14":"pa_edad-5-a-6-anos","15":"pa_edad-6-a-8-anos","16":"pa_edad-8-a-10-anos","17":"pa_marca-wesco","18":"pa_medidas-200-x-100-x-7-cm","20":"first","21":"instock","22":"shipping-taxable","23":"purchasable","24":"product-type-simple"},"aioseo_notices":[],"_links":{"self":[{"href":"https:\/\/aukinkochile.com\/web\/wp-json\/wp\/v2\/product\/627579","targetHints":{"allow":["GET"]}}],"collection":[{"href":"https:\/\/aukinkochile.com\/web\/wp-json\/wp\/v2\/product"}],"about":[{"href":"https:\/\/aukinkochile.com\/web\/wp-json\/wp\/v2\/types\/product"}],"replies":[{"embeddable":true,"href":"https:\/\/aukinkochile.com\/web\/wp-json\/wp\/v2\/comments?post=627579"}],"wp:featuredmedia":[{"embeddable":true,"href":"https:\/\/aukinkochile.com\/web\/wp-json\/wp\/v2\/media\/625784"}],"wp:attachment":[{"href":"https:\/\/aukinkochile.com\/web\/wp-json\/wp\/v2\/media?parent=627579"}],"wp:term":[{"taxonomy":"product_brand","embeddable":true,"href":"https:\/\/aukinkochile.com\/web\/wp-json\/wp\/v2\/product_brand?post=627579"},{"taxonomy":"product_cat","embeddable":true,"href":"https:\/\/aukinkochile.com\/web\/wp-json\/wp\/v2\/product_cat?post=627579"},{"taxonomy":"product_tag","embeddable":true,"href":"https:\/\/aukinkochile.com\/web\/wp-json\/wp\/v2\/product_tag?post=627579"}],"curies":[{"name":"wp","href":"https:\/\/api.w.org\/{rel}","templated":true}]}}