{"id":627510,"date":"2024-02-06T18:43:06","date_gmt":"2024-02-06T18:43:06","guid":{"rendered":"https:\/\/aukinkochile.com\/web\/producto\/matematicas-paletti-program-sumar\/"},"modified":"2026-04-07T16:26:50","modified_gmt":"2026-04-07T16:26:50","slug":"matematicas-paletti-program-sumar","status":"publish","type":"product","link":"https:\/\/aukinkochile.com\/web\/producto\/matematicas-paletti-program-sumar\/","title":{"rendered":"Matem\u00e1ticas Paletti Program Sumar"},"content":{"rendered":"<p>Discos paletti para sumar y restar hasta 12. La recurrente estructura 5-10 ayuda a los estudiantes a desarrollarse en la cuenta aritm\u00e9tica.<\/p>\n<p><p><strong>Material : <\/strong> Cart\u00f3n<\/p>\n<p><strong>C\u00f3digo Aukinko : <\/strong> 07-21612<\/p>\n<p><strong>C\u00f3digo Convenio Marco : <\/strong> x<\/p>\n","protected":false},"excerpt":{"rendered":"<p>Discos paletti para sumar y restar hasta 12. La recurrente estructura 5-10 ayuda a los estudiantes a desarrollarse en la cuenta aritm\u00e9tica. Material : Cart\u00f3n C\u00f3digo Aukinko : 07-21612 C\u00f3digo Convenio Marco : x<\/p>\n","protected":false},"featured_media":627509,"comment_status":"open","ping_status":"closed","template":"","meta":{"_et_pb_use_builder":"","_et_pb_old_content":"","_et_gb_content_width":""},"product_brand":[],"product_cat":[91,90],"product_tag":[],"class_list":{"0":"post-627510","1":"product","2":"type-product","3":"status-publish","4":"has-post-thumbnail","6":"product_cat-accesorios-sala","7":"product_cat-matematicas","8":"pa_edad-6-a-8-anos","9":"pa_edad-8-a-10-anos","10":"pa_marca-spectra","11":"pa_medidas-22-x-22-x-1-cm","13":"first","14":"instock","15":"shipping-taxable","16":"purchasable","17":"product-type-simple"},"aioseo_notices":[],"_links":{"self":[{"href":"https:\/\/aukinkochile.com\/web\/wp-json\/wp\/v2\/product\/627510","targetHints":{"allow":["GET"]}}],"collection":[{"href":"https:\/\/aukinkochile.com\/web\/wp-json\/wp\/v2\/product"}],"about":[{"href":"https:\/\/aukinkochile.com\/web\/wp-json\/wp\/v2\/types\/product"}],"replies":[{"embeddable":true,"href":"https:\/\/aukinkochile.com\/web\/wp-json\/wp\/v2\/comments?post=627510"}],"wp:featuredmedia":[{"embeddable":true,"href":"https:\/\/aukinkochile.com\/web\/wp-json\/wp\/v2\/media\/627509"}],"wp:attachment":[{"href":"https:\/\/aukinkochile.com\/web\/wp-json\/wp\/v2\/media?parent=627510"}],"wp:term":[{"taxonomy":"product_brand","embeddable":true,"href":"https:\/\/aukinkochile.com\/web\/wp-json\/wp\/v2\/product_brand?post=627510"},{"taxonomy":"product_cat","embeddable":true,"href":"https:\/\/aukinkochile.com\/web\/wp-json\/wp\/v2\/product_cat?post=627510"},{"taxonomy":"product_tag","embeddable":true,"href":"https:\/\/aukinkochile.com\/web\/wp-json\/wp\/v2\/product_tag?post=627510"}],"curies":[{"name":"wp","href":"https:\/\/api.w.org\/{rel}","templated":true}]}}