{"id":626993,"date":"2024-01-04T18:45:22","date_gmt":"2024-01-04T18:45:22","guid":{"rendered":"https:\/\/aukinkochile.com\/web\/producto\/microscopio\/"},"modified":"2025-12-04T19:45:14","modified_gmt":"2025-12-04T19:45:14","slug":"microscopio","status":"publish","type":"product","link":"https:\/\/aukinkochile.com\/web\/producto\/microscopio\/","title":{"rendered":"Microscopio"},"content":{"rendered":"<p>Novedoso y entretenido microscopio digital. Para observar micro organismos, seres vivos y clase up de cualquier objeto. F\u00e1cil de capturar y traspasar la imagen y o video al computador. Con lente de magnificaci\u00f3n de 60 x. de gran calidad y dise\u00f1o.<\/p>\n<p><p><strong>Material : <\/strong> Pl\u00e1stico<\/p>\n<p><strong>C\u00f3digo Aukinko : <\/strong> 12-10067<\/p>\n<p><strong>C\u00f3digo Convenio Marco : <\/strong> x<\/p>\n","protected":false},"excerpt":{"rendered":"<p>Novedoso y entretenido microscopio digital. Para observar micro organismos, seres vivos y clase up de cualquier objeto. F\u00e1cil de capturar y traspasar la imagen y o video al computador. Con lente de magnificaci\u00f3n de 60 x. de gran calidad y dise\u00f1o. Material : Pl\u00e1stico C\u00f3digo Aukinko : 12-10067 C\u00f3digo Convenio Marco : x<\/p>\n","protected":false},"featured_media":626992,"comment_status":"open","ping_status":"closed","template":"","meta":{"_et_pb_use_builder":"","_et_pb_old_content":"","_et_gb_content_width":""},"product_brand":[],"product_cat":[92],"product_tag":[],"class_list":{"0":"post-626993","1":"product","2":"type-product","3":"status-publish","4":"has-post-thumbnail","6":"product_cat-ciencias","7":"pa_edad-10-anos","8":"pa_edad-8-a-10-anos","9":"pa_marca-edu-science","10":"pa_medidas-4569","11":"pa_medidas-5-x-11-cm-caja","12":"pa_medidas-5-x-27","14":"first","15":"instock","16":"shipping-taxable","17":"purchasable","18":"product-type-simple"},"aioseo_notices":[],"_links":{"self":[{"href":"https:\/\/aukinkochile.com\/web\/wp-json\/wp\/v2\/product\/626993","targetHints":{"allow":["GET"]}}],"collection":[{"href":"https:\/\/aukinkochile.com\/web\/wp-json\/wp\/v2\/product"}],"about":[{"href":"https:\/\/aukinkochile.com\/web\/wp-json\/wp\/v2\/types\/product"}],"replies":[{"embeddable":true,"href":"https:\/\/aukinkochile.com\/web\/wp-json\/wp\/v2\/comments?post=626993"}],"wp:featuredmedia":[{"embeddable":true,"href":"https:\/\/aukinkochile.com\/web\/wp-json\/wp\/v2\/media\/626992"}],"wp:attachment":[{"href":"https:\/\/aukinkochile.com\/web\/wp-json\/wp\/v2\/media?parent=626993"}],"wp:term":[{"taxonomy":"product_brand","embeddable":true,"href":"https:\/\/aukinkochile.com\/web\/wp-json\/wp\/v2\/product_brand?post=626993"},{"taxonomy":"product_cat","embeddable":true,"href":"https:\/\/aukinkochile.com\/web\/wp-json\/wp\/v2\/product_cat?post=626993"},{"taxonomy":"product_tag","embeddable":true,"href":"https:\/\/aukinkochile.com\/web\/wp-json\/wp\/v2\/product_tag?post=626993"}],"curies":[{"name":"wp","href":"https:\/\/api.w.org\/{rel}","templated":true}]}}