{"id":625584,"date":"2023-11-15T19:32:35","date_gmt":"2023-11-15T19:32:35","guid":{"rendered":"https:\/\/aukinkochile.com\/web\/producto\/pizarra-magnetica-cuerpo-humano\/"},"modified":"2024-12-16T16:34:42","modified_gmt":"2024-12-16T16:34:42","slug":"pizarra-magnetica-cuerpo-humano","status":"publish","type":"product","link":"https:\/\/aukinkochile.com\/web\/producto\/pizarra-magnetica-cuerpo-humano\/","title":{"rendered":"Pizarra Magn\u00e9tica Cuerpo Humano"},"content":{"rendered":"<p>Este hermoso juego es una herramienta educativa y cautivadora dise\u00f1ada para hacer que el aprendizaje de la anatom\u00eda humana sea una experiencia fascinante para los m\u00e1s peque\u00f1os. Una excelente referencia visual que facilita la introducci\u00f3n de los ni\u00f1os a las complejidades del cuerpo humano. Incluye partes del cuerpo magn\u00e9ticas que se pueden colocar y reorganizar, ofreciendo un enfoque pr\u00e1ctico e interactivo para comprender la anatom\u00eda y una variedad de tarjetas de referencia sobre el esqueleto, los \u00f3rganos, el cuerpo en s\u00ed y los m\u00fasculos. Un juego con el que ni\u00f1os y ni\u00f1as pueden explorar y apreciar la complejidad del cuerpo humano mientras se divierten ensamblando y desensamblando los componentes magn\u00e9ticos. Una fant\u00e1stica herramienta educativa que fomenta la curiosidad, la comprensi\u00f3n y un inter\u00e9s de por vida en la ciencia y la biolog\u00eda.<\/p>\n<p><p><strong>Material : <\/strong> Madera<\/p>\n<p><strong>C\u00f3digo Aukinko : <\/strong> 17-91842 <\/p>\n<p><strong>C\u00f3digo Convenio Marco : <\/strong> x<\/p>\n","protected":false},"excerpt":{"rendered":"<p>Este hermoso juego es una herramienta educativa y cautivadora dise\u00f1ada para hacer que el aprendizaje de la anatom\u00eda humana sea una experiencia fascinante para los m\u00e1s peque\u00f1os. Una excelente referencia visual que facilita la introducci\u00f3n de los ni\u00f1os a las complejidades del cuerpo humano. Incluye partes del cuerpo magn\u00e9ticas que se pueden colocar y reorganizar, [&hellip;]<\/p>\n","protected":false},"featured_media":625583,"comment_status":"open","ping_status":"closed","template":"","meta":{"_et_pb_use_builder":"","_et_pb_old_content":"","_et_gb_content_width":""},"product_brand":[],"product_cat":[91,150,92],"product_tag":[],"class_list":{"0":"post-625584","1":"product","2":"type-product","3":"status-publish","4":"has-post-thumbnail","6":"product_cat-accesorios-sala","7":"product_cat-asociacion-y-logica","8":"product_cat-ciencias","9":"pa_edad-3-a-4-anos","10":"pa_edad-4-a-5-anos","11":"pa_edad-5-a-6-anos","12":"pa_marca-tooky-toy","13":"pa_medidas-4569","14":"pa_medidas-6-x-1-cm","15":"pa_medidas-8-x-39","17":"first","18":"instock","19":"shipping-taxable","20":"purchasable","21":"product-type-simple"},"aioseo_notices":[],"_links":{"self":[{"href":"https:\/\/aukinkochile.com\/web\/wp-json\/wp\/v2\/product\/625584","targetHints":{"allow":["GET"]}}],"collection":[{"href":"https:\/\/aukinkochile.com\/web\/wp-json\/wp\/v2\/product"}],"about":[{"href":"https:\/\/aukinkochile.com\/web\/wp-json\/wp\/v2\/types\/product"}],"replies":[{"embeddable":true,"href":"https:\/\/aukinkochile.com\/web\/wp-json\/wp\/v2\/comments?post=625584"}],"wp:featuredmedia":[{"embeddable":true,"href":"https:\/\/aukinkochile.com\/web\/wp-json\/wp\/v2\/media\/625583"}],"wp:attachment":[{"href":"https:\/\/aukinkochile.com\/web\/wp-json\/wp\/v2\/media?parent=625584"}],"wp:term":[{"taxonomy":"product_brand","embeddable":true,"href":"https:\/\/aukinkochile.com\/web\/wp-json\/wp\/v2\/product_brand?post=625584"},{"taxonomy":"product_cat","embeddable":true,"href":"https:\/\/aukinkochile.com\/web\/wp-json\/wp\/v2\/product_cat?post=625584"},{"taxonomy":"product_tag","embeddable":true,"href":"https:\/\/aukinkochile.com\/web\/wp-json\/wp\/v2\/product_tag?post=625584"}],"curies":[{"name":"wp","href":"https:\/\/api.w.org\/{rel}","templated":true}]}}