{"id":625560,"date":"2023-11-15T19:32:26","date_gmt":"2023-11-15T19:32:26","guid":{"rendered":"https:\/\/aukinkochile.com\/web\/producto\/pelota-mani-con-actividades\/"},"modified":"2025-06-26T16:16:05","modified_gmt":"2025-06-26T16:16:05","slug":"pelota-mani-con-actividades","status":"publish","type":"product","link":"https:\/\/aukinkochile.com\/web\/producto\/pelota-mani-con-actividades\/","title":{"rendered":"Pelota Man\u00ed con Actividades"},"content":{"rendered":"<p>Pelota gigante con forma de man\u00ed transparente con peque\u00f1as esferas en su interior. Para ejercicios de motricidad intensivos para ser usado tanto individualmente como en grupos.<\/p>\n<p><p><strong>Material : <\/strong> Vinyl<\/p>\n<p><strong>C\u00f3digo Aukinko : <\/strong> 19-18805<\/p>\n<p><strong>C\u00f3digo Convenio Marco : <\/strong> x<\/p>\n","protected":false},"excerpt":{"rendered":"<p>Pelota gigante con forma de man\u00ed transparente con peque\u00f1as esferas en su interior. Para ejercicios de motricidad intensivos para ser usado tanto individualmente como en grupos. Material : Vinyl C\u00f3digo Aukinko : 19-18805 C\u00f3digo Convenio Marco : x<\/p>\n","protected":false},"featured_media":625559,"comment_status":"open","ping_status":"closed","template":"","meta":{"_et_pb_use_builder":"","_et_pb_old_content":"","_et_gb_content_width":""},"product_brand":[],"product_cat":[148,7385,18],"product_tag":[],"class_list":{"0":"post-625560","1":"product","2":"type-product","3":"status-publish","4":"has-post-thumbnail","6":"product_cat-deportes","7":"product_cat-estimulacion-cognitiva-y-motora-para-adultos-mayores","8":"product_cat-motricidad-gruesa","9":"pa_edad-10-anos","10":"pa_edad-3-a-4-anos","11":"pa_edad-4-a-5-anos","12":"pa_edad-5-a-6-anos","13":"pa_edad-6-a-8-anos","14":"pa_edad-8-a-10-anos","15":"pa_marca-gymnic","16":"pa_medidas-90-x-55-cm-diametro","18":"first","19":"instock","20":"shipping-taxable","21":"purchasable","22":"product-type-simple"},"aioseo_notices":[],"_links":{"self":[{"href":"https:\/\/aukinkochile.com\/web\/wp-json\/wp\/v2\/product\/625560","targetHints":{"allow":["GET"]}}],"collection":[{"href":"https:\/\/aukinkochile.com\/web\/wp-json\/wp\/v2\/product"}],"about":[{"href":"https:\/\/aukinkochile.com\/web\/wp-json\/wp\/v2\/types\/product"}],"replies":[{"embeddable":true,"href":"https:\/\/aukinkochile.com\/web\/wp-json\/wp\/v2\/comments?post=625560"}],"wp:featuredmedia":[{"embeddable":true,"href":"https:\/\/aukinkochile.com\/web\/wp-json\/wp\/v2\/media\/625559"}],"wp:attachment":[{"href":"https:\/\/aukinkochile.com\/web\/wp-json\/wp\/v2\/media?parent=625560"}],"wp:term":[{"taxonomy":"product_brand","embeddable":true,"href":"https:\/\/aukinkochile.com\/web\/wp-json\/wp\/v2\/product_brand?post=625560"},{"taxonomy":"product_cat","embeddable":true,"href":"https:\/\/aukinkochile.com\/web\/wp-json\/wp\/v2\/product_cat?post=625560"},{"taxonomy":"product_tag","embeddable":true,"href":"https:\/\/aukinkochile.com\/web\/wp-json\/wp\/v2\/product_tag?post=625560"}],"curies":[{"name":"wp","href":"https:\/\/api.w.org\/{rel}","templated":true}]}}