{"id":623102,"date":"2023-08-18T17:56:07","date_gmt":"2023-08-18T17:56:07","guid":{"rendered":"https:\/\/aukinkochile.com\/web\/producto\/plantillas-filo-set-10\/"},"modified":"2025-04-14T17:36:59","modified_gmt":"2025-04-14T17:36:59","slug":"plantillas-filo-set-10","status":"publish","type":"product","link":"https:\/\/aukinkochile.com\/web\/producto\/plantillas-filo-set-10\/","title":{"rendered":"Plantillas Filo set 10"},"content":{"rendered":"<p>Set de 10 plantillas de pl\u00e1stico filo, para dibujar con cordones. Todo lo que se necesita es deslizar un cord\u00f3n en el bol\u00edgrafo hueco y presionar las ranuras de cierre autom\u00e1tico de el tablero, y as\u00ed empezar a trazar los dise\u00f1os en cadena. Este set solo contiene los 10 tableros, no incluye bol\u00edgrafos ni cordones, foto de cord\u00f3n y bol\u00edgrafo es referencial para ver forma de uso.<\/p>\n<p><p><strong>Material : <\/strong> Pl\u00e1stico y Lana<\/p>\n<p><strong>C\u00f3digo Aukinko : <\/strong> 07-52439<\/p>\n<p><strong>C\u00f3digo Convenio Marco : <\/strong> <\/p>\n","protected":false},"excerpt":{"rendered":"<p>Set de 10 plantillas de pl\u00e1stico filo, para dibujar con cordones. Todo lo que se necesita es deslizar un cord\u00f3n en el bol\u00edgrafo hueco y presionar las ranuras de cierre autom\u00e1tico de el tablero, y as\u00ed empezar a trazar los dise\u00f1os en cadena. Este set solo contiene los 10 tableros, no incluye bol\u00edgrafos ni cordones, [&hellip;]<\/p>\n","protected":false},"featured_media":623101,"comment_status":"open","ping_status":"closed","template":"","meta":{"_et_pb_use_builder":"","_et_pb_old_content":"","_et_gb_content_width":""},"product_brand":[],"product_cat":[91,21,20],"product_tag":[],"class_list":{"0":"post-623102","1":"product","2":"type-product","3":"status-publish","4":"has-post-thumbnail","6":"product_cat-accesorios-sala","7":"product_cat-arte-y-manipulacion","8":"product_cat-motricidad-fina","9":"pa_edad-4-a-5-anos","10":"pa_edad-5-a-6-anos","11":"pa_edad-6-a-8-anos","12":"pa_marca-quercetti","13":"pa_medidas-28-x-19","14":"pa_medidas-5-x-1-cm-c-d-tablero","16":"first","17":"instock","18":"sale","19":"shipping-taxable","20":"purchasable","21":"product-type-simple"},"aioseo_notices":[],"_links":{"self":[{"href":"https:\/\/aukinkochile.com\/web\/wp-json\/wp\/v2\/product\/623102","targetHints":{"allow":["GET"]}}],"collection":[{"href":"https:\/\/aukinkochile.com\/web\/wp-json\/wp\/v2\/product"}],"about":[{"href":"https:\/\/aukinkochile.com\/web\/wp-json\/wp\/v2\/types\/product"}],"replies":[{"embeddable":true,"href":"https:\/\/aukinkochile.com\/web\/wp-json\/wp\/v2\/comments?post=623102"}],"wp:featuredmedia":[{"embeddable":true,"href":"https:\/\/aukinkochile.com\/web\/wp-json\/wp\/v2\/media\/623101"}],"wp:attachment":[{"href":"https:\/\/aukinkochile.com\/web\/wp-json\/wp\/v2\/media?parent=623102"}],"wp:term":[{"taxonomy":"product_brand","embeddable":true,"href":"https:\/\/aukinkochile.com\/web\/wp-json\/wp\/v2\/product_brand?post=623102"},{"taxonomy":"product_cat","embeddable":true,"href":"https:\/\/aukinkochile.com\/web\/wp-json\/wp\/v2\/product_cat?post=623102"},{"taxonomy":"product_tag","embeddable":true,"href":"https:\/\/aukinkochile.com\/web\/wp-json\/wp\/v2\/product_tag?post=623102"}],"curies":[{"name":"wp","href":"https:\/\/api.w.org\/{rel}","templated":true}]}}