{"id":623011,"date":"2023-07-25T17:03:59","date_gmt":"2023-07-25T17:03:59","guid":{"rendered":"https:\/\/aukinkochile.com\/web\/producto\/banda-elastica-color\/"},"modified":"2024-05-23T14:56:10","modified_gmt":"2024-05-23T14:56:10","slug":"banda-elastica-color","status":"publish","type":"product","link":"https:\/\/aukinkochile.com\/web\/producto\/banda-elastica-color\/","title":{"rendered":"Banda El\u00e1stica Color"},"content":{"rendered":"<p>Banda el\u00e1stica confeccionada en lycra elasticada res\u00edstete y de buena calidad. Permite el desarrollo de ejercicios de flexibilidad y fuerza. Colores\u00a0surtidos.<\/p>\n<p><p><strong>Material : <\/strong> LYCRA<\/p>\n<p><strong>C\u00f3digo Aukinko : <\/strong> 16-1024<\/p>\n<p><strong>C\u00f3digo Convenio Marco : <\/strong> <\/p>\n","protected":false},"excerpt":{"rendered":"<p>Banda el\u00e1stica confeccionada en lycra elasticada res\u00edstete y de buena calidad. Permite el desarrollo de ejercicios de flexibilidad y fuerza. Colores\u00a0surtidos. Material : LYCRA C\u00f3digo Aukinko : 16-1024 C\u00f3digo Convenio Marco :<\/p>\n","protected":false},"featured_media":623010,"comment_status":"open","ping_status":"closed","template":"","meta":{"_et_pb_use_builder":"","_et_pb_old_content":"","_et_gb_content_width":""},"product_brand":[],"product_cat":[148,18],"product_tag":[],"class_list":{"0":"post-623011","1":"product","2":"type-product","3":"status-publish","4":"has-post-thumbnail","6":"product_cat-deportes","7":"product_cat-motricidad-gruesa","8":"pa_edad-10-anos","9":"pa_edad-5-a-6-anos","10":"pa_edad-6-a-8-anos","11":"pa_edad-8-a-10-anos","12":"pa_marca-aukinko","13":"pa_medidas-91-x-15-cm-material-extendido-190-x-15-cm","15":"first","16":"instock","17":"shipping-taxable","18":"purchasable","19":"product-type-simple"},"aioseo_notices":[],"_links":{"self":[{"href":"https:\/\/aukinkochile.com\/web\/wp-json\/wp\/v2\/product\/623011","targetHints":{"allow":["GET"]}}],"collection":[{"href":"https:\/\/aukinkochile.com\/web\/wp-json\/wp\/v2\/product"}],"about":[{"href":"https:\/\/aukinkochile.com\/web\/wp-json\/wp\/v2\/types\/product"}],"replies":[{"embeddable":true,"href":"https:\/\/aukinkochile.com\/web\/wp-json\/wp\/v2\/comments?post=623011"}],"wp:featuredmedia":[{"embeddable":true,"href":"https:\/\/aukinkochile.com\/web\/wp-json\/wp\/v2\/media\/623010"}],"wp:attachment":[{"href":"https:\/\/aukinkochile.com\/web\/wp-json\/wp\/v2\/media?parent=623011"}],"wp:term":[{"taxonomy":"product_brand","embeddable":true,"href":"https:\/\/aukinkochile.com\/web\/wp-json\/wp\/v2\/product_brand?post=623011"},{"taxonomy":"product_cat","embeddable":true,"href":"https:\/\/aukinkochile.com\/web\/wp-json\/wp\/v2\/product_cat?post=623011"},{"taxonomy":"product_tag","embeddable":true,"href":"https:\/\/aukinkochile.com\/web\/wp-json\/wp\/v2\/product_tag?post=623011"}],"curies":[{"name":"wp","href":"https:\/\/api.w.org\/{rel}","templated":true}]}}