{"id":622894,"date":"2023-07-05T20:02:58","date_gmt":"2023-07-05T20:02:58","guid":{"rendered":"https:\/\/aukinkochile.com\/web\/producto\/maquina-de-coser\/"},"modified":"2024-05-02T18:25:40","modified_gmt":"2024-05-02T18:25:40","slug":"maquina-de-coser","status":"publish","type":"product","link":"https:\/\/aukinkochile.com\/web\/producto\/maquina-de-coser\/","title":{"rendered":"Maquina De Coser"},"content":{"rendered":"<p>Hermosa m\u00e1quina de coser con accesorios para pasar horas de diversi\u00f3n aprendiendo a coser como un verdadero costurero. Incluye un pedal para coser como las m\u00e1quinas reales, hilo inferior y superior, y dos niveles de velocidad. Los peque\u00f1os y peque\u00f1as costureras aprender\u00e1n a utilizar la m\u00e1quina de coser desde una edad temprana desarrollando su motricidad fina, la coordinaci\u00f3n mano-ojo y la creatividad. Contiene m\u00e1quina de coser con pedal, 1 aguja de repuesto, 4 carretes de hilo y 1 enhebrador. Utiliza 4 pilas AAA no incluidas.<\/p>\n<p><p><strong>Material : <\/strong> Pl\u00e1stico y Metal<\/p>\n<p><strong>C\u00f3digo Aukinko : <\/strong> 08-842402<\/p>\n<p><strong>C\u00f3digo Convenio Marco : <\/strong> x<\/p>\n","protected":false},"excerpt":{"rendered":"<p>Hermosa m\u00e1quina de coser con accesorios para pasar horas de diversi\u00f3n aprendiendo a coser como un verdadero costurero. Incluye un pedal para coser como las m\u00e1quinas reales, hilo inferior y superior, y dos niveles de velocidad. Los peque\u00f1os y peque\u00f1as costureras aprender\u00e1n a utilizar la m\u00e1quina de coser desde una edad temprana desarrollando su motricidad [&hellip;]<\/p>\n","protected":false},"featured_media":622893,"comment_status":"open","ping_status":"closed","template":"","meta":{"_et_pb_use_builder":"","_et_pb_old_content":"","_et_gb_content_width":""},"product_brand":[],"product_cat":[21,20],"product_tag":[],"class_list":{"0":"post-622894","1":"product","2":"type-product","3":"status-publish","4":"has-post-thumbnail","6":"product_cat-arte-y-manipulacion","7":"product_cat-motricidad-fina","8":"pa_edad-10-anos","9":"pa_edad-6-a-8-anos","10":"pa_edad-8-a-10-anos","11":"pa_marca-john","12":"pa_medidas-12-x-21-x-19-cm","14":"first","15":"instock","16":"shipping-taxable","17":"purchasable","18":"product-type-simple"},"aioseo_notices":[],"_links":{"self":[{"href":"https:\/\/aukinkochile.com\/web\/wp-json\/wp\/v2\/product\/622894","targetHints":{"allow":["GET"]}}],"collection":[{"href":"https:\/\/aukinkochile.com\/web\/wp-json\/wp\/v2\/product"}],"about":[{"href":"https:\/\/aukinkochile.com\/web\/wp-json\/wp\/v2\/types\/product"}],"replies":[{"embeddable":true,"href":"https:\/\/aukinkochile.com\/web\/wp-json\/wp\/v2\/comments?post=622894"}],"wp:featuredmedia":[{"embeddable":true,"href":"https:\/\/aukinkochile.com\/web\/wp-json\/wp\/v2\/media\/622893"}],"wp:attachment":[{"href":"https:\/\/aukinkochile.com\/web\/wp-json\/wp\/v2\/media?parent=622894"}],"wp:term":[{"taxonomy":"product_brand","embeddable":true,"href":"https:\/\/aukinkochile.com\/web\/wp-json\/wp\/v2\/product_brand?post=622894"},{"taxonomy":"product_cat","embeddable":true,"href":"https:\/\/aukinkochile.com\/web\/wp-json\/wp\/v2\/product_cat?post=622894"},{"taxonomy":"product_tag","embeddable":true,"href":"https:\/\/aukinkochile.com\/web\/wp-json\/wp\/v2\/product_tag?post=622894"}],"curies":[{"name":"wp","href":"https:\/\/api.w.org\/{rel}","templated":true}]}}