{"id":622871,"date":"2023-07-05T20:02:47","date_gmt":"2023-07-05T20:02:47","guid":{"rendered":"https:\/\/aukinkochile.com\/web\/producto\/figura-super-heroe-gatubela\/"},"modified":"2025-06-25T18:05:27","modified_gmt":"2025-06-25T18:05:27","slug":"figura-super-heroe-gatubela","status":"publish","type":"product","link":"https:\/\/aukinkochile.com\/web\/producto\/figura-super-heroe-gatubela\/","title":{"rendered":"Figura S\u00faper H\u00e9roe Gatubela"},"content":{"rendered":"<p>Figura de s\u00faper h\u00e9roe de pl\u00e1stico resistente, de finos detalles y colores brillantes. Excelente dise\u00f1o. Material seguro y durable.<\/p>\n<p><p><strong>Material : <\/strong> Pl\u00e1stico Duro<\/p>\n<p><strong>C\u00f3digo Aukinko : <\/strong> 07-622552<\/p>\n<p><strong>C\u00f3digo Convenio Marco : <\/strong> x<\/p>\n","protected":false},"excerpt":{"rendered":"<p>Figura de s\u00faper h\u00e9roe de pl\u00e1stico resistente, de finos detalles y colores brillantes. Excelente dise\u00f1o. Material seguro y durable. Material : Pl\u00e1stico Duro C\u00f3digo Aukinko : 07-622552 C\u00f3digo Convenio Marco : x<\/p>\n","protected":false},"featured_media":626767,"comment_status":"open","ping_status":"closed","template":"","meta":{"_et_pb_use_builder":"","_et_pb_old_content":"","_et_gb_content_width":""},"product_brand":[],"product_cat":[212],"product_tag":[],"class_list":{"0":"post-622871","1":"product","2":"type-product","3":"status-publish","4":"has-post-thumbnail","6":"product_cat-munecos-y-figuras","7":"pa_edad-10-anos","8":"pa_edad-3-a-4-anos","9":"pa_edad-4-a-5-anos","10":"pa_edad-5-a-6-anos","11":"pa_edad-6-a-8-anos","12":"pa_edad-8-a-10-anos","13":"pa_marca-schleich","14":"pa_medidas-14-x-8","15":"pa_medidas-5-cm","16":"pa_medidas-5-x-18","18":"first","19":"instock","20":"shipping-taxable","21":"purchasable","22":"product-type-simple"},"aioseo_notices":[],"_links":{"self":[{"href":"https:\/\/aukinkochile.com\/web\/wp-json\/wp\/v2\/product\/622871","targetHints":{"allow":["GET"]}}],"collection":[{"href":"https:\/\/aukinkochile.com\/web\/wp-json\/wp\/v2\/product"}],"about":[{"href":"https:\/\/aukinkochile.com\/web\/wp-json\/wp\/v2\/types\/product"}],"replies":[{"embeddable":true,"href":"https:\/\/aukinkochile.com\/web\/wp-json\/wp\/v2\/comments?post=622871"}],"wp:featuredmedia":[{"embeddable":true,"href":"https:\/\/aukinkochile.com\/web\/wp-json\/wp\/v2\/media\/626767"}],"wp:attachment":[{"href":"https:\/\/aukinkochile.com\/web\/wp-json\/wp\/v2\/media?parent=622871"}],"wp:term":[{"taxonomy":"product_brand","embeddable":true,"href":"https:\/\/aukinkochile.com\/web\/wp-json\/wp\/v2\/product_brand?post=622871"},{"taxonomy":"product_cat","embeddable":true,"href":"https:\/\/aukinkochile.com\/web\/wp-json\/wp\/v2\/product_cat?post=622871"},{"taxonomy":"product_tag","embeddable":true,"href":"https:\/\/aukinkochile.com\/web\/wp-json\/wp\/v2\/product_tag?post=622871"}],"curies":[{"name":"wp","href":"https:\/\/api.w.org\/{rel}","templated":true}]}}