{"id":622769,"date":"2023-06-14T21:55:20","date_gmt":"2023-06-14T21:55:20","guid":{"rendered":"https:\/\/aukinkochile.com\/web\/producto\/martillar-juego-granja\/"},"modified":"2025-11-06T20:08:33","modified_gmt":"2025-11-06T20:08:33","slug":"martillar-juego-granja","status":"publish","type":"product","link":"https:\/\/aukinkochile.com\/web\/producto\/martillar-juego-granja\/","title":{"rendered":"Martillar Juego Granja Madera"},"content":{"rendered":"<p>Divertido juego de martillar dise\u00f1ado para estimular el desarrollo de las habilidades motoras de una forma muy entretenida. Contiene 24 elementos diferentes que generalmente podemos ver en una granja (un granero, un granjero, un tractor, diferentes animales, plantas, etc.) 1 tablero de corcho, un martillo y una caja de tachuelas. Los ni\u00f1os y ni\u00f1as deben poner las figuras de madera en el tablero de corcho siguiendo las instrucciones y completar los desaf\u00edos. Fabricado en material suave y resistente. <\/p>\n<p><p><strong>Material : <\/strong> Madera<\/p>\n<p><strong>C\u00f3digo Aukinko : <\/strong> 18-251606<\/p>\n<p><strong>C\u00f3digo Convenio Marco : <\/strong> x<\/p>\n","protected":false},"excerpt":{"rendered":"<p>Divertido juego de martillar dise\u00f1ado para estimular el desarrollo de las habilidades motoras de una forma muy entretenida. Contiene 24 elementos diferentes que generalmente podemos ver en una granja (un granero, un granjero, un tractor, diferentes animales, plantas, etc.) 1 tablero de corcho, un martillo y una caja de tachuelas. Los ni\u00f1os y ni\u00f1as deben [&hellip;]<\/p>\n","protected":false},"featured_media":625073,"comment_status":"open","ping_status":"closed","template":"","meta":{"_et_pb_use_builder":"","_et_pb_old_content":"","_et_gb_content_width":""},"product_brand":[],"product_cat":[91,21,19,20],"product_tag":[],"class_list":{"0":"post-622769","1":"product","2":"type-product","3":"status-publish","4":"has-post-thumbnail","6":"product_cat-accesorios-sala","7":"product_cat-arte-y-manipulacion","8":"product_cat-construccion","9":"product_cat-motricidad-fina","10":"pa_edad-3-a-4-anos","11":"pa_edad-4-a-5-anos","12":"pa_edad-5-a-6-anos","13":"pa_marca-viga","14":"pa_medidas-4415","15":"pa_medidas-5-cm","16":"pa_medidas-5-x-18-x-4","18":"first","19":"instock","20":"shipping-taxable","21":"purchasable","22":"product-type-simple"},"aioseo_notices":[],"_links":{"self":[{"href":"https:\/\/aukinkochile.com\/web\/wp-json\/wp\/v2\/product\/622769","targetHints":{"allow":["GET"]}}],"collection":[{"href":"https:\/\/aukinkochile.com\/web\/wp-json\/wp\/v2\/product"}],"about":[{"href":"https:\/\/aukinkochile.com\/web\/wp-json\/wp\/v2\/types\/product"}],"replies":[{"embeddable":true,"href":"https:\/\/aukinkochile.com\/web\/wp-json\/wp\/v2\/comments?post=622769"}],"wp:featuredmedia":[{"embeddable":true,"href":"https:\/\/aukinkochile.com\/web\/wp-json\/wp\/v2\/media\/625073"}],"wp:attachment":[{"href":"https:\/\/aukinkochile.com\/web\/wp-json\/wp\/v2\/media?parent=622769"}],"wp:term":[{"taxonomy":"product_brand","embeddable":true,"href":"https:\/\/aukinkochile.com\/web\/wp-json\/wp\/v2\/product_brand?post=622769"},{"taxonomy":"product_cat","embeddable":true,"href":"https:\/\/aukinkochile.com\/web\/wp-json\/wp\/v2\/product_cat?post=622769"},{"taxonomy":"product_tag","embeddable":true,"href":"https:\/\/aukinkochile.com\/web\/wp-json\/wp\/v2\/product_tag?post=622769"}],"curies":[{"name":"wp","href":"https:\/\/api.w.org\/{rel}","templated":true}]}}