{"id":622685,"date":"2023-06-14T21:20:42","date_gmt":"2023-06-14T21:20:42","guid":{"rendered":"https:\/\/aukinkochile.com\/web\/producto\/puzle-madera-4-pz-set-12-con-caja-organizadora\/"},"modified":"2025-11-06T20:08:32","modified_gmt":"2025-11-06T20:08:32","slug":"puzle-madera-4-pz-set-12-con-caja-organizadora","status":"publish","type":"product","link":"https:\/\/aukinkochile.com\/web\/producto\/puzle-madera-4-pz-set-12-con-caja-organizadora\/","title":{"rendered":"Puzle Madera set 12  de 4 pz Caja Organizadora"},"content":{"rendered":"<p>Divertido set de 12 puzles de 4 piezas cada uno fabricados en madera para pasar horas de diversi\u00f3n. Vienen en una caja organizadora para guardarlos f\u00e1cilmente. Cada puzle con hermosas ilustraciones de divertidos animales. De material suave y resistente y colores vivos. Los puzles son juegos que estimulan a los ni\u00f1as y ni\u00f1os en el desarrollo de la coordinaci\u00f3n mano-ojo, el reconocimiento de colores y formas, el pensamiento l\u00f3gico, la concentraci\u00f3n y mucho m\u00e1s. Fabricado en material suave y resistente. <\/p>\n<p><p><strong>Material : <\/strong> Madera<\/p>\n<p><strong>C\u00f3digo Aukinko : <\/strong> 18-251424<\/p>\n<p><strong>C\u00f3digo Convenio Marco : <\/strong> x<\/p>\n","protected":false},"excerpt":{"rendered":"<p>Divertido set de 12 puzles de 4 piezas cada uno fabricados en madera para pasar horas de diversi\u00f3n. Vienen en una caja organizadora para guardarlos f\u00e1cilmente. Cada puzle con hermosas ilustraciones de divertidos animales. De material suave y resistente y colores vivos. Los puzles son juegos que estimulan a los ni\u00f1as y ni\u00f1os en el [&hellip;]<\/p>\n","protected":false},"featured_media":622684,"comment_status":"open","ping_status":"closed","template":"","meta":{"_et_pb_use_builder":"","_et_pb_old_content":"","_et_gb_content_width":""},"product_brand":[],"product_cat":[91,20,22],"product_tag":[],"class_list":{"0":"post-622685","1":"product","2":"type-product","3":"status-publish","4":"has-post-thumbnail","6":"product_cat-accesorios-sala","7":"product_cat-motricidad-fina","8":"product_cat-puzzles","9":"pa_edad-1-a-2-anos","10":"pa_edad-2-a-3-anos","11":"pa_marca-viga","12":"pa_medidas-4336","13":"pa_medidas-5-cm","14":"pa_medidas-5-x-13","15":"pa_medidas-5-x-17","17":"first","18":"instock","19":"shipping-taxable","20":"purchasable","21":"product-type-simple"},"aioseo_notices":[],"_links":{"self":[{"href":"https:\/\/aukinkochile.com\/web\/wp-json\/wp\/v2\/product\/622685","targetHints":{"allow":["GET"]}}],"collection":[{"href":"https:\/\/aukinkochile.com\/web\/wp-json\/wp\/v2\/product"}],"about":[{"href":"https:\/\/aukinkochile.com\/web\/wp-json\/wp\/v2\/types\/product"}],"replies":[{"embeddable":true,"href":"https:\/\/aukinkochile.com\/web\/wp-json\/wp\/v2\/comments?post=622685"}],"wp:featuredmedia":[{"embeddable":true,"href":"https:\/\/aukinkochile.com\/web\/wp-json\/wp\/v2\/media\/622684"}],"wp:attachment":[{"href":"https:\/\/aukinkochile.com\/web\/wp-json\/wp\/v2\/media?parent=622685"}],"wp:term":[{"taxonomy":"product_brand","embeddable":true,"href":"https:\/\/aukinkochile.com\/web\/wp-json\/wp\/v2\/product_brand?post=622685"},{"taxonomy":"product_cat","embeddable":true,"href":"https:\/\/aukinkochile.com\/web\/wp-json\/wp\/v2\/product_cat?post=622685"},{"taxonomy":"product_tag","embeddable":true,"href":"https:\/\/aukinkochile.com\/web\/wp-json\/wp\/v2\/product_tag?post=622685"}],"curies":[{"name":"wp","href":"https:\/\/api.w.org\/{rel}","templated":true}]}}