{"id":622641,"date":"2023-06-14T21:20:25","date_gmt":"2023-06-14T21:20:25","guid":{"rendered":"https:\/\/aukinkochile.com\/web\/producto\/juego-construccion-bloques\/"},"modified":"2025-06-26T16:15:40","modified_gmt":"2025-06-26T16:15:40","slug":"juego-construccion-bloques","status":"publish","type":"product","link":"https:\/\/aukinkochile.com\/web\/producto\/juego-construccion-bloques\/","title":{"rendered":"Juego Construcci\u00f3n Bloques Madera"},"content":{"rendered":"<p>Divertido juego de construcci\u00f3n con algunas variaciones modernas muy entretenidas. Los ni\u00f1os y ni\u00f1as podr\u00e1n experimentar y explorar diferentes combinaciones en sus construcciones, aprender sobre las variadas formas, combinaciones de colores y dise\u00f1os. Incluye una caja de madera, 6 tarjetas dobles y 46 bloques de madera de distintas formas y colores. Un juego para construir las torres que proponen las tarjetas o la que los ni\u00f1os y ni\u00f1as creen con su imaginaci\u00f3n. Este juego estimula la coordinaci\u00f3n mano-ojo, la concentraci\u00f3n, el reconocimiento de colores y formas, la imaginaci\u00f3n, la creatividad y el pensamiento l\u00f3gico. De material suave y resistente y colores vivos.<\/p>\n<p><p><strong>Material : <\/strong> Madera<\/p>\n<p><strong>C\u00f3digo Aukinko : <\/strong> 18-244679<\/p>\n<p><strong>C\u00f3digo Convenio Marco : <\/strong> x<\/p>\n","protected":false},"excerpt":{"rendered":"<p>Divertido juego de construcci\u00f3n con algunas variaciones modernas muy entretenidas. Los ni\u00f1os y ni\u00f1as podr\u00e1n experimentar y explorar diferentes combinaciones en sus construcciones, aprender sobre las variadas formas, combinaciones de colores y dise\u00f1os. Incluye una caja de madera, 6 tarjetas dobles y 46 bloques de madera de distintas formas y colores. Un juego para construir [&hellip;]<\/p>\n","protected":false},"featured_media":622640,"comment_status":"open","ping_status":"closed","template":"","meta":{"_et_pb_use_builder":"","_et_pb_old_content":"","_et_gb_content_width":""},"product_brand":[],"product_cat":[19,7385],"product_tag":[],"class_list":{"0":"post-622641","1":"product","2":"type-product","3":"status-publish","4":"has-post-thumbnail","6":"product_cat-construccion","7":"product_cat-estimulacion-cognitiva-y-motora-para-adultos-mayores","8":"pa_edad-3-a-4-anos","9":"pa_edad-4-a-5-anos","10":"pa_edad-5-a-6-anos","11":"pa_marca-viga","12":"pa_medidas-4343","13":"pa_medidas-5-cm","14":"pa_medidas-8-x-24","15":"pa_medidas-8-x-4","17":"first","18":"instock","19":"shipping-taxable","20":"purchasable","21":"product-type-simple"},"aioseo_notices":[],"_links":{"self":[{"href":"https:\/\/aukinkochile.com\/web\/wp-json\/wp\/v2\/product\/622641","targetHints":{"allow":["GET"]}}],"collection":[{"href":"https:\/\/aukinkochile.com\/web\/wp-json\/wp\/v2\/product"}],"about":[{"href":"https:\/\/aukinkochile.com\/web\/wp-json\/wp\/v2\/types\/product"}],"replies":[{"embeddable":true,"href":"https:\/\/aukinkochile.com\/web\/wp-json\/wp\/v2\/comments?post=622641"}],"wp:featuredmedia":[{"embeddable":true,"href":"https:\/\/aukinkochile.com\/web\/wp-json\/wp\/v2\/media\/622640"}],"wp:attachment":[{"href":"https:\/\/aukinkochile.com\/web\/wp-json\/wp\/v2\/media?parent=622641"}],"wp:term":[{"taxonomy":"product_brand","embeddable":true,"href":"https:\/\/aukinkochile.com\/web\/wp-json\/wp\/v2\/product_brand?post=622641"},{"taxonomy":"product_cat","embeddable":true,"href":"https:\/\/aukinkochile.com\/web\/wp-json\/wp\/v2\/product_cat?post=622641"},{"taxonomy":"product_tag","embeddable":true,"href":"https:\/\/aukinkochile.com\/web\/wp-json\/wp\/v2\/product_tag?post=622641"}],"curies":[{"name":"wp","href":"https:\/\/api.w.org\/{rel}","templated":true}]}}