{"id":622635,"date":"2023-06-14T21:20:23","date_gmt":"2023-06-14T21:20:23","guid":{"rendered":"https:\/\/aukinkochile.com\/web\/producto\/puzle-madera-duo-mi-hogar\/"},"modified":"2025-04-22T14:25:11","modified_gmt":"2025-04-22T14:25:11","slug":"puzle-madera-duo-mi-hogar","status":"publish","type":"product","link":"https:\/\/aukinkochile.com\/web\/producto\/puzle-madera-duo-mi-hogar\/","title":{"rendered":"Puzle Madera D\u00fao Mi Hogar"},"content":{"rendered":"<p>En este hermoso puzle los ni\u00f1os y ni\u00f1as deben ayudar a cada animal a llegar a su hogar. Un divertido juego para conocer nuevo vocabulario, desarrollar la concentraci\u00f3n y las habilidades motoras de una forma muy entretenida. A su vez los m\u00e1s peque\u00f1os podr\u00e1n establecer relaciones entre cada animal y su h\u00e1bitat. De material suave y resistente y colores vivos.<\/p>\n<p><p><strong>Material : <\/strong> Madera<\/p>\n<p><strong>C\u00f3digo Aukinko : <\/strong> 18-244675<\/p>\n<p><strong>C\u00f3digo Convenio Marco : <\/strong> x<\/p>\n","protected":false},"excerpt":{"rendered":"<p>En este hermoso puzle los ni\u00f1os y ni\u00f1as deben ayudar a cada animal a llegar a su hogar. Un divertido juego para conocer nuevo vocabulario, desarrollar la concentraci\u00f3n y las habilidades motoras de una forma muy entretenida. A su vez los m\u00e1s peque\u00f1os podr\u00e1n establecer relaciones entre cada animal y su h\u00e1bitat. De material suave [&hellip;]<\/p>\n","protected":false},"featured_media":622634,"comment_status":"open","ping_status":"closed","template":"","meta":{"_et_pb_use_builder":"","_et_pb_old_content":"","_et_gb_content_width":""},"product_brand":[],"product_cat":[20,22],"product_tag":[],"class_list":{"0":"post-622635","1":"product","2":"type-product","3":"status-publish","4":"has-post-thumbnail","6":"product_cat-motricidad-fina","7":"product_cat-puzzles","8":"pa_edad-1-a-2-anos","9":"pa_edad-2-a-3-anos","10":"pa_marca-viga","11":"pa_medidas-4400","12":"pa_medidas-6-cm","13":"pa_medidas-6-x-19-x-4","15":"first","16":"instock","17":"shipping-taxable","18":"purchasable","19":"product-type-simple"},"aioseo_notices":[],"_links":{"self":[{"href":"https:\/\/aukinkochile.com\/web\/wp-json\/wp\/v2\/product\/622635","targetHints":{"allow":["GET"]}}],"collection":[{"href":"https:\/\/aukinkochile.com\/web\/wp-json\/wp\/v2\/product"}],"about":[{"href":"https:\/\/aukinkochile.com\/web\/wp-json\/wp\/v2\/types\/product"}],"replies":[{"embeddable":true,"href":"https:\/\/aukinkochile.com\/web\/wp-json\/wp\/v2\/comments?post=622635"}],"wp:featuredmedia":[{"embeddable":true,"href":"https:\/\/aukinkochile.com\/web\/wp-json\/wp\/v2\/media\/622634"}],"wp:attachment":[{"href":"https:\/\/aukinkochile.com\/web\/wp-json\/wp\/v2\/media?parent=622635"}],"wp:term":[{"taxonomy":"product_brand","embeddable":true,"href":"https:\/\/aukinkochile.com\/web\/wp-json\/wp\/v2\/product_brand?post=622635"},{"taxonomy":"product_cat","embeddable":true,"href":"https:\/\/aukinkochile.com\/web\/wp-json\/wp\/v2\/product_cat?post=622635"},{"taxonomy":"product_tag","embeddable":true,"href":"https:\/\/aukinkochile.com\/web\/wp-json\/wp\/v2\/product_tag?post=622635"}],"curies":[{"name":"wp","href":"https:\/\/api.w.org\/{rel}","templated":true}]}}