{"id":622619,"date":"2023-06-14T21:20:15","date_gmt":"2023-06-14T21:20:15","guid":{"rendered":"https:\/\/aukinkochile.com\/web\/producto\/puzle-madera-duo-profesiones\/"},"modified":"2025-04-22T14:25:09","modified_gmt":"2025-04-22T14:25:09","slug":"puzle-madera-duo-profesiones","status":"publish","type":"product","link":"https:\/\/aukinkochile.com\/web\/producto\/puzle-madera-duo-profesiones\/","title":{"rendered":"Puzle Madera D\u00fao Profesiones"},"content":{"rendered":"<p>Divertido set de puzles de 24 piezas en el que ni\u00f1os y ni\u00f1as podr\u00e1n explorar 8 diferentes profesiones. Una entretenida forma de aprender nuevo vocabulario, desarrollar habilidades motrices y concentraci\u00f3n en la primera infancia. Estimula el desarrollo del pensamiento l\u00f3gico creando asociaciones y relacionando im\u00e1genes. De material suave y resistente y colores vivos. <\/p>\n<p><p><strong>Material : <\/strong> Madera<\/p>\n<p><strong>C\u00f3digo Aukinko : <\/strong> 18-244650<\/p>\n<p><strong>C\u00f3digo Convenio Marco : <\/strong> x<\/p>\n","protected":false},"excerpt":{"rendered":"<p>Divertido set de puzles de 24 piezas en el que ni\u00f1os y ni\u00f1as podr\u00e1n explorar 8 diferentes profesiones. Una entretenida forma de aprender nuevo vocabulario, desarrollar habilidades motrices y concentraci\u00f3n en la primera infancia. Estimula el desarrollo del pensamiento l\u00f3gico creando asociaciones y relacionando im\u00e1genes. De material suave y resistente y colores vivos. Material : [&hellip;]<\/p>\n","protected":false},"featured_media":622618,"comment_status":"open","ping_status":"closed","template":"","meta":{"_et_pb_use_builder":"","_et_pb_old_content":"","_et_gb_content_width":""},"product_brand":[],"product_cat":[20,22],"product_tag":[],"class_list":{"0":"post-622619","1":"product","2":"type-product","3":"status-publish","4":"has-post-thumbnail","6":"product_cat-motricidad-fina","7":"product_cat-puzzles","8":"pa_edad-1-a-2-anos","9":"pa_edad-2-a-3-anos","10":"pa_marca-viga","11":"pa_medidas-21-x-19-x-4","12":"pa_medidas-5-cm","14":"first","15":"instock","16":"shipping-taxable","17":"purchasable","18":"product-type-simple"},"aioseo_notices":[],"_links":{"self":[{"href":"https:\/\/aukinkochile.com\/web\/wp-json\/wp\/v2\/product\/622619","targetHints":{"allow":["GET"]}}],"collection":[{"href":"https:\/\/aukinkochile.com\/web\/wp-json\/wp\/v2\/product"}],"about":[{"href":"https:\/\/aukinkochile.com\/web\/wp-json\/wp\/v2\/types\/product"}],"replies":[{"embeddable":true,"href":"https:\/\/aukinkochile.com\/web\/wp-json\/wp\/v2\/comments?post=622619"}],"wp:featuredmedia":[{"embeddable":true,"href":"https:\/\/aukinkochile.com\/web\/wp-json\/wp\/v2\/media\/622618"}],"wp:attachment":[{"href":"https:\/\/aukinkochile.com\/web\/wp-json\/wp\/v2\/media?parent=622619"}],"wp:term":[{"taxonomy":"product_brand","embeddable":true,"href":"https:\/\/aukinkochile.com\/web\/wp-json\/wp\/v2\/product_brand?post=622619"},{"taxonomy":"product_cat","embeddable":true,"href":"https:\/\/aukinkochile.com\/web\/wp-json\/wp\/v2\/product_cat?post=622619"},{"taxonomy":"product_tag","embeddable":true,"href":"https:\/\/aukinkochile.com\/web\/wp-json\/wp\/v2\/product_tag?post=622619"}],"curies":[{"name":"wp","href":"https:\/\/api.w.org\/{rel}","templated":true}]}}