{"id":622577,"date":"2023-06-14T21:19:59","date_gmt":"2023-06-14T21:19:59","guid":{"rendered":"https:\/\/aukinkochile.com\/web\/producto\/laboratorio-caja-experimentos\/"},"modified":"2025-11-06T18:44:39","modified_gmt":"2025-11-06T18:44:39","slug":"laboratorio-caja-experimentos","status":"publish","type":"product","link":"https:\/\/aukinkochile.com\/web\/producto\/laboratorio-caja-experimentos\/","title":{"rendered":"Laboratorio Caja Experimentos"},"content":{"rendered":"<p>Divertido set de terribles experimentos para introducir a los m\u00e1s peque\u00f1os y las m\u00e1s peque\u00f1as en el mundo de la ciencia. Estos m\u00e1s de 20 divertidos experimentos explosivos introducen a los ni\u00f1os a los conceptos b\u00e1sicos de la ciencia; experimentos con l\u00edquidos, excavaci\u00f3n de f\u00f3siles, moldeado de un cerebro y mucho m\u00e1s. Un juego educativo que incluye la vestimenta del laboratorio: una divertida bata y lentes de protecci\u00f3n. Recomendado para ni\u00f1os y ni\u00f1as a partir de los 8 a\u00f1os. <\/p>\n<p><p><strong>Material : <\/strong> Cart\u00f3n y Pl\u00e1stico<\/p>\n<p><strong>C\u00f3digo Aukinko : <\/strong> 08-21105590<\/p>\n<p><strong>C\u00f3digo Convenio Marco : <\/strong> x<\/p>\n","protected":false},"excerpt":{"rendered":"<p>Divertido set de terribles experimentos para introducir a los m\u00e1s peque\u00f1os y las m\u00e1s peque\u00f1as en el mundo de la ciencia. Estos m\u00e1s de 20 divertidos experimentos explosivos introducen a los ni\u00f1os a los conceptos b\u00e1sicos de la ciencia; experimentos con l\u00edquidos, excavaci\u00f3n de f\u00f3siles, moldeado de un cerebro y mucho m\u00e1s. Un juego educativo [&hellip;]<\/p>\n","protected":false},"featured_media":622576,"comment_status":"open","ping_status":"closed","template":"","meta":{"_et_pb_use_builder":"","_et_pb_old_content":"","_et_gb_content_width":""},"product_brand":[],"product_cat":[92],"product_tag":[],"class_list":{"0":"post-622577","1":"product","2":"type-product","3":"status-publish","4":"has-post-thumbnail","6":"product_cat-ciencias","7":"pa_edad-10-anos","8":"pa_edad-8-a-10-anos","9":"pa_marca-galt","10":"pa_medidas-4410","11":"pa_medidas-5-x-8-x-39-cm","13":"first","14":"instock","15":"shipping-taxable","16":"purchasable","17":"product-type-simple"},"aioseo_notices":[],"_links":{"self":[{"href":"https:\/\/aukinkochile.com\/web\/wp-json\/wp\/v2\/product\/622577","targetHints":{"allow":["GET"]}}],"collection":[{"href":"https:\/\/aukinkochile.com\/web\/wp-json\/wp\/v2\/product"}],"about":[{"href":"https:\/\/aukinkochile.com\/web\/wp-json\/wp\/v2\/types\/product"}],"replies":[{"embeddable":true,"href":"https:\/\/aukinkochile.com\/web\/wp-json\/wp\/v2\/comments?post=622577"}],"wp:featuredmedia":[{"embeddable":true,"href":"https:\/\/aukinkochile.com\/web\/wp-json\/wp\/v2\/media\/622576"}],"wp:attachment":[{"href":"https:\/\/aukinkochile.com\/web\/wp-json\/wp\/v2\/media?parent=622577"}],"wp:term":[{"taxonomy":"product_brand","embeddable":true,"href":"https:\/\/aukinkochile.com\/web\/wp-json\/wp\/v2\/product_brand?post=622577"},{"taxonomy":"product_cat","embeddable":true,"href":"https:\/\/aukinkochile.com\/web\/wp-json\/wp\/v2\/product_cat?post=622577"},{"taxonomy":"product_tag","embeddable":true,"href":"https:\/\/aukinkochile.com\/web\/wp-json\/wp\/v2\/product_tag?post=622577"}],"curies":[{"name":"wp","href":"https:\/\/api.w.org\/{rel}","templated":true}]}}