{"id":622372,"date":"2023-06-14T20:17:56","date_gmt":"2023-06-14T20:17:56","guid":{"rendered":"https:\/\/aukinkochile.com\/web\/producto\/activity-caja-rana-sorpresa\/"},"modified":"2025-11-06T18:38:08","modified_gmt":"2025-11-06T18:38:08","slug":"activity-caja-rana-sorpresa","status":"publish","type":"product","link":"https:\/\/aukinkochile.com\/web\/producto\/activity-caja-rana-sorpresa\/","title":{"rendered":"Activity Caja Rana Sorpresa"},"content":{"rendered":"<p>Una versi\u00f3n suave y divertida del cl\u00e1sico juguete saltar\u00edn. Levanta la tapa y la rana salta de la caja. El juego se puede repetir una y otra vez. La rana rechinara y traqueteara. La tapa de hoja tiene p\u00e9talos arrugados y diferentes texturas para explorar. Suave y seguro, con tapa extraible y lavable a maquina. 20 cm<\/p>\n<p><p><strong>Material : <\/strong> Genero y Pl\u00e1stico<\/p>\n<p><strong>C\u00f3digo Aukinko : <\/strong> 08-21001137<\/p>\n<p><strong>C\u00f3digo Convenio Marco : <\/strong> x<\/p>\n","protected":false},"excerpt":{"rendered":"<p>Una versi\u00f3n suave y divertida del cl\u00e1sico juguete saltar\u00edn. Levanta la tapa y la rana salta de la caja. El juego se puede repetir una y otra vez. La rana rechinara y traqueteara. La tapa de hoja tiene p\u00e9talos arrugados y diferentes texturas para explorar. Suave y seguro, con tapa extraible y lavable a maquina. [&hellip;]<\/p>\n","protected":false},"featured_media":625204,"comment_status":"open","ping_status":"closed","template":"","meta":{"_et_pb_use_builder":"","_et_pb_old_content":"","_et_gb_content_width":""},"product_brand":[],"product_cat":[23],"product_tag":[],"class_list":{"0":"post-622372","1":"product","2":"type-product","3":"status-publish","4":"has-post-thumbnail","6":"product_cat-primeros-anos","7":"pa_edad-0-a-1-ano","8":"pa_edad-1-a-2-anos","9":"pa_marca-galt","10":"pa_medidas-4400","11":"pa_medidas-32-x-19-x-15","12":"pa_medidas-75-cm-caja","14":"first","15":"instock","16":"shipping-taxable","17":"purchasable","18":"product-type-simple"},"aioseo_notices":[],"_links":{"self":[{"href":"https:\/\/aukinkochile.com\/web\/wp-json\/wp\/v2\/product\/622372","targetHints":{"allow":["GET"]}}],"collection":[{"href":"https:\/\/aukinkochile.com\/web\/wp-json\/wp\/v2\/product"}],"about":[{"href":"https:\/\/aukinkochile.com\/web\/wp-json\/wp\/v2\/types\/product"}],"replies":[{"embeddable":true,"href":"https:\/\/aukinkochile.com\/web\/wp-json\/wp\/v2\/comments?post=622372"}],"wp:featuredmedia":[{"embeddable":true,"href":"https:\/\/aukinkochile.com\/web\/wp-json\/wp\/v2\/media\/625204"}],"wp:attachment":[{"href":"https:\/\/aukinkochile.com\/web\/wp-json\/wp\/v2\/media?parent=622372"}],"wp:term":[{"taxonomy":"product_brand","embeddable":true,"href":"https:\/\/aukinkochile.com\/web\/wp-json\/wp\/v2\/product_brand?post=622372"},{"taxonomy":"product_cat","embeddable":true,"href":"https:\/\/aukinkochile.com\/web\/wp-json\/wp\/v2\/product_cat?post=622372"},{"taxonomy":"product_tag","embeddable":true,"href":"https:\/\/aukinkochile.com\/web\/wp-json\/wp\/v2\/product_tag?post=622372"}],"curies":[{"name":"wp","href":"https:\/\/api.w.org\/{rel}","templated":true}]}}