{"id":622275,"date":"2023-06-06T21:30:41","date_gmt":"2023-06-06T21:30:41","guid":{"rendered":"https:\/\/aukinkochile.com\/web\/producto\/juego-educativo-arbol-con-pajaros\/"},"modified":"2024-11-11T21:10:11","modified_gmt":"2024-11-11T21:10:11","slug":"juego-educativo-arbol-con-pajaros","status":"publish","type":"product","link":"https:\/\/aukinkochile.com\/web\/producto\/juego-educativo-arbol-con-pajaros\/","title":{"rendered":"Juego Educativo \u00c1rbol con P\u00e1jaros"},"content":{"rendered":"<p>Juego preescolar educativo que consiste en encontrar en el \u00e1rbol los elementos que se muestran en la carta antes de que se termine el tiempo. Existen 3 modalidades de juego: 1. Encontrar la Combinaci\u00f3n: Con la casita de madera, se debe encontrar la combinaci\u00f3n de p\u00e1jaros que ha salido en la carta con fondo de color madera, 2. Encontrar las Parejas: Se debe encontrar la pareja del p\u00e1jaro que ha salido en la carta con fondo verde y 3. Juego Libre: Se pueden combinar las dos modalidades anteriores en un \u00fanico juego. Este juego promueve la observaci\u00f3n y la agilidad visual, y ofrece infinitas combinaciones de juego.<\/p>\n<p><p><strong>Material : <\/strong> Madera y Cart\u00f3n<\/p>\n<p><strong>C\u00f3digo Aukinko : <\/strong> 05-755263<\/p>\n<p><strong>C\u00f3digo Convenio Marco : <\/strong> x<\/p>\n","protected":false},"excerpt":{"rendered":"<p>Juego preescolar educativo que consiste en encontrar en el \u00e1rbol los elementos que se muestran en la carta antes de que se termine el tiempo. Existen 3 modalidades de juego: 1. Encontrar la Combinaci\u00f3n: Con la casita de madera, se debe encontrar la combinaci\u00f3n de p\u00e1jaros que ha salido en la carta con fondo de [&hellip;]<\/p>\n","protected":false},"featured_media":623464,"comment_status":"open","ping_status":"closed","template":"","meta":{"_et_pb_use_builder":"","_et_pb_old_content":"","_et_gb_content_width":""},"product_brand":[],"product_cat":[150,149],"product_tag":[],"class_list":{"0":"post-622275","1":"product","2":"type-product","3":"status-publish","4":"has-post-thumbnail","6":"product_cat-asociacion-y-logica","7":"product_cat-juegos-de-mesa","8":"pa_edad-3-a-4-anos","9":"pa_edad-4-a-5-anos","10":"pa_edad-5-a-6-anos","11":"pa_marca-diset","12":"pa_medidas-4415","13":"pa_medidas-5-x-30-cm","14":"pa_medidas-5-x-5","16":"first","17":"instock","18":"shipping-taxable","19":"purchasable","20":"product-type-simple"},"aioseo_notices":[],"_links":{"self":[{"href":"https:\/\/aukinkochile.com\/web\/wp-json\/wp\/v2\/product\/622275","targetHints":{"allow":["GET"]}}],"collection":[{"href":"https:\/\/aukinkochile.com\/web\/wp-json\/wp\/v2\/product"}],"about":[{"href":"https:\/\/aukinkochile.com\/web\/wp-json\/wp\/v2\/types\/product"}],"replies":[{"embeddable":true,"href":"https:\/\/aukinkochile.com\/web\/wp-json\/wp\/v2\/comments?post=622275"}],"wp:featuredmedia":[{"embeddable":true,"href":"https:\/\/aukinkochile.com\/web\/wp-json\/wp\/v2\/media\/623464"}],"wp:attachment":[{"href":"https:\/\/aukinkochile.com\/web\/wp-json\/wp\/v2\/media?parent=622275"}],"wp:term":[{"taxonomy":"product_brand","embeddable":true,"href":"https:\/\/aukinkochile.com\/web\/wp-json\/wp\/v2\/product_brand?post=622275"},{"taxonomy":"product_cat","embeddable":true,"href":"https:\/\/aukinkochile.com\/web\/wp-json\/wp\/v2\/product_cat?post=622275"},{"taxonomy":"product_tag","embeddable":true,"href":"https:\/\/aukinkochile.com\/web\/wp-json\/wp\/v2\/product_tag?post=622275"}],"curies":[{"name":"wp","href":"https:\/\/api.w.org\/{rel}","templated":true}]}}