{"id":615126,"date":"2023-03-17T15:19:24","date_gmt":"2023-03-17T15:19:24","guid":{"rendered":"https:\/\/aukinkochile.com\/web\/producto\/pelota-soplido\/"},"modified":"2023-10-19T19:58:01","modified_gmt":"2023-10-19T19:58:01","slug":"pelota-soplido","status":"publish","type":"product","link":"https:\/\/aukinkochile.com\/web\/producto\/pelota-soplido\/","title":{"rendered":"Pelota Soplido"},"content":{"rendered":"<p>Hecho de material no toxico y ecol\u00f3gico. Juego de soplar bolas. Usa tu respiraci\u00f3n para mantener la bola flotando en el aire! Coloque una bola en el anillo de madera del soplador de bolas, sople en el palo y luego vea cuanto tiempo puede mantener la bola a flote. Para juegos de inteligencia, para diversi\u00f3n familiar, juegos en interiores y exteriores, diversi\u00f3n en fiestas, etc. Tambi\u00e9n es una herramienta divertida para que se use para fortalecer la capacidad pulmonar y mejorar la boca y la cara para la producci\u00f3n del habla. (stock limitado, preguntar por si necesita mas de una unidad).<\/p>\n<p><p><strong>Material : <\/strong> MADERA Y PLASTICO<\/p>\n<p><strong>C\u00f3digo Aukinko : <\/strong> 16-4117<\/p>\n<p><strong>C\u00f3digo Convenio Marco : <\/strong> <\/p>\n","protected":false},"excerpt":{"rendered":"<p>Hecho de material no toxico y ecol\u00f3gico. Juego de soplar bolas. Usa tu respiraci\u00f3n para mantener la bola flotando en el aire! Coloque una bola en el anillo de madera del soplador de bolas, sople en el palo y luego vea cuanto tiempo puede mantener la bola a flote. Para juegos de inteligencia, para diversi\u00f3n [&hellip;]<\/p>\n","protected":false},"featured_media":615125,"comment_status":"open","ping_status":"closed","template":"","meta":{"_et_pb_use_builder":"","_et_pb_old_content":"","_et_gb_content_width":""},"product_brand":[],"product_cat":[91],"product_tag":[],"class_list":{"0":"post-615126","1":"product","2":"type-product","3":"status-publish","4":"has-post-thumbnail","6":"product_cat-accesorios-sala","7":"pa_edad-10-anos","8":"pa_edad-2-a-3-anos","9":"pa_edad-3-a-4-anos","10":"pa_edad-4-a-5-anos","11":"pa_edad-5-a-6-anos","12":"pa_edad-6-a-8-anos","13":"pa_edad-8-a-10-anos","14":"pa_marca-aukinko","15":"pa_medidas-15-x-8-cm","17":"first","18":"instock","19":"shipping-taxable","20":"purchasable","21":"product-type-simple"},"aioseo_notices":[],"_links":{"self":[{"href":"https:\/\/aukinkochile.com\/web\/wp-json\/wp\/v2\/product\/615126","targetHints":{"allow":["GET"]}}],"collection":[{"href":"https:\/\/aukinkochile.com\/web\/wp-json\/wp\/v2\/product"}],"about":[{"href":"https:\/\/aukinkochile.com\/web\/wp-json\/wp\/v2\/types\/product"}],"replies":[{"embeddable":true,"href":"https:\/\/aukinkochile.com\/web\/wp-json\/wp\/v2\/comments?post=615126"}],"wp:featuredmedia":[{"embeddable":true,"href":"https:\/\/aukinkochile.com\/web\/wp-json\/wp\/v2\/media\/615125"}],"wp:attachment":[{"href":"https:\/\/aukinkochile.com\/web\/wp-json\/wp\/v2\/media?parent=615126"}],"wp:term":[{"taxonomy":"product_brand","embeddable":true,"href":"https:\/\/aukinkochile.com\/web\/wp-json\/wp\/v2\/product_brand?post=615126"},{"taxonomy":"product_cat","embeddable":true,"href":"https:\/\/aukinkochile.com\/web\/wp-json\/wp\/v2\/product_cat?post=615126"},{"taxonomy":"product_tag","embeddable":true,"href":"https:\/\/aukinkochile.com\/web\/wp-json\/wp\/v2\/product_tag?post=615126"}],"curies":[{"name":"wp","href":"https:\/\/api.w.org\/{rel}","templated":true}]}}