{"id":610979,"date":"2023-01-31T22:35:23","date_gmt":"2023-01-31T22:35:23","guid":{"rendered":"https:\/\/aukinkochile.com\/web\/producto\/bandana-pirata\/"},"modified":"2024-04-29T20:50:08","modified_gmt":"2024-04-29T20:50:08","slug":"bandana-pirata","status":"publish","type":"product","link":"https:\/\/aukinkochile.com\/web\/producto\/bandana-pirata\/","title":{"rendered":"Disfraz Sombrero Carnaval Bandana"},"content":{"rendered":"<p>Sombrero de carnaval bandana pirata se ajusta con velcro a cualquier cabeza. Lavar a 30 \u00ba, libres de colorantes para minimizar riesgo de alergias. Excelente calidad y dise\u00f1o. (Stock limitado, preguntar por si necesita mas de una unidad)<\/p>\n<p><p><strong>Material : <\/strong> Genero<\/p>\n<p><strong>C\u00f3digo Aukinko : <\/strong> 08-7152894<\/p>\n<p><strong>C\u00f3digo Convenio Marco : <\/strong> x<\/p>\n","protected":false},"excerpt":{"rendered":"<p>Sombrero de carnaval bandana pirata se ajusta con velcro a cualquier cabeza. Lavar a 30 \u00ba, libres de colorantes para minimizar riesgo de alergias. Excelente calidad y dise\u00f1o. (Stock limitado, preguntar por si necesita mas de una unidad) Material : Genero C\u00f3digo Aukinko : 08-7152894 C\u00f3digo Convenio Marco : x<\/p>\n","protected":false},"featured_media":610978,"comment_status":"open","ping_status":"closed","template":"","meta":{"_et_pb_use_builder":"","_et_pb_old_content":"","_et_gb_content_width":""},"product_brand":[],"product_cat":[91,17],"product_tag":[],"class_list":{"0":"post-610979","1":"product","2":"type-product","3":"status-publish","4":"has-post-thumbnail","6":"product_cat-accesorios-sala","7":"product_cat-juegos-de-rol","8":"pa_edad-2-a-3-anos","9":"pa_edad-3-a-4-anos","10":"pa_edad-4-a-5-anos","11":"pa_edad-5-a-6-anos","12":"pa_marca-wesco","13":"pa_medidas-talla-regulable-por-velcro","15":"first","16":"instock","17":"shipping-taxable","18":"purchasable","19":"product-type-simple"},"aioseo_notices":[],"_links":{"self":[{"href":"https:\/\/aukinkochile.com\/web\/wp-json\/wp\/v2\/product\/610979","targetHints":{"allow":["GET"]}}],"collection":[{"href":"https:\/\/aukinkochile.com\/web\/wp-json\/wp\/v2\/product"}],"about":[{"href":"https:\/\/aukinkochile.com\/web\/wp-json\/wp\/v2\/types\/product"}],"replies":[{"embeddable":true,"href":"https:\/\/aukinkochile.com\/web\/wp-json\/wp\/v2\/comments?post=610979"}],"wp:featuredmedia":[{"embeddable":true,"href":"https:\/\/aukinkochile.com\/web\/wp-json\/wp\/v2\/media\/610978"}],"wp:attachment":[{"href":"https:\/\/aukinkochile.com\/web\/wp-json\/wp\/v2\/media?parent=610979"}],"wp:term":[{"taxonomy":"product_brand","embeddable":true,"href":"https:\/\/aukinkochile.com\/web\/wp-json\/wp\/v2\/product_brand?post=610979"},{"taxonomy":"product_cat","embeddable":true,"href":"https:\/\/aukinkochile.com\/web\/wp-json\/wp\/v2\/product_cat?post=610979"},{"taxonomy":"product_tag","embeddable":true,"href":"https:\/\/aukinkochile.com\/web\/wp-json\/wp\/v2\/product_tag?post=610979"}],"curies":[{"name":"wp","href":"https:\/\/api.w.org\/{rel}","templated":true}]}}