{"id":604198,"date":"2022-11-24T18:39:52","date_gmt":"2022-11-24T18:39:52","guid":{"rendered":"https:\/\/aukinkochile.com\/web\/producto\/modelo-dientes-c-cepillo-grande\/"},"modified":"2025-12-04T19:45:12","modified_gmt":"2025-12-04T19:45:12","slug":"modelo-dientes-c-cepillo-grande","status":"publish","type":"product","link":"https:\/\/aukinkochile.com\/web\/producto\/modelo-dientes-c-cepillo-grande\/","title":{"rendered":"Modelo Dientes c\/ Cepillo Grande"},"content":{"rendered":"<p>Modelo completo de la dentadura. Dientes gigantes para su aprendizaje. Cepillo de dientes gigante para ense\u00f1ar al ni\u00f1o la higiene bucal. De excelente material y dise\u00f1o. Ideal para educaci\u00f3n dental.<\/p>\n<p><p><strong>Material : <\/strong> Pl\u00e1stico<\/p>\n<p><strong>C\u00f3digo Aukinko : <\/strong> 12-10012<\/p>\n<p><strong>C\u00f3digo Convenio Marco : <\/strong> x<\/p>\n","protected":false},"excerpt":{"rendered":"<p>Modelo completo de la dentadura. Dientes gigantes para su aprendizaje. Cepillo de dientes gigante para ense\u00f1ar al ni\u00f1o la higiene bucal. De excelente material y dise\u00f1o. Ideal para educaci\u00f3n dental. Material : Pl\u00e1stico C\u00f3digo Aukinko : 12-10012 C\u00f3digo Convenio Marco : x<\/p>\n","protected":false},"featured_media":627013,"comment_status":"open","ping_status":"closed","template":"","meta":{"_et_pb_use_builder":"","_et_pb_old_content":"","_et_gb_content_width":""},"product_brand":[],"product_cat":[92],"product_tag":[],"class_list":{"0":"post-604198","1":"product","2":"type-product","3":"status-publish","4":"has-post-thumbnail","6":"product_cat-ciencias","7":"pa_edad-10-anos","8":"pa_edad-8-a-10-anos","9":"pa_marca-edu-science","10":"pa_medidas-4407","11":"pa_medidas-5-x-17-cm","12":"pa_medidas-5-x-7","14":"first","15":"instock","16":"shipping-taxable","17":"purchasable","18":"product-type-simple"},"aioseo_notices":[],"_links":{"self":[{"href":"https:\/\/aukinkochile.com\/web\/wp-json\/wp\/v2\/product\/604198","targetHints":{"allow":["GET"]}}],"collection":[{"href":"https:\/\/aukinkochile.com\/web\/wp-json\/wp\/v2\/product"}],"about":[{"href":"https:\/\/aukinkochile.com\/web\/wp-json\/wp\/v2\/types\/product"}],"replies":[{"embeddable":true,"href":"https:\/\/aukinkochile.com\/web\/wp-json\/wp\/v2\/comments?post=604198"}],"wp:featuredmedia":[{"embeddable":true,"href":"https:\/\/aukinkochile.com\/web\/wp-json\/wp\/v2\/media\/627013"}],"wp:attachment":[{"href":"https:\/\/aukinkochile.com\/web\/wp-json\/wp\/v2\/media?parent=604198"}],"wp:term":[{"taxonomy":"product_brand","embeddable":true,"href":"https:\/\/aukinkochile.com\/web\/wp-json\/wp\/v2\/product_brand?post=604198"},{"taxonomy":"product_cat","embeddable":true,"href":"https:\/\/aukinkochile.com\/web\/wp-json\/wp\/v2\/product_cat?post=604198"},{"taxonomy":"product_tag","embeddable":true,"href":"https:\/\/aukinkochile.com\/web\/wp-json\/wp\/v2\/product_tag?post=604198"}],"curies":[{"name":"wp","href":"https:\/\/api.w.org\/{rel}","templated":true}]}}